--002.schema.config.sql:
INSERT INTO config.bib_source (id, quality, source, transcendant) VALUES 
    (1, 90, oils_i18n_gettext(1, 'oclc', 'cbs', 'source'), FALSE);
INSERT INTO config.bib_source (id, quality, source, transcendant) VALUES 
    (2, 10, oils_i18n_gettext(2, 'System Local', 'cbs', 'source'), FALSE);
INSERT INTO config.bib_source (id, quality, source, transcendant) VALUES 
    (3, 1, oils_i18n_gettext(3, 'Project Gutenberg', 'cbs', 'source'), TRUE);
SELECT SETVAL('config.bib_source_id_seq'::TEXT, 100);

INSERT INTO config.standing (id, value) VALUES (1, oils_i18n_gettext(1, 'Good', 'cst', 'value'));
INSERT INTO config.standing (id, value) VALUES (2, oils_i18n_gettext(2, 'Barred', 'cst', 'value'));
SELECT SETVAL('config.standing_id_seq'::TEXT, 100);

INSERT INTO config.metabib_class ( name, label ) VALUES ( 'identifier', oils_i18n_gettext('identifier', 'Identifier', 'cmc', 'name') );
INSERT INTO config.metabib_class ( name, label ) VALUES ( 'keyword', oils_i18n_gettext('keyword', 'Keyword', 'cmc', 'name') );
INSERT INTO config.metabib_class ( name, label ) VALUES ( 'title', oils_i18n_gettext('title', 'Title', 'cmc', 'name') );
INSERT INTO config.metabib_class ( name, label ) VALUES ( 'author', oils_i18n_gettext('author', 'Author', 'cmc', 'name') );
INSERT INTO config.metabib_class ( name, label ) VALUES ( 'subject', oils_i18n_gettext('subject', 'Subject', 'cmc', 'name') );
INSERT INTO config.metabib_class ( name, label ) VALUES ( 'series', oils_i18n_gettext('series', 'Series', 'cmc', 'name') );

-- some more from 002.schema.config.sql:
INSERT INTO config.xml_transform VALUES ( 'marcxml', 'http://www.loc.gov/MARC21/slim', 'marc', '---' );
INSERT INTO config.xml_transform VALUES ( 'mods', 'http://www.loc.gov/mods/', 'mods', '');
INSERT INTO config.xml_transform VALUES ( 'mods3', 'http://www.loc.gov/mods/v3', 'mods3', '');
INSERT INTO config.xml_transform VALUES ( 'mods32', 'http://www.loc.gov/mods/v3', 'mods32', '');
INSERT INTO config.xml_transform VALUES ( 'mods33', 'http://www.loc.gov/mods/v3', 'mods33', '');
INSERT INTO config.xml_transform VALUES ( 'marc21expand880', 'http://www.loc.gov/MARC21/slim', 'marc', '' );

INSERT INTO config.metabib_field ( id, field_class, name, label, format, xpath, facet_field ) VALUES 
    (1, 'series', 'seriestitle', oils_i18n_gettext(1, 'Series Title', 'cmf', 'label'), 'mods32', $$//mods32:mods/mods32:relatedItem[@type="series"]/mods32:titleInfo$$, TRUE );

INSERT INTO config.metabib_field ( id, field_class, name, label, format, xpath ) VALUES 
    (2, 'title', 'abbreviated', oils_i18n_gettext(2, 'Abbreviated Title', 'cmf', 'label'), 'mods32', $$//mods32:mods/mods32:titleInfo[mods32:title and (@type='abbreviated')]$$ );
INSERT INTO config.metabib_field ( id, field_class, name, label, format, xpath ) VALUES 
    (3, 'title', 'translated', oils_i18n_gettext(3, 'Translated Title', 'cmf', 'label'), 'mods32', $$//mods32:mods/mods32:titleInfo[mods32:title and (@type='translated')]$$ );
INSERT INTO config.metabib_field ( id, field_class, name, label, format, xpath ) VALUES 
    (4, 'title', 'alternative', oils_i18n_gettext(4, 'Alternate Title', 'cmf', 'label'), 'mods32', $$//mods32:mods/mods32:titleInfo[mods32:title and (@type='alternative')]$$ );
INSERT INTO config.metabib_field ( id, field_class, name, label, format, xpath ) VALUES 
    (5, 'title', 'uniform', oils_i18n_gettext(5, 'Uniform Title', 'cmf', 'label'), 'mods32', $$//mods32:mods/mods32:titleInfo[mods32:title and (@type='uniform')]$$ );
INSERT INTO config.metabib_field ( id, field_class, name, label, format, xpath ) VALUES 
    (6, 'title', 'proper', oils_i18n_gettext(6, 'Title Proper', 'cmf', 'label'), 'mods32', $$//mods32:mods/mods32:titleInfo[mods32:title and not (@type)]$$ );

INSERT INTO config.metabib_field ( id, field_class, name, label, format, xpath, facet_xpath, facet_field ) VALUES 
    (7, 'author', 'corporate', oils_i18n_gettext(7, 'Corporate Author', 'cmf', 'label'), 'mods32', $$//mods32:mods/mods32:name[@type='corporate' and mods32:role/mods32:roleTerm[text()='creator']]$$, $$//*[local-name()='namePart']$$, TRUE ); -- /* to fool vim */;
INSERT INTO config.metabib_field ( id, field_class, name, label, format, xpath, facet_xpath, facet_field ) VALUES 
    (8, 'author', 'personal', oils_i18n_gettext(8, 'Personal Author', 'cmf', 'label'), 'mods32', $$//mods32:mods/mods32:name[@type='personal' and mods32:role/mods32:roleTerm[text()='creator']]$$, $$//*[local-name()='namePart']$$, TRUE ); -- /* to fool vim */;
INSERT INTO config.metabib_field ( id, field_class, name, label, format, xpath, facet_xpath, facet_field ) VALUES 
    (9, 'author', 'conference', oils_i18n_gettext(9, 'Conference Author', 'cmf', 'label'), 'mods32', $$//mods32:mods/mods32:name[@type='conference' and mods32:role/mods32:roleTerm[text()='creator']]$$, $$//*[local-name()='namePart']$$, TRUE ); -- /* to fool vim */;
INSERT INTO config.metabib_field ( id, field_class, name, label, format, xpath, facet_xpath, facet_field ) VALUES 
    (10, 'author', 'other', oils_i18n_gettext(10, 'Other Author', 'cmf', 'label'), 'mods32', $$//mods32:mods/mods32:name[@type='personal' and not(mods32:role)]$$, $$//*[local-name()='namePart']$$, TRUE ); -- /* to fool vim */;

INSERT INTO config.metabib_field ( id, field_class, name, label, format, xpath, facet_field ) VALUES 
    (11, 'subject', 'geographic', oils_i18n_gettext(11, 'Geographic Subject', 'cmf', 'label'), 'mods32', $$//mods32:mods/mods32:subject/mods32:geographic$$, TRUE );
INSERT INTO config.metabib_field ( id, field_class, name, label, format, xpath, facet_xpath, facet_field ) VALUES 
    (12, 'subject', 'name', oils_i18n_gettext(12, 'Name Subject', 'cmf', 'label'), 'mods32', $$//mods32:mods/mods32:subject/mods32:name$$, $$//*[local-name()='namePart']$$, TRUE ); -- /* to fool vim */;
INSERT INTO config.metabib_field ( id, field_class, name, label, format, xpath, facet_field ) VALUES 
    (13, 'subject', 'temporal', oils_i18n_gettext(13, 'Temporal Subject', 'cmf', 'label'), 'mods32', $$//mods32:mods/mods32:subject/mods32:temporal$$, TRUE );
INSERT INTO config.metabib_field ( id, field_class, name, label, format, xpath, facet_field ) VALUES 
    (14, 'subject', 'topic', oils_i18n_gettext(14, 'Topic Subject', 'cmf', 'label'), 'mods32', $$//mods32:mods/mods32:subject/mods32:topic$$, TRUE );
--INSERT INTO config.metabib_field ( id, field_class, name, format, xpath ) VALUES 
--  ( id, field_class, name, xpath ) VALUES ( 'subject', 'genre', 'mods32', $$//mods32:mods/mods32:genre$$ );
INSERT INTO config.metabib_field ( id, field_class, name, label, format, xpath ) VALUES 
    (15, 'keyword', 'keyword', oils_i18n_gettext(15, 'General Keywords', 'cmf', 'label'), 'mods32', $$//mods32:mods/*[not(local-name()='originInfo')]$$ ); -- /* to fool vim */;
INSERT INTO config.metabib_field ( id, field_class, name, label, format, xpath ) VALUES
    (16, 'subject', 'complete', oils_i18n_gettext(16, 'All Subjects', 'cmf', 'label'), 'mods32', $$//mods32:mods/mods32:subject//text()$$ );

INSERT INTO config.metabib_field ( id, field_class, name, label, format, xpath ) VALUES
    (17, 'identifier', 'accession', oils_i18n_gettext(17, 'Accession Number', 'cmf', 'label'), 'marcxml', $$//marc:controlfield[@tag='001']$$ );
INSERT INTO config.metabib_field ( id, field_class, name, label, format, xpath ) VALUES
    (18, 'identifier', 'isbn', oils_i18n_gettext(18, 'ISBN', 'cmf', 'label'), 'marcxml', $$//marc:datafield[@tag='020']/marc:subfield[@code='a' or @code='z']$$ );
INSERT INTO config.metabib_field ( id, field_class, name, label, format, xpath ) VALUES
    (19, 'identifier', 'issn', oils_i18n_gettext(19, 'ISSN', 'cmf', 'label'), 'marcxml', $$//marc:datafield[@tag='022']/marc:subfield[@code='a' or @code='z']$$ );
INSERT INTO config.metabib_field ( id, field_class, name, label, format, xpath ) VALUES
    (20, 'identifier', 'upc', oils_i18n_gettext(20, 'UPC', 'cmf', 'label'), 'marcxml', $$//marc:datafield[@tag='024' and ind1='1']/marc:subfield[@code='a' or @code='z']$$ );
INSERT INTO config.metabib_field ( id, field_class, name, label, format, xpath ) VALUES
    (21, 'identifier', 'ismn', oils_i18n_gettext(21, 'ISMN', 'cmf', 'label'), 'marcxml', $$//marc:datafield[@tag='024' and ind1='2']/marc:subfield[@code='a' or @code='z']$$ );
INSERT INTO config.metabib_field ( id, field_class, name, label, format, xpath ) VALUES
    (22, 'identifier', 'ean', oils_i18n_gettext(22, 'EAN', 'cmf', 'label'), 'marcxml', $$//marc:datafield[@tag='024' and ind1='3']/marc:subfield[@code='a' or @code='z']$$ );
INSERT INTO config.metabib_field ( id, field_class, name, label, format, xpath ) VALUES
    (23, 'identifier', 'isrc', oils_i18n_gettext(23, 'ISRC', 'cmf', 'label'), 'marcxml', $$//marc:datafield[@tag='024' and ind1='0']/marc:subfield[@code='a' or @code='z']$$ );
INSERT INTO config.metabib_field ( id, field_class, name, label, format, xpath ) VALUES
    (24, 'identifier', 'sici', oils_i18n_gettext(24, 'SICI', 'cmf', 'label'), 'marcxml', $$//marc:datafield[@tag='024' and ind1='4']/marc:subfield[@code='a' or @code='z']$$ );
INSERT INTO config.metabib_field ( id, field_class, name, label, format, xpath ) VALUES
    (25, 'identifier', 'bibcn', oils_i18n_gettext(25, 'Local Free-Text Call Number', 'cmf', 'label'), 'marcxml', $$//marc:datafield[@tag='099']//text()$$ );
INSERT INTO config.metabib_field ( id, field_class, name, label, format, xpath ) VALUES
    (26, 'identifier', 'tcn', oils_i18n_gettext(26, 'Title Control Number', 'cmf', 'label'), 'marcxml', $$//marc:datafield[@tag='901']/marc:subfield[@code='a']$$ );
INSERT INTO config.metabib_field ( id, field_class, name, label, format, xpath ) VALUES
    (27, 'identifier', 'bibid', oils_i18n_gettext(27, 'Internal ID', 'cmf', 'label'), 'marcxml', $$//marc:datafield[@tag='901']/marc:subfield[@code='c']$$ );

SELECT SETVAL('config.metabib_field_id_seq'::TEXT, (SELECT MAX(id) FROM config.metabib_field), TRUE);

INSERT INTO config.metabib_search_alias (alias,field_class) VALUES ('kw','keyword');
INSERT INTO config.metabib_search_alias (alias,field_class) VALUES ('eg.keyword','keyword');
INSERT INTO config.metabib_search_alias (alias,field_class) VALUES ('dc.publisher','keyword');
INSERT INTO config.metabib_search_alias (alias,field_class) VALUES ('bib.subjecttitle','keyword');
INSERT INTO config.metabib_search_alias (alias,field_class) VALUES ('bib.genre','keyword');
INSERT INTO config.metabib_search_alias (alias,field_class) VALUES ('bib.edition','keyword');
INSERT INTO config.metabib_search_alias (alias,field_class) VALUES ('srw.serverchoice','keyword');

INSERT INTO config.metabib_search_alias (alias,field_class) VALUES ('id','identifier');
INSERT INTO config.metabib_search_alias (alias,field_class) VALUES ('dc.identifier','identifier');
INSERT INTO config.metabib_search_alias (alias,field_class,field) VALUES ('eg.isbn','identifier', 18);
INSERT INTO config.metabib_search_alias (alias,field_class,field) VALUES ('eg.issn','identifier', 19);
INSERT INTO config.metabib_search_alias (alias,field_class,field) VALUES ('eg.upc','identifier', 20);
INSERT INTO config.metabib_search_alias (alias,field_class,field) VALUES ('eg.callnumber','identifier', 25);
INSERT INTO config.metabib_search_alias (alias,field_class,field) VALUES ('eg.tcn','identifier', 26);
INSERT INTO config.metabib_search_alias (alias,field_class,field) VALUES ('eg.bibid','identifier', 27);

INSERT INTO config.metabib_search_alias (alias,field_class) VALUES ('au','author');
INSERT INTO config.metabib_search_alias (alias,field_class) VALUES ('name','author');
INSERT INTO config.metabib_search_alias (alias,field_class) VALUES ('creator','author');
INSERT INTO config.metabib_search_alias (alias,field_class) VALUES ('eg.author','author');
INSERT INTO config.metabib_search_alias (alias,field_class) VALUES ('eg.name','author');
INSERT INTO config.metabib_search_alias (alias,field_class) VALUES ('dc.creator','author');
INSERT INTO config.metabib_search_alias (alias,field_class) VALUES ('dc.contributor','author');
INSERT INTO config.metabib_search_alias (alias,field_class) VALUES ('bib.name','author');
INSERT INTO config.metabib_search_alias (alias,field_class,field) VALUES ('bib.namepersonal','author',8);
INSERT INTO config.metabib_search_alias (alias,field_class,field) VALUES ('bib.namepersonalfamily','author',8);
INSERT INTO config.metabib_search_alias (alias,field_class,field) VALUES ('bib.namepersonalgiven','author',8);
INSERT INTO config.metabib_search_alias (alias,field_class,field) VALUES ('bib.namecorporate','author',7);
INSERT INTO config.metabib_search_alias (alias,field_class,field) VALUES ('bib.nameconference','author',9);

INSERT INTO config.metabib_search_alias (alias,field_class) VALUES ('ti','title');
INSERT INTO config.metabib_search_alias (alias,field_class) VALUES ('eg.title','title');
INSERT INTO config.metabib_search_alias (alias,field_class) VALUES ('dc.title','title');
INSERT INTO config.metabib_search_alias (alias,field_class,field) VALUES ('bib.titleabbreviated','title',2);
INSERT INTO config.metabib_search_alias (alias,field_class,field) VALUES ('bib.titleuniform','title',5);
INSERT INTO config.metabib_search_alias (alias,field_class,field) VALUES ('bib.titletranslated','title',3);
INSERT INTO config.metabib_search_alias (alias,field_class,field) VALUES ('bib.titlealternative','title',4);
INSERT INTO config.metabib_search_alias (alias,field_class,field) VALUES ('bib.title','title',2);

INSERT INTO config.metabib_search_alias (alias,field_class) VALUES ('su','subject');
INSERT INTO config.metabib_search_alias (alias,field_class) VALUES ('eg.subject','subject');
INSERT INTO config.metabib_search_alias (alias,field_class) VALUES ('dc.subject','subject');
INSERT INTO config.metabib_search_alias (alias,field_class,field) VALUES ('bib.subjectplace','subject',11);
INSERT INTO config.metabib_search_alias (alias,field_class,field) VALUES ('bib.subjectname','subject',12);
INSERT INTO config.metabib_search_alias (alias,field_class,field) VALUES ('bib.subjectoccupation','subject',16);

INSERT INTO config.metabib_search_alias (alias,field_class) VALUES ('se','series');
INSERT INTO config.metabib_search_alias (alias,field_class) VALUES ('eg.series','series');
INSERT INTO config.metabib_search_alias (alias,field_class,field) VALUES ('bib.titleseries','series',1);


INSERT INTO config.non_cataloged_type ( id, owning_lib, name ) VALUES ( 1, 1, oils_i18n_gettext(1, 'Paperback Book', 'cnct', 'name') );
SELECT SETVAL('config.non_cataloged_type_id_seq'::TEXT, 100);

INSERT INTO config.identification_type ( id, name ) VALUES 
    ( 1, oils_i18n_gettext(1, 'Drivers License', 'cit', 'name') );
INSERT INTO config.identification_type ( id, name ) VALUES 
    ( 2, oils_i18n_gettext(2, 'SSN', 'cit', 'name') );
INSERT INTO config.identification_type ( id, name ) VALUES 
    ( 3, oils_i18n_gettext(3, 'Other', 'cit', 'name') );
SELECT SETVAL('config.identification_type_id_seq'::TEXT, 100);

INSERT INTO config.rule_circ_duration VALUES 
    (1, oils_i18n_gettext(1, '7_days_0_renew', 'crcd', 'name'), '7 days', '7 days', '7 days', 0);
INSERT INTO config.rule_circ_duration VALUES 
    (2, oils_i18n_gettext(2, '28_days_2_renew', 'crcd', 'name'), '28 days', '28 days', '28 days', 2);
INSERT INTO config.rule_circ_duration VALUES 
    (3, oils_i18n_gettext(3, '3_months_0_renew', 'crcd', 'name'), '3 months', '3 months', '3 months', 0);
INSERT INTO config.rule_circ_duration VALUES 
    (4, oils_i18n_gettext(4, '3_days_1_renew', 'crcd', 'name'), '3 days', '3 days', '3 days', 1);
INSERT INTO config.rule_circ_duration VALUES 
    (5, oils_i18n_gettext(5, '2_months_2_renew', 'crcd', 'name'), '2 months', '2 months', '2 months', 2);
INSERT INTO config.rule_circ_duration VALUES 
    (6, oils_i18n_gettext(6, '35_days_1_renew', 'crcd', 'name'), '35 days', '35 days', '35 days', 1);
INSERT INTO config.rule_circ_duration VALUES 
    (7, oils_i18n_gettext(7, '7_days_2_renew', 'crcd', 'name'), '7 days', '7 days', '7 days', 2);
INSERT INTO config.rule_circ_duration VALUES 
    (8, oils_i18n_gettext(8, '1_hour_2_renew', 'crcd', 'name'), '1 hour', '1 hour', '1 hour', 2);
INSERT INTO config.rule_circ_duration VALUES 
    (9, oils_i18n_gettext(9, '28_days_0_renew', 'crcd', 'name'), '28 days', '28 days', '28 days', 0);
INSERT INTO config.rule_circ_duration VALUES 
    (10, oils_i18n_gettext(10, '14_days_2_renew', 'crcd', 'name'), '14 days', '14 days', '14 days', 2);
INSERT INTO config.rule_circ_duration VALUES 
    (11, oils_i18n_gettext(11, 'default', 'crcd', 'name'), '21 days', '14 days', '7 days', 2);
SELECT SETVAL('config.rule_circ_duration_id_seq'::TEXT, 100);

INSERT INTO config.rule_max_fine VALUES 
    (1, oils_i18n_gettext(1, 'default', 'crmf', 'name'), 5.00);
INSERT INTO config.rule_max_fine VALUES 
    (2, oils_i18n_gettext(2, 'overdue_min', 'crmf', 'name'), 5.00);
INSERT INTO config.rule_max_fine VALUES 
    (3, oils_i18n_gettext(3, 'overdue_mid', 'crmf', 'name'), 10.00);
INSERT INTO config.rule_max_fine VALUES 
    (4, oils_i18n_gettext(4, 'overdue_max', 'crmf', 'name'), 100.00);
INSERT INTO config.rule_max_fine VALUES 
    (5, oils_i18n_gettext(5, 'overdue_equip_min', 'crmf', 'name'), 25.00);
INSERT INTO config.rule_max_fine VALUES 
    (6, oils_i18n_gettext(6, 'overdue_equip_mid', 'crmf', 'name'), 25.00);
INSERT INTO config.rule_max_fine VALUES 
    (7, oils_i18n_gettext(7, 'overdue_equip_max', 'crmf', 'name'), 100.00);
SELECT SETVAL('config.rule_max_fine_id_seq'::TEXT, 100);

INSERT INTO config.rule_recurring_fine VALUES 
    (1, oils_i18n_gettext(1, 'default', 'crrf', 'name'), 0.50, 0.10, 0.05, '1 day');
INSERT INTO config.rule_recurring_fine VALUES 
    (2, oils_i18n_gettext(2, '10_cent_per_day', 'crrf', 'name'), 0.50, 0.10, 0.10, '1 day');
INSERT INTO config.rule_recurring_fine VALUES 
    (3, oils_i18n_gettext(3, '50_cent_per_day', 'crrf', 'name'), 0.50, 0.50, 0.50, '1 day');
SELECT SETVAL('config.rule_recurring_fine_id_seq'::TEXT, 100);

INSERT INTO config.rule_age_hold_protect VALUES
	(1, oils_i18n_gettext(1, '3month', 'crahp', 'name'), '3 months', 0);
INSERT INTO config.rule_age_hold_protect VALUES
	(2, oils_i18n_gettext(2, '6month', 'crahp', 'name'), '6 months', 2);
SELECT SETVAL('config.rule_age_hold_protect_id_seq'::TEXT, 100);

INSERT INTO config.copy_status (id,name,holdable,opac_visible) VALUES (0,oils_i18n_gettext(0, 'Available', 'ccs', 'name'),'t','t');
INSERT INTO config.copy_status (id,name,holdable,opac_visible) VALUES (1,oils_i18n_gettext(1, 'Checked out', 'ccs', 'name'),'t','t');
INSERT INTO config.copy_status (id,name) VALUES (2,oils_i18n_gettext(2, 'Bindery', 'ccs', 'name'));
INSERT INTO config.copy_status (id,name) VALUES (3,oils_i18n_gettext(3, 'Lost', 'ccs', 'name'));
INSERT INTO config.copy_status (id,name) VALUES (4,oils_i18n_gettext(4, 'Missing', 'ccs', 'name'));
INSERT INTO config.copy_status (id,name,holdable,opac_visible) VALUES (5,oils_i18n_gettext(5, 'In process', 'ccs', 'name'),'t','t');
INSERT INTO config.copy_status (id,name,holdable,opac_visible) VALUES (6,oils_i18n_gettext(6, 'In transit', 'ccs', 'name'),'t','t');
INSERT INTO config.copy_status (id,name,holdable,opac_visible) VALUES (7,oils_i18n_gettext(7, 'Reshelving', 'ccs', 'name'),'t','t');
INSERT INTO config.copy_status (id,name,holdable,opac_visible) VALUES (8,oils_i18n_gettext(8, 'On holds shelf', 'ccs', 'name'),'t','t');
INSERT INTO config.copy_status (id,name,holdable,opac_visible) VALUES (9,oils_i18n_gettext(9, 'On order', 'ccs', 'name'),'t','t');
INSERT INTO config.copy_status (id,name) VALUES (10,oils_i18n_gettext(10, 'ILL', 'ccs', 'name'));
INSERT INTO config.copy_status (id,name) VALUES (11,oils_i18n_gettext(11, 'Cataloging', 'ccs', 'name'));
INSERT INTO config.copy_status (id,name,opac_visible) VALUES (12,oils_i18n_gettext(12, 'Reserves', 'ccs', 'name'),'t');
INSERT INTO config.copy_status (id,name) VALUES (13,oils_i18n_gettext(13, 'Discard/Weed', 'ccs', 'name'));
INSERT INTO config.copy_status (id,name) VALUES (14,oils_i18n_gettext(14, 'Damaged', 'ccs', 'name'));
INSERT INTO config.copy_status (id,name) VALUES (15,oils_i18n_gettext(15, 'On reservation shelf', 'ccs', 'name'));

SELECT SETVAL('config.copy_status_id_seq'::TEXT, 100);

INSERT INTO config.net_access_level (id, name) VALUES 
    (1, oils_i18n_gettext(1, 'Filtered', 'cnal', 'name'));
INSERT INTO config.net_access_level (id, name) VALUES 
    (2, oils_i18n_gettext(2, 'Unfiltered', 'cnal', 'name'));
INSERT INTO config.net_access_level (id, name) VALUES 
    (3, oils_i18n_gettext(3, 'No Access', 'cnal', 'name'));
SELECT SETVAL('config.net_access_level_id_seq'::TEXT, 100);

INSERT INTO config.audience_map (code, value, description) VALUES 
    ('', oils_i18n_gettext('', 'Unknown or unspecified', 'cam', 'value'), 
	oils_i18n_gettext('', 'The target audience for the item not known or not specified.', 'cam', 'description'));
INSERT INTO config.audience_map (code, value, description) VALUES 
    ('a', oils_i18n_gettext('a', 'Preschool', 'cam', 'value'),
	oils_i18n_gettext('a', 'The item is intended for children, approximate ages 0-5 years.', 'cam', 'description'));
INSERT INTO config.audience_map (code, value, description) VALUES 
    ('b', oils_i18n_gettext('b', 'Primary', 'cam', 'value'),
	oils_i18n_gettext('b', 'The item is intended for children, approximate ages 6-8 years.', 'cam', 'description'));
INSERT INTO config.audience_map (code, value, description) VALUES 
    ('c', oils_i18n_gettext('c', 'Pre-adolescent', 'cam', 'value'),
	oils_i18n_gettext('c', 'The item is intended for young people, approximate ages 9-13 years.', 'cam', 'description'));
INSERT INTO config.audience_map (code, value, description) VALUES 
    ('d', oils_i18n_gettext('d', 'Adolescent', 'cam', 'value'),
    oils_i18n_gettext('d', 'The item is intended for young people, approximate ages 14-17 years.', 'cam', 'description'));
INSERT INTO config.audience_map (code, value, description) VALUES 
    ('e', oils_i18n_gettext('e', 'Adult', 'cam', 'value'),
	oils_i18n_gettext('e', 'The item is intended for adults.', 'cam', 'description'));
INSERT INTO config.audience_map (code, value, description) VALUES 
    ('f', oils_i18n_gettext('f', 'Specialized', 'cam', 'value'),
	oils_i18n_gettext('f', 'The item is aimed at a particular audience and the nature of the presentation makes the item of little interest to another audience.', 'cam', 'description'));
INSERT INTO config.audience_map (code, value, description) VALUES 
    ('g', oils_i18n_gettext('g', 'General', 'cam', 'value'),
	oils_i18n_gettext('g', 'The item is of general interest and not aimed at an audience of a particular intellectual level.', 'cam', 'description'));
INSERT INTO config.audience_map (code, value, description) VALUES 
    ('j', oils_i18n_gettext('j', 'Juvenile', 'cam', 'value'),
	oils_i18n_gettext('j', 'The item is intended for children and young people, approximate ages 0-15 years.', 'cam', 'description'));

INSERT INTO config.lit_form_map (code, value, description) VALUES 
    ('0', oils_i18n_gettext('0', 'Not fiction (not further specified)', 'clfm', 'value'),
	oils_i18n_gettext('0', 'The item is not a work of fiction and no further identification of the literary form is desired', 'clfm', 'description'));
INSERT INTO config.lit_form_map (code, value, description) VALUES 
    ('1', oils_i18n_gettext('1', 'Fiction (not further specified)', 'clfm', 'value'),
	oils_i18n_gettext('1', 'The item is a work of fiction and no further identification of the literary form is desired', 'clfm', 'description'));
INSERT INTO config.lit_form_map (code, value, description) VALUES 
    ('c', oils_i18n_gettext('c', 'Comic strips', 'clfm', 'value'), NULL);
INSERT INTO config.lit_form_map (code, value, description) VALUES 
    ('d', oils_i18n_gettext('d', 'Dramas', 'clfm', 'value'), NULL);
INSERT INTO config.lit_form_map (code, value, description) VALUES 
    ('e', oils_i18n_gettext('e', 'Essays', 'clfm', 'value'), NULL);
INSERT INTO config.lit_form_map (code, value, description) VALUES 
    ('f', oils_i18n_gettext('f', 'Novels', 'clfm', 'value'), NULL);
INSERT INTO config.lit_form_map (code, value, description) VALUES 
    ('h', oils_i18n_gettext('h', 'Humor, satires, etc.', 'clfm', 'value'),
	oils_i18n_gettext('h', 'The item is a humorous work, satire or of similar literary form.', 'clfm', 'description'));
INSERT INTO config.lit_form_map (code, value, description) VALUES 
    ('i', oils_i18n_gettext('i', 'Letters', 'clfm', 'value'),
	oils_i18n_gettext('i', 'The item is a single letter or collection of correspondence.', 'clfm', 'description'));
INSERT INTO config.lit_form_map (code, value, description) VALUES 
    ('j', oils_i18n_gettext('j', 'Short stories', 'clfm', 'value'),
	oils_i18n_gettext('j', 'The item is a short story or collection of short stories.', 'clfm', 'description'));
INSERT INTO config.lit_form_map (code, value, description) VALUES 
    ('m', oils_i18n_gettext('m', 'Mixed forms', 'clfm', 'value'),
	oils_i18n_gettext('m', 'The item is a variety of literary forms (e.g., poetry and short stories).', 'clfm', 'description'));
INSERT INTO config.lit_form_map (code, value, description) VALUES 
    ('p', oils_i18n_gettext('p', 'Poetry', 'clfm', 'value'),
	oils_i18n_gettext('p', 'The item is a poem or collection of poems.', 'clfm', 'description'));
INSERT INTO config.lit_form_map (code, value, description) VALUES 
    ('s', oils_i18n_gettext('s', 'Speeches', 'clfm', 'value'),
	oils_i18n_gettext('s', 'The item is a speech or collection of speeches.', 'clfm', 'description'));
INSERT INTO config.lit_form_map (code, value, description) VALUES 
    ('u', oils_i18n_gettext('u', 'Unknown', 'clfm', 'value'),
	oils_i18n_gettext('u', 'The literary form of the item is unknown.', 'clfm', 'description'));

-- TO-DO: Auto-generate these values from CLDR
-- XXX These are the values used in MARC records ... does that match CLDR, including deprecated languages?
INSERT INTO config.language_map (code, value) VALUES ('aar', oils_i18n_gettext('aar', 'Afar', 'clm', 'value'));
INSERT INTO config.language_map (code, value) VALUES ('abk', oils_i18n_gettext('abk', 'Abkhaz', 'clm', 'value'));
INSERT INTO config.language_map (code, value) VALUES ('ace', oils_i18n_gettext('ace', 'Achinese', 'clm', 'value'));
INSERT INTO config.language_map (code, value) VALUES ('ach', oils_i18n_gettext('ach', 'Acoli', 'clm', 'value'));
INSERT INTO config.language_map (code, value) VALUES ('ada', oils_i18n_gettext('ada', 'Adangme', 'clm', 'value'));
INSERT INTO config.language_map (code, value) VALUES ('ady', oils_i18n_gettext('ady', 'Adygei', 'clm', 'value'));
INSERT INTO config.language_map (code, value) VALUES ('afa', oils_i18n_gettext('afa', 'Afroasiatic (Other)', 'clm', 'value'));
INSERT INTO config.language_map (code, value) VALUES ('afh', oils_i18n_gettext('afh', 'Afrihili (Artificial language)', 'clm', 'value'));
INSERT INTO config.language_map (code, value) VALUES ('afr', oils_i18n_gettext('afr', 'Afrikaans', 'clm', 'value'));
INSERT INTO config.language_map (code, value) VALUES ('-ajm', oils_i18n_gettext('-ajm', 'Aljamía', 'clm', 'value'));
INSERT INTO config.language_map (code, value) VALUES ('aka', oils_i18n_gettext('aka', 'Akan', 'clm', 'value'));
INSERT INTO config.language_map (code, value) VALUES ('akk', oils_i18n_gettext('akk', 'Akkadian', 'clm', 'value'));
INSERT INTO config.language_map (code, value) VALUES ('alb', oils_i18n_gettext('alb', 'Albanian', 'clm', 'value'));
INSERT INTO config.language_map (code, value) VALUES ('ale', oils_i18n_gettext('ale', 'Aleut', 'clm', 'value'));
INSERT INTO config.language_map (code, value) VALUES ('alg', oils_i18n_gettext('alg', 'Algonquian (Other)', 'clm', 'value'));
INSERT INTO config.language_map (code, value) VALUES ('amh', oils_i18n_gettext('amh', 'Amharic', 'clm', 'value'));
INSERT INTO config.language_map (code, value) VALUES ('ang', oils_i18n_gettext('ang', 'English, Old (ca. 450-1100)', 'clm', 'value'));
INSERT INTO config.language_map (code, value) VALUES ('apa', oils_i18n_gettext('apa', 'Apache languages', 'clm', 'value'));
INSERT INTO config.language_map (code, value) VALUES ('ara', oils_i18n_gettext('ara', 'Arabic', 'clm', 'value'));
INSERT INTO config.language_map (code, value) VALUES ('arc', oils_i18n_gettext('arc', 'Aramaic', 'clm', 'value'));
INSERT INTO config.language_map (code, value) VALUES ('arg', oils_i18n_gettext('arg', 'Aragonese Spanish', 'clm', 'value'));
INSERT INTO config.language_map (code, value) VALUES ('arm', oils_i18n_gettext('arm', 'Armenian', 'clm', 'value'));
INSERT INTO config.language_map (code, value) VALUES ('arn', oils_i18n_gettext('arn', 'Mapuche', 'clm', 'value'));
INSERT INTO config.language_map (code, value) VALUES ('arp', oils_i18n_gettext('arp', 'Arapaho', 'clm', 'value'));
INSERT INTO config.language_map (code, value) VALUES ('art', oils_i18n_gettext('art', 'Artificial (Other)', 'clm', 'value'));
INSERT INTO config.language_map (code, value) VALUES ('arw', oils_i18n_gettext('arw', 'Arawak', 'clm', 'value'));
INSERT INTO config.language_map (code, value) VALUES ('asm', oils_i18n_gettext('asm', 'Assamese', 'clm', 'value'));
INSERT INTO config.language_map (code, value) VALUES ('ast', oils_i18n_gettext('ast', 'Bable', 'clm', 'value'));
INSERT INTO config.language_map (code, value) VALUES ('ath', oils_i18n_gettext('ath', 'Athapascan (Other)', 'clm', 'value'));
INSERT INTO config.language_map (code, value) VALUES ('aus', oils_i18n_gettext('aus', 'Australian languages', 'clm', 'value'));
INSERT INTO config.language_map (code, value) VALUES ('ava', oils_i18n_gettext('ava', 'Avaric', 'clm', 'value'));
INSERT INTO config.language_map (code, value) VALUES ('ave', oils_i18n_gettext('ave', 'Avestan', 'clm', 'value'));
INSERT INTO config.language_map (code, value) VALUES ('awa', oils_i18n_gettext('awa', 'Awadhi', 'clm', 'value'));
INSERT INTO config.language_map (code, value) VALUES ('aym', oils_i18n_gettext('aym', 'Aymara', 'clm', 'value'));
INSERT INTO config.language_map (code, value) VALUES ('aze', oils_i18n_gettext('aze', 'Azerbaijani', 'clm', 'value'));
INSERT INTO config.language_map (code, value) VALUES ('bad', oils_i18n_gettext('bad', 'Banda', 'clm', 'value'));
INSERT INTO config.language_map (code, value) VALUES ('bai', oils_i18n_gettext('bai', 'Bamileke languages', 'clm', 'value'));
INSERT INTO config.language_map (code, value) VALUES ('bak', oils_i18n_gettext('bak', 'Bashkir', 'clm', 'value'));
INSERT INTO config.language_map (code, value) VALUES ('bal', oils_i18n_gettext('bal', 'Baluchi', 'clm', 'value'));
INSERT INTO config.language_map (code, value) VALUES ('bam', oils_i18n_gettext('bam', 'Bambara', 'clm', 'value'));
INSERT INTO config.language_map (code, value) VALUES ('ban', oils_i18n_gettext('ban', 'Balinese', 'clm', 'value'));
INSERT INTO config.language_map (code, value) VALUES ('baq', oils_i18n_gettext('baq', 'Basque', 'clm', 'value'));
INSERT INTO config.language_map (code, value) VALUES ('bas', oils_i18n_gettext('bas', 'Basa', 'clm', 'value'));
INSERT INTO config.language_map (code, value) VALUES ('bat', oils_i18n_gettext('bat', 'Baltic (Other)', 'clm', 'value'));
INSERT INTO config.language_map (code, value) VALUES ('bej', oils_i18n_gettext('bej', 'Beja', 'clm', 'value'));
INSERT INTO config.language_map (code, value) VALUES ('bel', oils_i18n_gettext('bel', 'Belarusian', 'clm', 'value'));
INSERT INTO config.language_map (code, value) VALUES ('bem', oils_i18n_gettext('bem', 'Bemba', 'clm', 'value'));
INSERT INTO config.language_map (code, value) VALUES ('ben', oils_i18n_gettext('ben', 'Bengali', 'clm', 'value'));
INSERT INTO config.language_map (code, value) VALUES ('ber', oils_i18n_gettext('ber', 'Berber (Other)', 'clm', 'value'));
INSERT INTO config.language_map (code, value) VALUES ('bho', oils_i18n_gettext('bho', 'Bhojpuri', 'clm', 'value'));
INSERT INTO config.language_map (code, value) VALUES ('bih', oils_i18n_gettext('bih', 'Bihari', 'clm', 'value'));
INSERT INTO config.language_map (code, value) VALUES ('bik', oils_i18n_gettext('bik', 'Bikol', 'clm', 'value'));
INSERT INTO config.language_map (code, value) VALUES ('bin', oils_i18n_gettext('bin', 'Edo', 'clm', 'value'));
INSERT INTO config.language_map (code, value) VALUES ('bis', oils_i18n_gettext('bis', 'Bislama', 'clm', 'value'));
INSERT INTO config.language_map (code, value) VALUES ('bla', oils_i18n_gettext('bla', 'Siksika', 'clm', 'value'));
INSERT INTO config.language_map (code, value) VALUES ('bnt', oils_i18n_gettext('bnt', 'Bantu (Other)', 'clm', 'value'));
INSERT INTO config.language_map (code, value) VALUES ('bos', oils_i18n_gettext('bos', 'Bosnian', 'clm', 'value'));
INSERT INTO config.language_map (code, value) VALUES ('bra', oils_i18n_gettext('bra', 'Braj', 'clm', 'value'));
INSERT INTO config.language_map (code, value) VALUES ('bre', oils_i18n_gettext('bre', 'Breton', 'clm', 'value'));
INSERT INTO config.language_map (code, value) VALUES ('btk', oils_i18n_gettext('btk', 'Batak', 'clm', 'value'));
INSERT INTO config.language_map (code, value) VALUES ('bua', oils_i18n_gettext('bua', 'Buriat', 'clm', 'value'));
INSERT INTO config.language_map (code, value) VALUES ('bug', oils_i18n_gettext('bug', 'Bugis', 'clm', 'value'));
INSERT INTO config.language_map (code, value) VALUES ('bul', oils_i18n_gettext('bul', 'Bulgarian', 'clm', 'value'));
INSERT INTO config.language_map (code, value) VALUES ('bur', oils_i18n_gettext('bur', 'Burmese', 'clm', 'value'));
INSERT INTO config.language_map (code, value) VALUES ('cad', oils_i18n_gettext('cad', 'Caddo', 'clm', 'value'));
INSERT INTO config.language_map (code, value) VALUES ('cai', oils_i18n_gettext('cai', 'Central American Indian (Other)', 'clm', 'value'));
INSERT INTO config.language_map (code, value) VALUES ('-cam', oils_i18n_gettext('-cam', 'Khmer', 'clm', 'value'));
INSERT INTO config.language_map (code, value) VALUES ('car', oils_i18n_gettext('car', 'Carib', 'clm', 'value'));
INSERT INTO config.language_map (code, value) VALUES ('cat', oils_i18n_gettext('cat', 'Catalan', 'clm', 'value'));
INSERT INTO config.language_map (code, value) VALUES ('cau', oils_i18n_gettext('cau', 'Caucasian (Other)', 'clm', 'value'));
INSERT INTO config.language_map (code, value) VALUES ('ceb', oils_i18n_gettext('ceb', 'Cebuano', 'clm', 'value'));
INSERT INTO config.language_map (code, value) VALUES ('cel', oils_i18n_gettext('cel', 'Celtic (Other)', 'clm', 'value'));
INSERT INTO config.language_map (code, value) VALUES ('cha', oils_i18n_gettext('cha', 'Chamorro', 'clm', 'value'));
INSERT INTO config.language_map (code, value) VALUES ('chb', oils_i18n_gettext('chb', 'Chibcha', 'clm', 'value'));
INSERT INTO config.language_map (code, value) VALUES ('che', oils_i18n_gettext('che', 'Chechen', 'clm', 'value'));
INSERT INTO config.language_map (code, value) VALUES ('chg', oils_i18n_gettext('chg', 'Chagatai', 'clm', 'value'));
INSERT INTO config.language_map (code, value) VALUES ('chi', oils_i18n_gettext('chi', 'Chinese', 'clm', 'value'));
INSERT INTO config.language_map (code, value) VALUES ('chk', oils_i18n_gettext('chk', 'Truk', 'clm', 'value'));
INSERT INTO config.language_map (code, value) VALUES ('chm', oils_i18n_gettext('chm', 'Mari', 'clm', 'value'));
INSERT INTO config.language_map (code, value) VALUES ('chn', oils_i18n_gettext('chn', 'Chinook jargon', 'clm', 'value'));
INSERT INTO config.language_map (code, value) VALUES ('cho', oils_i18n_gettext('cho', 'Choctaw', 'clm', 'value'));
INSERT INTO config.language_map (code, value) VALUES ('chp', oils_i18n_gettext('chp', 'Chipewyan', 'clm', 'value'));
INSERT INTO config.language_map (code, value) VALUES ('chr', oils_i18n_gettext('chr', 'Cherokee', 'clm', 'value'));
INSERT INTO config.language_map (code, value) VALUES ('chu', oils_i18n_gettext('chu', 'Church Slavic', 'clm', 'value'));
INSERT INTO config.language_map (code, value) VALUES ('chv', oils_i18n_gettext('chv', 'Chuvash', 'clm', 'value'));
INSERT INTO config.language_map (code, value) VALUES ('chy', oils_i18n_gettext('chy', 'Cheyenne', 'clm', 'value'));
INSERT INTO config.language_map (code, value) VALUES ('cmc', oils_i18n_gettext('cmc', 'Chamic languages', 'clm', 'value'));
INSERT INTO config.language_map (code, value) VALUES ('cop', oils_i18n_gettext('cop', 'Coptic', 'clm', 'value'));
INSERT INTO config.language_map (code, value) VALUES ('cor', oils_i18n_gettext('cor', 'Cornish', 'clm', 'value'));
INSERT INTO config.language_map (code, value) VALUES ('cos', oils_i18n_gettext('cos', 'Corsican', 'clm', 'value'));
INSERT INTO config.language_map (code, value) VALUES ('cpe', oils_i18n_gettext('cpe', 'Creoles and Pidgins, English-based (Other)', 'clm', 'value'));
INSERT INTO config.language_map (code, value) VALUES ('cpf', oils_i18n_gettext('cpf', 'Creoles and Pidgins, French-based (Other)', 'clm', 'value'));
INSERT INTO config.language_map (code, value) VALUES ('cpp', oils_i18n_gettext('cpp', 'Creoles and Pidgins, Portuguese-based (Other)', 'clm', 'value'));
INSERT INTO config.language_map (code, value) VALUES ('cre', oils_i18n_gettext('cre', 'Cree', 'clm', 'value'));
INSERT INTO config.language_map (code, value) VALUES ('crh', oils_i18n_gettext('crh', 'Crimean Tatar', 'clm', 'value'));
INSERT INTO config.language_map (code, value) VALUES ('crp', oils_i18n_gettext('crp', 'Creoles and Pidgins (Other)', 'clm', 'value'));
INSERT INTO config.language_map (code, value) VALUES ('cus', oils_i18n_gettext('cus', 'Cushitic (Other)', 'clm', 'value'));
INSERT INTO config.language_map (code, value) VALUES ('cze', oils_i18n_gettext('cze', 'Czech', 'clm', 'value'));
INSERT INTO config.language_map (code, value) VALUES ('dak', oils_i18n_gettext('dak', 'Dakota', 'clm', 'value'));
INSERT INTO config.language_map (code, value) VALUES ('dan', oils_i18n_gettext('dan', 'Danish', 'clm', 'value'));
INSERT INTO config.language_map (code, value) VALUES ('dar', oils_i18n_gettext('dar', 'Dargwa', 'clm', 'value'));
INSERT INTO config.language_map (code, value) VALUES ('day', oils_i18n_gettext('day', 'Dayak', 'clm', 'value'));
INSERT INTO config.language_map (code, value) VALUES ('del', oils_i18n_gettext('del', 'Delaware', 'clm', 'value'));
INSERT INTO config.language_map (code, value) VALUES ('den', oils_i18n_gettext('den', 'Slave', 'clm', 'value'));
INSERT INTO config.language_map (code, value) VALUES ('dgr', oils_i18n_gettext('dgr', 'Dogrib', 'clm', 'value'));
INSERT INTO config.language_map (code, value) VALUES ('din', oils_i18n_gettext('din', 'Dinka', 'clm', 'value'));
INSERT INTO config.language_map (code, value) VALUES ('div', oils_i18n_gettext('div', 'Divehi', 'clm', 'value'));
INSERT INTO config.language_map (code, value) VALUES ('doi', oils_i18n_gettext('doi', 'Dogri', 'clm', 'value'));
INSERT INTO config.language_map (code, value) VALUES ('dra', oils_i18n_gettext('dra', 'Dravidian (Other)', 'clm', 'value'));
INSERT INTO config.language_map (code, value) VALUES ('dua', oils_i18n_gettext('dua', 'Duala', 'clm', 'value'));
INSERT INTO config.language_map (code, value) VALUES ('dum', oils_i18n_gettext('dum', 'Dutch, Middle (ca. 1050-1350)', 'clm', 'value'));
INSERT INTO config.language_map (code, value) VALUES ('dut', oils_i18n_gettext('dut', 'Dutch', 'clm', 'value'));
INSERT INTO config.language_map (code, value) VALUES ('dyu', oils_i18n_gettext('dyu', 'Dyula', 'clm', 'value'));
INSERT INTO config.language_map (code, value) VALUES ('dzo', oils_i18n_gettext('dzo', 'Dzongkha', 'clm', 'value'));
INSERT INTO config.language_map (code, value) VALUES ('efi', oils_i18n_gettext('efi', 'Efik', 'clm', 'value'));
INSERT INTO config.language_map (code, value) VALUES ('egy', oils_i18n_gettext('egy', 'Egyptian', 'clm', 'value'));
INSERT INTO config.language_map (code, value) VALUES ('eka', oils_i18n_gettext('eka', 'Ekajuk', 'clm', 'value'));
INSERT INTO config.language_map (code, value) VALUES ('elx', oils_i18n_gettext('elx', 'Elamite', 'clm', 'value'));
INSERT INTO config.language_map (code, value) VALUES ('eng', oils_i18n_gettext('eng', 'English', 'clm', 'value'));
INSERT INTO config.language_map (code, value) VALUES ('enm', oils_i18n_gettext('enm', 'English, Middle (1100-1500)', 'clm', 'value'));
INSERT INTO config.language_map (code, value) VALUES ('epo', oils_i18n_gettext('epo', 'Esperanto', 'clm', 'value'));
INSERT INTO config.language_map (code, value) VALUES ('-esk', oils_i18n_gettext('-esk', 'Eskimo languages', 'clm', 'value'));
INSERT INTO config.language_map (code, value) VALUES ('-esp', oils_i18n_gettext('-esp', 'Esperanto', 'clm', 'value'));
INSERT INTO config.language_map (code, value) VALUES ('est', oils_i18n_gettext('est', 'Estonian', 'clm', 'value'));
INSERT INTO config.language_map (code, value) VALUES ('-eth', oils_i18n_gettext('-eth', 'Ethiopic', 'clm', 'value'));
INSERT INTO config.language_map (code, value) VALUES ('ewe', oils_i18n_gettext('ewe', 'Ewe', 'clm', 'value'));
INSERT INTO config.language_map (code, value) VALUES ('ewo', oils_i18n_gettext('ewo', 'Ewondo', 'clm', 'value'));
INSERT INTO config.language_map (code, value) VALUES ('fan', oils_i18n_gettext('fan', 'Fang', 'clm', 'value'));
INSERT INTO config.language_map (code, value) VALUES ('fao', oils_i18n_gettext('fao', 'Faroese', 'clm', 'value'));
INSERT INTO config.language_map (code, value) VALUES ('-far', oils_i18n_gettext('-far', 'Faroese', 'clm', 'value'));
INSERT INTO config.language_map (code, value) VALUES ('fat', oils_i18n_gettext('fat', 'Fanti', 'clm', 'value'));
INSERT INTO config.language_map (code, value) VALUES ('fij', oils_i18n_gettext('fij', 'Fijian', 'clm', 'value'));
INSERT INTO config.language_map (code, value) VALUES ('fin', oils_i18n_gettext('fin', 'Finnish', 'clm', 'value'));
INSERT INTO config.language_map (code, value) VALUES ('fiu', oils_i18n_gettext('fiu', 'Finno-Ugrian (Other)', 'clm', 'value'));
INSERT INTO config.language_map (code, value) VALUES ('fon', oils_i18n_gettext('fon', 'Fon', 'clm', 'value'));
INSERT INTO config.language_map (code, value) VALUES ('fre', oils_i18n_gettext('fre', 'French', 'clm', 'value'));
INSERT INTO config.language_map (code, value) VALUES ('-fri', oils_i18n_gettext('-fri', 'Frisian', 'clm', 'value'));
INSERT INTO config.language_map (code, value) VALUES ('frm', oils_i18n_gettext('frm', 'French, Middle (ca. 1400-1600)', 'clm', 'value'));
INSERT INTO config.language_map (code, value) VALUES ('fro', oils_i18n_gettext('fro', 'French, Old (ca. 842-1400)', 'clm', 'value'));
INSERT INTO config.language_map (code, value) VALUES ('fry', oils_i18n_gettext('fry', 'Frisian', 'clm', 'value'));
INSERT INTO config.language_map (code, value) VALUES ('ful', oils_i18n_gettext('ful', 'Fula', 'clm', 'value'));
INSERT INTO config.language_map (code, value) VALUES ('fur', oils_i18n_gettext('fur', 'Friulian', 'clm', 'value'));
INSERT INTO config.language_map (code, value) VALUES ('gaa', oils_i18n_gettext('gaa', 'Gã', 'clm', 'value'));
INSERT INTO config.language_map (code, value) VALUES ('-gae', oils_i18n_gettext('-gae', 'Scottish Gaelic', 'clm', 'value'));
INSERT INTO config.language_map (code, value) VALUES ('-gag', oils_i18n_gettext('-gag', 'Galician', 'clm', 'value'));
INSERT INTO config.language_map (code, value) VALUES ('-gal', oils_i18n_gettext('-gal', 'Oromo', 'clm', 'value'));
INSERT INTO config.language_map (code, value) VALUES ('gay', oils_i18n_gettext('gay', 'Gayo', 'clm', 'value'));
INSERT INTO config.language_map (code, value) VALUES ('gba', oils_i18n_gettext('gba', 'Gbaya', 'clm', 'value'));
INSERT INTO config.language_map (code, value) VALUES ('gem', oils_i18n_gettext('gem', 'Germanic (Other)', 'clm', 'value'));
INSERT INTO config.language_map (code, value) VALUES ('geo', oils_i18n_gettext('geo', 'Georgian', 'clm', 'value'));
INSERT INTO config.language_map (code, value) VALUES ('ger', oils_i18n_gettext('ger', 'German', 'clm', 'value'));
INSERT INTO config.language_map (code, value) VALUES ('gez', oils_i18n_gettext('gez', 'Ethiopic', 'clm', 'value'));
INSERT INTO config.language_map (code, value) VALUES ('gil', oils_i18n_gettext('gil', 'Gilbertese', 'clm', 'value'));
INSERT INTO config.language_map (code, value) VALUES ('gla', oils_i18n_gettext('gla', 'Scottish Gaelic', 'clm', 'value'));
INSERT INTO config.language_map (code, value) VALUES ('gle', oils_i18n_gettext('gle', 'Irish', 'clm', 'value'));
INSERT INTO config.language_map (code, value) VALUES ('glg', oils_i18n_gettext('glg', 'Galician', 'clm', 'value'));
INSERT INTO config.language_map (code, value) VALUES ('glv', oils_i18n_gettext('glv', 'Manx', 'clm', 'value'));
INSERT INTO config.language_map (code, value) VALUES ('gmh', oils_i18n_gettext('gmh', 'German, Middle High (ca. 1050-1500)', 'clm', 'value'));
INSERT INTO config.language_map (code, value) VALUES ('goh', oils_i18n_gettext('goh', 'German, Old High (ca. 750-1050)', 'clm', 'value'));
INSERT INTO config.language_map (code, value) VALUES ('gon', oils_i18n_gettext('gon', 'Gondi', 'clm', 'value'));
INSERT INTO config.language_map (code, value) VALUES ('gor', oils_i18n_gettext('gor', 'Gorontalo', 'clm', 'value'));
INSERT INTO config.language_map (code, value) VALUES ('got', oils_i18n_gettext('got', 'Gothic', 'clm', 'value'));
INSERT INTO config.language_map (code, value) VALUES ('grb', oils_i18n_gettext('grb', 'Grebo', 'clm', 'value'));
INSERT INTO config.language_map (code, value) VALUES ('grc', oils_i18n_gettext('grc', 'Greek, Ancient (to 1453)', 'clm', 'value'));
INSERT INTO config.language_map (code, value) VALUES ('gre', oils_i18n_gettext('gre', 'Greek, Modern (1453- )', 'clm', 'value'));
INSERT INTO config.language_map (code, value) VALUES ('grn', oils_i18n_gettext('grn', 'Guarani', 'clm', 'value'));
INSERT INTO config.language_map (code, value) VALUES ('-gua', oils_i18n_gettext('-gua', 'Guarani', 'clm', 'value'));
INSERT INTO config.language_map (code, value) VALUES ('guj', oils_i18n_gettext('guj', 'Gujarati', 'clm', 'value'));
INSERT INTO config.language_map (code, value) VALUES ('gwi', oils_i18n_gettext('gwi', 'Gwich', 'clm', 'value''in'));
INSERT INTO config.language_map (code, value) VALUES ('hai', oils_i18n_gettext('hai', 'Haida', 'clm', 'value'));
INSERT INTO config.language_map (code, value) VALUES ('hat', oils_i18n_gettext('hat', 'Haitian French Creole', 'clm', 'value'));
INSERT INTO config.language_map (code, value) VALUES ('hau', oils_i18n_gettext('hau', 'Hausa', 'clm', 'value'));
INSERT INTO config.language_map (code, value) VALUES ('haw', oils_i18n_gettext('haw', 'Hawaiian', 'clm', 'value'));
INSERT INTO config.language_map (code, value) VALUES ('heb', oils_i18n_gettext('heb', 'Hebrew', 'clm', 'value'));
INSERT INTO config.language_map (code, value) VALUES ('her', oils_i18n_gettext('her', 'Herero', 'clm', 'value'));
INSERT INTO config.language_map (code, value) VALUES ('hil', oils_i18n_gettext('hil', 'Hiligaynon', 'clm', 'value'));
INSERT INTO config.language_map (code, value) VALUES ('him', oils_i18n_gettext('him', 'Himachali', 'clm', 'value'));
INSERT INTO config.language_map (code, value) VALUES ('hin', oils_i18n_gettext('hin', 'Hindi', 'clm', 'value'));
INSERT INTO config.language_map (code, value) VALUES ('hit', oils_i18n_gettext('hit', 'Hittite', 'clm', 'value'));
INSERT INTO config.language_map (code, value) VALUES ('hmn', oils_i18n_gettext('hmn', 'Hmong', 'clm', 'value'));
INSERT INTO config.language_map (code, value) VALUES ('hmo', oils_i18n_gettext('hmo', 'Hiri Motu', 'clm', 'value'));
INSERT INTO config.language_map (code, value) VALUES ('hun', oils_i18n_gettext('hun', 'Hungarian', 'clm', 'value'));
INSERT INTO config.language_map (code, value) VALUES ('hup', oils_i18n_gettext('hup', 'Hupa', 'clm', 'value'));
INSERT INTO config.language_map (code, value) VALUES ('iba', oils_i18n_gettext('iba', 'Iban', 'clm', 'value'));
INSERT INTO config.language_map (code, value) VALUES ('ibo', oils_i18n_gettext('ibo', 'Igbo', 'clm', 'value'));
INSERT INTO config.language_map (code, value) VALUES ('ice', oils_i18n_gettext('ice', 'Icelandic', 'clm', 'value'));
INSERT INTO config.language_map (code, value) VALUES ('ido', oils_i18n_gettext('ido', 'Ido', 'clm', 'value'));
INSERT INTO config.language_map (code, value) VALUES ('iii', oils_i18n_gettext('iii', 'Sichuan Yi', 'clm', 'value'));
INSERT INTO config.language_map (code, value) VALUES ('ijo', oils_i18n_gettext('ijo', 'Ijo', 'clm', 'value'));
INSERT INTO config.language_map (code, value) VALUES ('iku', oils_i18n_gettext('iku', 'Inuktitut', 'clm', 'value'));
INSERT INTO config.language_map (code, value) VALUES ('ile', oils_i18n_gettext('ile', 'Interlingue', 'clm', 'value'));
INSERT INTO config.language_map (code, value) VALUES ('ilo', oils_i18n_gettext('ilo', 'Iloko', 'clm', 'value'));
INSERT INTO config.language_map (code, value) VALUES ('ina', oils_i18n_gettext('ina', 'Interlingua (International Auxiliary Language Association)', 'clm', 'value'));
INSERT INTO config.language_map (code, value) VALUES ('inc', oils_i18n_gettext('inc', 'Indic (Other)', 'clm', 'value'));
INSERT INTO config.language_map (code, value) VALUES ('ind', oils_i18n_gettext('ind', 'Indonesian', 'clm', 'value'));
INSERT INTO config.language_map (code, value) VALUES ('ine', oils_i18n_gettext('ine', 'Indo-European (Other)', 'clm', 'value'));
INSERT INTO config.language_map (code, value) VALUES ('inh', oils_i18n_gettext('inh', 'Ingush', 'clm', 'value'));
INSERT INTO config.language_map (code, value) VALUES ('-int', oils_i18n_gettext('-int', 'Interlingua (International Auxiliary Language Association)', 'clm', 'value'));
INSERT INTO config.language_map (code, value) VALUES ('ipk', oils_i18n_gettext('ipk', 'Inupiaq', 'clm', 'value'));
INSERT INTO config.language_map (code, value) VALUES ('ira', oils_i18n_gettext('ira', 'Iranian (Other)', 'clm', 'value'));
INSERT INTO config.language_map (code, value) VALUES ('-iri', oils_i18n_gettext('-iri', 'Irish', 'clm', 'value'));
INSERT INTO config.language_map (code, value) VALUES ('iro', oils_i18n_gettext('iro', 'Iroquoian (Other)', 'clm', 'value'));
INSERT INTO config.language_map (code, value) VALUES ('ita', oils_i18n_gettext('ita', 'Italian', 'clm', 'value'));
INSERT INTO config.language_map (code, value) VALUES ('jav', oils_i18n_gettext('jav', 'Javanese', 'clm', 'value'));
INSERT INTO config.language_map (code, value) VALUES ('jpn', oils_i18n_gettext('jpn', 'Japanese', 'clm', 'value'));
INSERT INTO config.language_map (code, value) VALUES ('jpr', oils_i18n_gettext('jpr', 'Judeo-Persian', 'clm', 'value'));
INSERT INTO config.language_map (code, value) VALUES ('jrb', oils_i18n_gettext('jrb', 'Judeo-Arabic', 'clm', 'value'));
INSERT INTO config.language_map (code, value) VALUES ('kaa', oils_i18n_gettext('kaa', 'Kara-Kalpak', 'clm', 'value'));
INSERT INTO config.language_map (code, value) VALUES ('kab', oils_i18n_gettext('kab', 'Kabyle', 'clm', 'value'));
INSERT INTO config.language_map (code, value) VALUES ('kac', oils_i18n_gettext('kac', 'Kachin', 'clm', 'value'));
INSERT INTO config.language_map (code, value) VALUES ('kal', oils_i18n_gettext('kal', 'Kalâtdlisut', 'clm', 'value'));
INSERT INTO config.language_map (code, value) VALUES ('kam', oils_i18n_gettext('kam', 'Kamba', 'clm', 'value'));
INSERT INTO config.language_map (code, value) VALUES ('kan', oils_i18n_gettext('kan', 'Kannada', 'clm', 'value'));
INSERT INTO config.language_map (code, value) VALUES ('kar', oils_i18n_gettext('kar', 'Karen', 'clm', 'value'));
INSERT INTO config.language_map (code, value) VALUES ('kas', oils_i18n_gettext('kas', 'Kashmiri', 'clm', 'value'));
INSERT INTO config.language_map (code, value) VALUES ('kau', oils_i18n_gettext('kau', 'Kanuri', 'clm', 'value'));
INSERT INTO config.language_map (code, value) VALUES ('kaw', oils_i18n_gettext('kaw', 'Kawi', 'clm', 'value'));
INSERT INTO config.language_map (code, value) VALUES ('kaz', oils_i18n_gettext('kaz', 'Kazakh', 'clm', 'value'));
INSERT INTO config.language_map (code, value) VALUES ('kbd', oils_i18n_gettext('kbd', 'Kabardian', 'clm', 'value'));
INSERT INTO config.language_map (code, value) VALUES ('kha', oils_i18n_gettext('kha', 'Khasi', 'clm', 'value'));
INSERT INTO config.language_map (code, value) VALUES ('khi', oils_i18n_gettext('khi', 'Khoisan (Other)', 'clm', 'value'));
INSERT INTO config.language_map (code, value) VALUES ('khm', oils_i18n_gettext('khm', 'Khmer', 'clm', 'value'));
INSERT INTO config.language_map (code, value) VALUES ('kho', oils_i18n_gettext('kho', 'Khotanese', 'clm', 'value'));
INSERT INTO config.language_map (code, value) VALUES ('kik', oils_i18n_gettext('kik', 'Kikuyu', 'clm', 'value'));
INSERT INTO config.language_map (code, value) VALUES ('kin', oils_i18n_gettext('kin', 'Kinyarwanda', 'clm', 'value'));
INSERT INTO config.language_map (code, value) VALUES ('kir', oils_i18n_gettext('kir', 'Kyrgyz', 'clm', 'value'));
INSERT INTO config.language_map (code, value) VALUES ('kmb', oils_i18n_gettext('kmb', 'Kimbundu', 'clm', 'value'));
INSERT INTO config.language_map (code, value) VALUES ('kok', oils_i18n_gettext('kok', 'Konkani', 'clm', 'value'));
INSERT INTO config.language_map (code, value) VALUES ('kom', oils_i18n_gettext('kom', 'Komi', 'clm', 'value'));
INSERT INTO config.language_map (code, value) VALUES ('kon', oils_i18n_gettext('kon', 'Kongo', 'clm', 'value'));
INSERT INTO config.language_map (code, value) VALUES ('kor', oils_i18n_gettext('kor', 'Korean', 'clm', 'value'));
INSERT INTO config.language_map (code, value) VALUES ('kos', oils_i18n_gettext('kos', 'Kusaie', 'clm', 'value'));
INSERT INTO config.language_map (code, value) VALUES ('kpe', oils_i18n_gettext('kpe', 'Kpelle', 'clm', 'value'));
INSERT INTO config.language_map (code, value) VALUES ('kro', oils_i18n_gettext('kro', 'Kru', 'clm', 'value'));
INSERT INTO config.language_map (code, value) VALUES ('kru', oils_i18n_gettext('kru', 'Kurukh', 'clm', 'value'));
INSERT INTO config.language_map (code, value) VALUES ('kua', oils_i18n_gettext('kua', 'Kuanyama', 'clm', 'value'));
INSERT INTO config.language_map (code, value) VALUES ('kum', oils_i18n_gettext('kum', 'Kumyk', 'clm', 'value'));
INSERT INTO config.language_map (code, value) VALUES ('kur', oils_i18n_gettext('kur', 'Kurdish', 'clm', 'value'));
INSERT INTO config.language_map (code, value) VALUES ('-kus', oils_i18n_gettext('-kus', 'Kusaie', 'clm', 'value'));
INSERT INTO config.language_map (code, value) VALUES ('kut', oils_i18n_gettext('kut', 'Kutenai', 'clm', 'value'));
INSERT INTO config.language_map (code, value) VALUES ('lad', oils_i18n_gettext('lad', 'Ladino', 'clm', 'value'));
INSERT INTO config.language_map (code, value) VALUES ('lah', oils_i18n_gettext('lah', 'Lahnda', 'clm', 'value'));
INSERT INTO config.language_map (code, value) VALUES ('lam', oils_i18n_gettext('lam', 'Lamba', 'clm', 'value'));
INSERT INTO config.language_map (code, value) VALUES ('-lan', oils_i18n_gettext('-lan', 'Occitan (post-1500)', 'clm', 'value'));
INSERT INTO config.language_map (code, value) VALUES ('lao', oils_i18n_gettext('lao', 'Lao', 'clm', 'value'));
INSERT INTO config.language_map (code, value) VALUES ('-lap', oils_i18n_gettext('-lap', 'Sami', 'clm', 'value'));
INSERT INTO config.language_map (code, value) VALUES ('lat', oils_i18n_gettext('lat', 'Latin', 'clm', 'value'));
INSERT INTO config.language_map (code, value) VALUES ('lav', oils_i18n_gettext('lav', 'Latvian', 'clm', 'value'));
INSERT INTO config.language_map (code, value) VALUES ('lez', oils_i18n_gettext('lez', 'Lezgian', 'clm', 'value'));
INSERT INTO config.language_map (code, value) VALUES ('lim', oils_i18n_gettext('lim', 'Limburgish', 'clm', 'value'));
INSERT INTO config.language_map (code, value) VALUES ('lin', oils_i18n_gettext('lin', 'Lingala', 'clm', 'value'));
INSERT INTO config.language_map (code, value) VALUES ('lit', oils_i18n_gettext('lit', 'Lithuanian', 'clm', 'value'));
INSERT INTO config.language_map (code, value) VALUES ('lol', oils_i18n_gettext('lol', 'Mongo-Nkundu', 'clm', 'value'));
INSERT INTO config.language_map (code, value) VALUES ('loz', oils_i18n_gettext('loz', 'Lozi', 'clm', 'value'));
INSERT INTO config.language_map (code, value) VALUES ('ltz', oils_i18n_gettext('ltz', 'Letzeburgesch', 'clm', 'value'));
INSERT INTO config.language_map (code, value) VALUES ('lua', oils_i18n_gettext('lua', 'Luba-Lulua', 'clm', 'value'));
INSERT INTO config.language_map (code, value) VALUES ('lub', oils_i18n_gettext('lub', 'Luba-Katanga', 'clm', 'value'));
INSERT INTO config.language_map (code, value) VALUES ('lug', oils_i18n_gettext('lug', 'Ganda', 'clm', 'value'));
INSERT INTO config.language_map (code, value) VALUES ('lui', oils_i18n_gettext('lui', 'Luiseño', 'clm', 'value'));
INSERT INTO config.language_map (code, value) VALUES ('lun', oils_i18n_gettext('lun', 'Lunda', 'clm', 'value'));
INSERT INTO config.language_map (code, value) VALUES ('luo', oils_i18n_gettext('luo', 'Luo (Kenya and Tanzania)', 'clm', 'value'));
INSERT INTO config.language_map (code, value) VALUES ('lus', oils_i18n_gettext('lus', 'Lushai', 'clm', 'value'));
INSERT INTO config.language_map (code, value) VALUES ('mac', oils_i18n_gettext('mac', 'Macedonian', 'clm', 'value'));
INSERT INTO config.language_map (code, value) VALUES ('mad', oils_i18n_gettext('mad', 'Madurese', 'clm', 'value'));
INSERT INTO config.language_map (code, value) VALUES ('mag', oils_i18n_gettext('mag', 'Magahi', 'clm', 'value'));
INSERT INTO config.language_map (code, value) VALUES ('mah', oils_i18n_gettext('mah', 'Marshallese', 'clm', 'value'));
INSERT INTO config.language_map (code, value) VALUES ('mai', oils_i18n_gettext('mai', 'Maithili', 'clm', 'value'));
INSERT INTO config.language_map (code, value) VALUES ('mak', oils_i18n_gettext('mak', 'Makasar', 'clm', 'value'));
INSERT INTO config.language_map (code, value) VALUES ('mal', oils_i18n_gettext('mal', 'Malayalam', 'clm', 'value'));
INSERT INTO config.language_map (code, value) VALUES ('man', oils_i18n_gettext('man', 'Mandingo', 'clm', 'value'));
INSERT INTO config.language_map (code, value) VALUES ('mao', oils_i18n_gettext('mao', 'Maori', 'clm', 'value'));
INSERT INTO config.language_map (code, value) VALUES ('map', oils_i18n_gettext('map', 'Austronesian (Other)', 'clm', 'value'));
INSERT INTO config.language_map (code, value) VALUES ('mar', oils_i18n_gettext('mar', 'Marathi', 'clm', 'value'));
INSERT INTO config.language_map (code, value) VALUES ('mas', oils_i18n_gettext('mas', 'Masai', 'clm', 'value'));
INSERT INTO config.language_map (code, value) VALUES ('-max', oils_i18n_gettext('-max', 'Manx', 'clm', 'value'));
INSERT INTO config.language_map (code, value) VALUES ('may', oils_i18n_gettext('may', 'Malay', 'clm', 'value'));
INSERT INTO config.language_map (code, value) VALUES ('mdr', oils_i18n_gettext('mdr', 'Mandar', 'clm', 'value'));
INSERT INTO config.language_map (code, value) VALUES ('men', oils_i18n_gettext('men', 'Mende', 'clm', 'value'));
INSERT INTO config.language_map (code, value) VALUES ('mga', oils_i18n_gettext('mga', 'Irish, Middle (ca. 1100-1550)', 'clm', 'value'));
INSERT INTO config.language_map (code, value) VALUES ('mic', oils_i18n_gettext('mic', 'Micmac', 'clm', 'value'));
INSERT INTO config.language_map (code, value) VALUES ('min', oils_i18n_gettext('min', 'Minangkabau', 'clm', 'value'));
INSERT INTO config.language_map (code, value) VALUES ('mis', oils_i18n_gettext('mis', 'Miscellaneous languages', 'clm', 'value'));
INSERT INTO config.language_map (code, value) VALUES ('mkh', oils_i18n_gettext('mkh', 'Mon-Khmer (Other)', 'clm', 'value'));
INSERT INTO config.language_map (code, value) VALUES ('-mla', oils_i18n_gettext('-mla', 'Malagasy', 'clm', 'value'));
INSERT INTO config.language_map (code, value) VALUES ('mlg', oils_i18n_gettext('mlg', 'Malagasy', 'clm', 'value'));
INSERT INTO config.language_map (code, value) VALUES ('mlt', oils_i18n_gettext('mlt', 'Maltese', 'clm', 'value'));
INSERT INTO config.language_map (code, value) VALUES ('mnc', oils_i18n_gettext('mnc', 'Manchu', 'clm', 'value'));
INSERT INTO config.language_map (code, value) VALUES ('mni', oils_i18n_gettext('mni', 'Manipuri', 'clm', 'value'));
INSERT INTO config.language_map (code, value) VALUES ('mno', oils_i18n_gettext('mno', 'Manobo languages', 'clm', 'value'));
INSERT INTO config.language_map (code, value) VALUES ('moh', oils_i18n_gettext('moh', 'Mohawk', 'clm', 'value'));
INSERT INTO config.language_map (code, value) VALUES ('mol', oils_i18n_gettext('mol', 'Moldavian', 'clm', 'value'));
INSERT INTO config.language_map (code, value) VALUES ('mon', oils_i18n_gettext('mon', 'Mongolian', 'clm', 'value'));
INSERT INTO config.language_map (code, value) VALUES ('mos', oils_i18n_gettext('mos', 'Mooré', 'clm', 'value'));
INSERT INTO config.language_map (code, value) VALUES ('mul', oils_i18n_gettext('mul', 'Multiple languages', 'clm', 'value'));
INSERT INTO config.language_map (code, value) VALUES ('mun', oils_i18n_gettext('mun', 'Munda (Other)', 'clm', 'value'));
INSERT INTO config.language_map (code, value) VALUES ('mus', oils_i18n_gettext('mus', 'Creek', 'clm', 'value'));
INSERT INTO config.language_map (code, value) VALUES ('mwr', oils_i18n_gettext('mwr', 'Marwari', 'clm', 'value'));
INSERT INTO config.language_map (code, value) VALUES ('myn', oils_i18n_gettext('myn', 'Mayan languages', 'clm', 'value'));
INSERT INTO config.language_map (code, value) VALUES ('nah', oils_i18n_gettext('nah', 'Nahuatl', 'clm', 'value'));
INSERT INTO config.language_map (code, value) VALUES ('nai', oils_i18n_gettext('nai', 'North American Indian (Other)', 'clm', 'value'));
INSERT INTO config.language_map (code, value) VALUES ('nap', oils_i18n_gettext('nap', 'Neapolitan Italian', 'clm', 'value'));
INSERT INTO config.language_map (code, value) VALUES ('nau', oils_i18n_gettext('nau', 'Nauru', 'clm', 'value'));
INSERT INTO config.language_map (code, value) VALUES ('nav', oils_i18n_gettext('nav', 'Navajo', 'clm', 'value'));
INSERT INTO config.language_map (code, value) VALUES ('nbl', oils_i18n_gettext('nbl', 'Ndebele (South Africa)', 'clm', 'value'));
INSERT INTO config.language_map (code, value) VALUES ('nde', oils_i18n_gettext('nde', 'Ndebele (Zimbabwe)  ', 'clm', 'value'));
INSERT INTO config.language_map (code, value) VALUES ('ndo', oils_i18n_gettext('ndo', 'Ndonga', 'clm', 'value'));
INSERT INTO config.language_map (code, value) VALUES ('nds', oils_i18n_gettext('nds', 'Low German', 'clm', 'value'));
INSERT INTO config.language_map (code, value) VALUES ('nep', oils_i18n_gettext('nep', 'Nepali', 'clm', 'value'));
INSERT INTO config.language_map (code, value) VALUES ('new', oils_i18n_gettext('new', 'Newari', 'clm', 'value'));
INSERT INTO config.language_map (code, value) VALUES ('nia', oils_i18n_gettext('nia', 'Nias', 'clm', 'value'));
INSERT INTO config.language_map (code, value) VALUES ('nic', oils_i18n_gettext('nic', 'Niger-Kordofanian (Other)', 'clm', 'value'));
INSERT INTO config.language_map (code, value) VALUES ('niu', oils_i18n_gettext('niu', 'Niuean', 'clm', 'value'));
INSERT INTO config.language_map (code, value) VALUES ('nno', oils_i18n_gettext('nno', 'Norwegian (Nynorsk)', 'clm', 'value'));
INSERT INTO config.language_map (code, value) VALUES ('nob', oils_i18n_gettext('nob', 'Norwegian (Bokmål)', 'clm', 'value'));
INSERT INTO config.language_map (code, value) VALUES ('nog', oils_i18n_gettext('nog', 'Nogai', 'clm', 'value'));
INSERT INTO config.language_map (code, value) VALUES ('non', oils_i18n_gettext('non', 'Old Norse', 'clm', 'value'));
INSERT INTO config.language_map (code, value) VALUES ('nor', oils_i18n_gettext('nor', 'Norwegian', 'clm', 'value'));
INSERT INTO config.language_map (code, value) VALUES ('nso', oils_i18n_gettext('nso', 'Northern Sotho', 'clm', 'value'));
INSERT INTO config.language_map (code, value) VALUES ('nub', oils_i18n_gettext('nub', 'Nubian languages', 'clm', 'value'));
INSERT INTO config.language_map (code, value) VALUES ('nya', oils_i18n_gettext('nya', 'Nyanja', 'clm', 'value'));
INSERT INTO config.language_map (code, value) VALUES ('nym', oils_i18n_gettext('nym', 'Nyamwezi', 'clm', 'value'));
INSERT INTO config.language_map (code, value) VALUES ('nyn', oils_i18n_gettext('nyn', 'Nyankole', 'clm', 'value'));
INSERT INTO config.language_map (code, value) VALUES ('nyo', oils_i18n_gettext('nyo', 'Nyoro', 'clm', 'value'));
INSERT INTO config.language_map (code, value) VALUES ('nzi', oils_i18n_gettext('nzi', 'Nzima', 'clm', 'value'));
INSERT INTO config.language_map (code, value) VALUES ('oci', oils_i18n_gettext('oci', 'Occitan (post-1500)', 'clm', 'value'));
INSERT INTO config.language_map (code, value) VALUES ('oji', oils_i18n_gettext('oji', 'Ojibwa', 'clm', 'value'));
INSERT INTO config.language_map (code, value) VALUES ('ori', oils_i18n_gettext('ori', 'Oriya', 'clm', 'value'));
INSERT INTO config.language_map (code, value) VALUES ('orm', oils_i18n_gettext('orm', 'Oromo', 'clm', 'value'));
INSERT INTO config.language_map (code, value) VALUES ('osa', oils_i18n_gettext('osa', 'Osage', 'clm', 'value'));
INSERT INTO config.language_map (code, value) VALUES ('oss', oils_i18n_gettext('oss', 'Ossetic', 'clm', 'value'));
INSERT INTO config.language_map (code, value) VALUES ('ota', oils_i18n_gettext('ota', 'Turkish, Ottoman', 'clm', 'value'));
INSERT INTO config.language_map (code, value) VALUES ('oto', oils_i18n_gettext('oto', 'Otomian languages', 'clm', 'value'));
INSERT INTO config.language_map (code, value) VALUES ('paa', oils_i18n_gettext('paa', 'Papuan (Other)', 'clm', 'value'));
INSERT INTO config.language_map (code, value) VALUES ('pag', oils_i18n_gettext('pag', 'Pangasinan', 'clm', 'value'));
INSERT INTO config.language_map (code, value) VALUES ('pal', oils_i18n_gettext('pal', 'Pahlavi', 'clm', 'value'));
INSERT INTO config.language_map (code, value) VALUES ('pam', oils_i18n_gettext('pam', 'Pampanga', 'clm', 'value'));
INSERT INTO config.language_map (code, value) VALUES ('pan', oils_i18n_gettext('pan', 'Panjabi', 'clm', 'value'));
INSERT INTO config.language_map (code, value) VALUES ('pap', oils_i18n_gettext('pap', 'Papiamento', 'clm', 'value'));
INSERT INTO config.language_map (code, value) VALUES ('pau', oils_i18n_gettext('pau', 'Palauan', 'clm', 'value'));
INSERT INTO config.language_map (code, value) VALUES ('peo', oils_i18n_gettext('peo', 'Old Persian (ca. 600-400 B.C.)', 'clm', 'value'));
INSERT INTO config.language_map (code, value) VALUES ('per', oils_i18n_gettext('per', 'Persian', 'clm', 'value'));
INSERT INTO config.language_map (code, value) VALUES ('phi', oils_i18n_gettext('phi', 'Philippine (Other)', 'clm', 'value'));
INSERT INTO config.language_map (code, value) VALUES ('phn', oils_i18n_gettext('phn', 'Phoenician', 'clm', 'value'));
INSERT INTO config.language_map (code, value) VALUES ('pli', oils_i18n_gettext('pli', 'Pali', 'clm', 'value'));
INSERT INTO config.language_map (code, value) VALUES ('pol', oils_i18n_gettext('pol', 'Polish', 'clm', 'value'));
INSERT INTO config.language_map (code, value) VALUES ('pon', oils_i18n_gettext('pon', 'Ponape', 'clm', 'value'));
INSERT INTO config.language_map (code, value) VALUES ('por', oils_i18n_gettext('por', 'Portuguese', 'clm', 'value'));
INSERT INTO config.language_map (code, value) VALUES ('pra', oils_i18n_gettext('pra', 'Prakrit languages', 'clm', 'value'));
INSERT INTO config.language_map (code, value) VALUES ('pro', oils_i18n_gettext('pro', 'Provençal (to 1500)', 'clm', 'value'));
INSERT INTO config.language_map (code, value) VALUES ('pus', oils_i18n_gettext('pus', 'Pushto', 'clm', 'value'));
INSERT INTO config.language_map (code, value) VALUES ('que', oils_i18n_gettext('que', 'Quechua', 'clm', 'value'));
INSERT INTO config.language_map (code, value) VALUES ('raj', oils_i18n_gettext('raj', 'Rajasthani', 'clm', 'value'));
INSERT INTO config.language_map (code, value) VALUES ('rap', oils_i18n_gettext('rap', 'Rapanui', 'clm', 'value'));
INSERT INTO config.language_map (code, value) VALUES ('rar', oils_i18n_gettext('rar', 'Rarotongan', 'clm', 'value'));
INSERT INTO config.language_map (code, value) VALUES ('roa', oils_i18n_gettext('roa', 'Romance (Other)', 'clm', 'value'));
INSERT INTO config.language_map (code, value) VALUES ('roh', oils_i18n_gettext('roh', 'Raeto-Romance', 'clm', 'value'));
INSERT INTO config.language_map (code, value) VALUES ('rom', oils_i18n_gettext('rom', 'Romani', 'clm', 'value'));
INSERT INTO config.language_map (code, value) VALUES ('rum', oils_i18n_gettext('rum', 'Romanian', 'clm', 'value'));
INSERT INTO config.language_map (code, value) VALUES ('run', oils_i18n_gettext('run', 'Rundi', 'clm', 'value'));
INSERT INTO config.language_map (code, value) VALUES ('rus', oils_i18n_gettext('rus', 'Russian', 'clm', 'value'));
INSERT INTO config.language_map (code, value) VALUES ('sad', oils_i18n_gettext('sad', 'Sandawe', 'clm', 'value'));
INSERT INTO config.language_map (code, value) VALUES ('sag', oils_i18n_gettext('sag', 'Sango (Ubangi Creole)', 'clm', 'value'));
INSERT INTO config.language_map (code, value) VALUES ('sah', oils_i18n_gettext('sah', 'Yakut', 'clm', 'value'));
INSERT INTO config.language_map (code, value) VALUES ('sai', oils_i18n_gettext('sai', 'South American Indian (Other)', 'clm', 'value'));
INSERT INTO config.language_map (code, value) VALUES ('sal', oils_i18n_gettext('sal', 'Salishan languages', 'clm', 'value'));
INSERT INTO config.language_map (code, value) VALUES ('sam', oils_i18n_gettext('sam', 'Samaritan Aramaic', 'clm', 'value'));
INSERT INTO config.language_map (code, value) VALUES ('san', oils_i18n_gettext('san', 'Sanskrit', 'clm', 'value'));
INSERT INTO config.language_map (code, value) VALUES ('-sao', oils_i18n_gettext('-sao', 'Samoan', 'clm', 'value'));
INSERT INTO config.language_map (code, value) VALUES ('sas', oils_i18n_gettext('sas', 'Sasak', 'clm', 'value'));
INSERT INTO config.language_map (code, value) VALUES ('sat', oils_i18n_gettext('sat', 'Santali', 'clm', 'value'));
INSERT INTO config.language_map (code, value) VALUES ('scc', oils_i18n_gettext('scc', 'Serbian', 'clm', 'value'));
INSERT INTO config.language_map (code, value) VALUES ('sco', oils_i18n_gettext('sco', 'Scots', 'clm', 'value'));
INSERT INTO config.language_map (code, value) VALUES ('scr', oils_i18n_gettext('scr', 'Croatian', 'clm', 'value'));
INSERT INTO config.language_map (code, value) VALUES ('sel', oils_i18n_gettext('sel', 'Selkup', 'clm', 'value'));
INSERT INTO config.language_map (code, value) VALUES ('sem', oils_i18n_gettext('sem', 'Semitic (Other)', 'clm', 'value'));
INSERT INTO config.language_map (code, value) VALUES ('sga', oils_i18n_gettext('sga', 'Irish, Old (to 1100)', 'clm', 'value'));
INSERT INTO config.language_map (code, value) VALUES ('sgn', oils_i18n_gettext('sgn', 'Sign languages', 'clm', 'value'));
INSERT INTO config.language_map (code, value) VALUES ('shn', oils_i18n_gettext('shn', 'Shan', 'clm', 'value'));
INSERT INTO config.language_map (code, value) VALUES ('-sho', oils_i18n_gettext('-sho', 'Shona', 'clm', 'value'));
INSERT INTO config.language_map (code, value) VALUES ('sid', oils_i18n_gettext('sid', 'Sidamo', 'clm', 'value'));
INSERT INTO config.language_map (code, value) VALUES ('sin', oils_i18n_gettext('sin', 'Sinhalese', 'clm', 'value'));
INSERT INTO config.language_map (code, value) VALUES ('sio', oils_i18n_gettext('sio', 'Siouan (Other)', 'clm', 'value'));
INSERT INTO config.language_map (code, value) VALUES ('sit', oils_i18n_gettext('sit', 'Sino-Tibetan (Other)', 'clm', 'value'));
INSERT INTO config.language_map (code, value) VALUES ('sla', oils_i18n_gettext('sla', 'Slavic (Other)', 'clm', 'value'));
INSERT INTO config.language_map (code, value) VALUES ('slo', oils_i18n_gettext('slo', 'Slovak', 'clm', 'value'));
INSERT INTO config.language_map (code, value) VALUES ('slv', oils_i18n_gettext('slv', 'Slovenian', 'clm', 'value'));
INSERT INTO config.language_map (code, value) VALUES ('sma', oils_i18n_gettext('sma', 'Southern Sami', 'clm', 'value'));
INSERT INTO config.language_map (code, value) VALUES ('sme', oils_i18n_gettext('sme', 'Northern Sami', 'clm', 'value'));
INSERT INTO config.language_map (code, value) VALUES ('smi', oils_i18n_gettext('smi', 'Sami', 'clm', 'value'));
INSERT INTO config.language_map (code, value) VALUES ('smj', oils_i18n_gettext('smj', 'Lule Sami', 'clm', 'value'));
INSERT INTO config.language_map (code, value) VALUES ('smn', oils_i18n_gettext('smn', 'Inari Sami', 'clm', 'value'));
INSERT INTO config.language_map (code, value) VALUES ('smo', oils_i18n_gettext('smo', 'Samoan', 'clm', 'value'));
INSERT INTO config.language_map (code, value) VALUES ('sms', oils_i18n_gettext('sms', 'Skolt Sami', 'clm', 'value'));
INSERT INTO config.language_map (code, value) VALUES ('sna', oils_i18n_gettext('sna', 'Shona', 'clm', 'value'));
INSERT INTO config.language_map (code, value) VALUES ('snd', oils_i18n_gettext('snd', 'Sindhi', 'clm', 'value'));
INSERT INTO config.language_map (code, value) VALUES ('-snh', oils_i18n_gettext('-snh', 'Sinhalese', 'clm', 'value'));
INSERT INTO config.language_map (code, value) VALUES ('snk', oils_i18n_gettext('snk', 'Soninke', 'clm', 'value'));
INSERT INTO config.language_map (code, value) VALUES ('sog', oils_i18n_gettext('sog', 'Sogdian', 'clm', 'value'));
INSERT INTO config.language_map (code, value) VALUES ('som', oils_i18n_gettext('som', 'Somali', 'clm', 'value'));
INSERT INTO config.language_map (code, value) VALUES ('son', oils_i18n_gettext('son', 'Songhai', 'clm', 'value'));
INSERT INTO config.language_map (code, value) VALUES ('sot', oils_i18n_gettext('sot', 'Sotho', 'clm', 'value'));
INSERT INTO config.language_map (code, value) VALUES ('spa', oils_i18n_gettext('spa', 'Spanish', 'clm', 'value'));
INSERT INTO config.language_map (code, value) VALUES ('srd', oils_i18n_gettext('srd', 'Sardinian', 'clm', 'value'));
INSERT INTO config.language_map (code, value) VALUES ('srr', oils_i18n_gettext('srr', 'Serer', 'clm', 'value'));
INSERT INTO config.language_map (code, value) VALUES ('ssa', oils_i18n_gettext('ssa', 'Nilo-Saharan (Other)', 'clm', 'value'));
INSERT INTO config.language_map (code, value) VALUES ('-sso', oils_i18n_gettext('-sso', 'Sotho', 'clm', 'value'));
INSERT INTO config.language_map (code, value) VALUES ('ssw', oils_i18n_gettext('ssw', 'Swazi', 'clm', 'value'));
INSERT INTO config.language_map (code, value) VALUES ('suk', oils_i18n_gettext('suk', 'Sukuma', 'clm', 'value'));
INSERT INTO config.language_map (code, value) VALUES ('sun', oils_i18n_gettext('sun', 'Sundanese', 'clm', 'value'));
INSERT INTO config.language_map (code, value) VALUES ('sus', oils_i18n_gettext('sus', 'Susu', 'clm', 'value'));
INSERT INTO config.language_map (code, value) VALUES ('sux', oils_i18n_gettext('sux', 'Sumerian', 'clm', 'value'));
INSERT INTO config.language_map (code, value) VALUES ('swa', oils_i18n_gettext('swa', 'Swahili', 'clm', 'value'));
INSERT INTO config.language_map (code, value) VALUES ('swe', oils_i18n_gettext('swe', 'Swedish', 'clm', 'value'));
INSERT INTO config.language_map (code, value) VALUES ('-swz', oils_i18n_gettext('-swz', 'Swazi', 'clm', 'value'));
INSERT INTO config.language_map (code, value) VALUES ('syr', oils_i18n_gettext('syr', 'Syriac', 'clm', 'value'));
INSERT INTO config.language_map (code, value) VALUES ('-tag', oils_i18n_gettext('-tag', 'Tagalog', 'clm', 'value'));
INSERT INTO config.language_map (code, value) VALUES ('tah', oils_i18n_gettext('tah', 'Tahitian', 'clm', 'value'));
INSERT INTO config.language_map (code, value) VALUES ('tai', oils_i18n_gettext('tai', 'Tai (Other)', 'clm', 'value'));
INSERT INTO config.language_map (code, value) VALUES ('-taj', oils_i18n_gettext('-taj', 'Tajik', 'clm', 'value'));
INSERT INTO config.language_map (code, value) VALUES ('tam', oils_i18n_gettext('tam', 'Tamil', 'clm', 'value'));
INSERT INTO config.language_map (code, value) VALUES ('-tar', oils_i18n_gettext('-tar', 'Tatar', 'clm', 'value'));
INSERT INTO config.language_map (code, value) VALUES ('tat', oils_i18n_gettext('tat', 'Tatar', 'clm', 'value'));
INSERT INTO config.language_map (code, value) VALUES ('tel', oils_i18n_gettext('tel', 'Telugu', 'clm', 'value'));
INSERT INTO config.language_map (code, value) VALUES ('tem', oils_i18n_gettext('tem', 'Temne', 'clm', 'value'));
INSERT INTO config.language_map (code, value) VALUES ('ter', oils_i18n_gettext('ter', 'Terena', 'clm', 'value'));
INSERT INTO config.language_map (code, value) VALUES ('tet', oils_i18n_gettext('tet', 'Tetum', 'clm', 'value'));
INSERT INTO config.language_map (code, value) VALUES ('tgk', oils_i18n_gettext('tgk', 'Tajik', 'clm', 'value'));
INSERT INTO config.language_map (code, value) VALUES ('tgl', oils_i18n_gettext('tgl', 'Tagalog', 'clm', 'value'));
INSERT INTO config.language_map (code, value) VALUES ('tha', oils_i18n_gettext('tha', 'Thai', 'clm', 'value'));
INSERT INTO config.language_map (code, value) VALUES ('tib', oils_i18n_gettext('tib', 'Tibetan', 'clm', 'value'));
INSERT INTO config.language_map (code, value) VALUES ('tig', oils_i18n_gettext('tig', 'Tigré', 'clm', 'value'));
INSERT INTO config.language_map (code, value) VALUES ('tir', oils_i18n_gettext('tir', 'Tigrinya', 'clm', 'value'));
INSERT INTO config.language_map (code, value) VALUES ('tiv', oils_i18n_gettext('tiv', 'Tiv', 'clm', 'value'));
INSERT INTO config.language_map (code, value) VALUES ('tkl', oils_i18n_gettext('tkl', 'Tokelauan', 'clm', 'value'));
INSERT INTO config.language_map (code, value) VALUES ('tli', oils_i18n_gettext('tli', 'Tlingit', 'clm', 'value'));
INSERT INTO config.language_map (code, value) VALUES ('tmh', oils_i18n_gettext('tmh', 'Tamashek', 'clm', 'value'));
INSERT INTO config.language_map (code, value) VALUES ('tog', oils_i18n_gettext('tog', 'Tonga (Nyasa)', 'clm', 'value'));
INSERT INTO config.language_map (code, value) VALUES ('ton', oils_i18n_gettext('ton', 'Tongan', 'clm', 'value'));
INSERT INTO config.language_map (code, value) VALUES ('tpi', oils_i18n_gettext('tpi', 'Tok Pisin', 'clm', 'value'));
INSERT INTO config.language_map (code, value) VALUES ('-tru', oils_i18n_gettext('-tru', 'Truk', 'clm', 'value'));
INSERT INTO config.language_map (code, value) VALUES ('tsi', oils_i18n_gettext('tsi', 'Tsimshian', 'clm', 'value'));
INSERT INTO config.language_map (code, value) VALUES ('tsn', oils_i18n_gettext('tsn', 'Tswana', 'clm', 'value'));
INSERT INTO config.language_map (code, value) VALUES ('tso', oils_i18n_gettext('tso', 'Tsonga', 'clm', 'value'));
INSERT INTO config.language_map (code, value) VALUES ('-tsw', oils_i18n_gettext('-tsw', 'Tswana', 'clm', 'value'));
INSERT INTO config.language_map (code, value) VALUES ('tuk', oils_i18n_gettext('tuk', 'Turkmen', 'clm', 'value'));
INSERT INTO config.language_map (code, value) VALUES ('tum', oils_i18n_gettext('tum', 'Tumbuka', 'clm', 'value'));
INSERT INTO config.language_map (code, value) VALUES ('tup', oils_i18n_gettext('tup', 'Tupi languages', 'clm', 'value'));
INSERT INTO config.language_map (code, value) VALUES ('tur', oils_i18n_gettext('tur', 'Turkish', 'clm', 'value'));
INSERT INTO config.language_map (code, value) VALUES ('tut', oils_i18n_gettext('tut', 'Altaic (Other)', 'clm', 'value'));
INSERT INTO config.language_map (code, value) VALUES ('tvl', oils_i18n_gettext('tvl', 'Tuvaluan', 'clm', 'value'));
INSERT INTO config.language_map (code, value) VALUES ('twi', oils_i18n_gettext('twi', 'Twi', 'clm', 'value'));
INSERT INTO config.language_map (code, value) VALUES ('tyv', oils_i18n_gettext('tyv', 'Tuvinian', 'clm', 'value'));
INSERT INTO config.language_map (code, value) VALUES ('udm', oils_i18n_gettext('udm', 'Udmurt', 'clm', 'value'));
INSERT INTO config.language_map (code, value) VALUES ('uga', oils_i18n_gettext('uga', 'Ugaritic', 'clm', 'value'));
INSERT INTO config.language_map (code, value) VALUES ('uig', oils_i18n_gettext('uig', 'Uighur', 'clm', 'value'));
INSERT INTO config.language_map (code, value) VALUES ('ukr', oils_i18n_gettext('ukr', 'Ukrainian', 'clm', 'value'));
INSERT INTO config.language_map (code, value) VALUES ('umb', oils_i18n_gettext('umb', 'Umbundu', 'clm', 'value'));
INSERT INTO config.language_map (code, value) VALUES ('und', oils_i18n_gettext('und', 'Undetermined', 'clm', 'value'));
INSERT INTO config.language_map (code, value) VALUES ('urd', oils_i18n_gettext('urd', 'Urdu', 'clm', 'value'));
INSERT INTO config.language_map (code, value) VALUES ('uzb', oils_i18n_gettext('uzb', 'Uzbek', 'clm', 'value'));
INSERT INTO config.language_map (code, value) VALUES ('vai', oils_i18n_gettext('vai', 'Vai', 'clm', 'value'));
INSERT INTO config.language_map (code, value) VALUES ('ven', oils_i18n_gettext('ven', 'Venda', 'clm', 'value'));
INSERT INTO config.language_map (code, value) VALUES ('vie', oils_i18n_gettext('vie', 'Vietnamese', 'clm', 'value'));
INSERT INTO config.language_map (code, value) VALUES ('vol', oils_i18n_gettext('vol', 'Volapük', 'clm', 'value'));
INSERT INTO config.language_map (code, value) VALUES ('vot', oils_i18n_gettext('vot', 'Votic', 'clm', 'value'));
INSERT INTO config.language_map (code, value) VALUES ('wak', oils_i18n_gettext('wak', 'Wakashan languages', 'clm', 'value'));
INSERT INTO config.language_map (code, value) VALUES ('wal', oils_i18n_gettext('wal', 'Walamo', 'clm', 'value'));
INSERT INTO config.language_map (code, value) VALUES ('war', oils_i18n_gettext('war', 'Waray', 'clm', 'value'));
INSERT INTO config.language_map (code, value) VALUES ('was', oils_i18n_gettext('was', 'Washo', 'clm', 'value'));
INSERT INTO config.language_map (code, value) VALUES ('wel', oils_i18n_gettext('wel', 'Welsh', 'clm', 'value'));
INSERT INTO config.language_map (code, value) VALUES ('wen', oils_i18n_gettext('wen', 'Sorbian languages', 'clm', 'value'));
INSERT INTO config.language_map (code, value) VALUES ('wln', oils_i18n_gettext('wln', 'Walloon', 'clm', 'value'));
INSERT INTO config.language_map (code, value) VALUES ('wol', oils_i18n_gettext('wol', 'Wolof', 'clm', 'value'));
INSERT INTO config.language_map (code, value) VALUES ('xal', oils_i18n_gettext('xal', 'Kalmyk', 'clm', 'value'));
INSERT INTO config.language_map (code, value) VALUES ('xho', oils_i18n_gettext('xho', 'Xhosa', 'clm', 'value'));
INSERT INTO config.language_map (code, value) VALUES ('yao', oils_i18n_gettext('yao', 'Yao (Africa)', 'clm', 'value'));
INSERT INTO config.language_map (code, value) VALUES ('yap', oils_i18n_gettext('yap', 'Yapese', 'clm', 'value'));
INSERT INTO config.language_map (code, value) VALUES ('yid', oils_i18n_gettext('yid', 'Yiddish', 'clm', 'value'));
INSERT INTO config.language_map (code, value) VALUES ('yor', oils_i18n_gettext('yor', 'Yoruba', 'clm', 'value'));
INSERT INTO config.language_map (code, value) VALUES ('ypk', oils_i18n_gettext('ypk', 'Yupik languages', 'clm', 'value'));
INSERT INTO config.language_map (code, value) VALUES ('zap', oils_i18n_gettext('zap', 'Zapotec', 'clm', 'value'));
INSERT INTO config.language_map (code, value) VALUES ('zen', oils_i18n_gettext('zen', 'Zenaga', 'clm', 'value'));
INSERT INTO config.language_map (code, value) VALUES ('zha', oils_i18n_gettext('zha', 'Zhuang', 'clm', 'value'));
INSERT INTO config.language_map (code, value) VALUES ('znd', oils_i18n_gettext('znd', 'Zande', 'clm', 'value'));
INSERT INTO config.language_map (code, value) VALUES ('zul', oils_i18n_gettext('zul', 'Zulu', 'clm', 'value'));
INSERT INTO config.language_map (code, value) VALUES ('zun', oils_i18n_gettext('zun', 'Zuni', 'clm', 'value'));

INSERT INTO config.item_form_map (code, value) VALUES ('a', oils_i18n_gettext('a', 'Microfilm', 'cifm', 'value'));
INSERT INTO config.item_form_map (code, value) VALUES ('b', oils_i18n_gettext('b', 'Microfiche', 'cifm', 'value'));
INSERT INTO config.item_form_map (code, value) VALUES ('c', oils_i18n_gettext('c', 'Microopaque', 'cifm', 'value'));
INSERT INTO config.item_form_map (code, value) VALUES ('d', oils_i18n_gettext('d', 'Large print', 'cifm', 'value'));
INSERT INTO config.item_form_map (code, value) VALUES ('f', oils_i18n_gettext('f', 'Braille', 'cifm', 'value'));
INSERT INTO config.item_form_map (code, value) VALUES ('r', oils_i18n_gettext('r', 'Regular print reproduction', 'cifm', 'value'));
INSERT INTO config.item_form_map (code, value) VALUES ('s', oils_i18n_gettext('s', 'Electronic', 'cifm', 'value'));

INSERT INTO config.item_type_map (code, value) VALUES ('a', oils_i18n_gettext('a', 'Language material', 'citm', 'value'));
INSERT INTO config.item_type_map (code, value) VALUES ('t', oils_i18n_gettext('t', 'Manuscript language material', 'citm', 'value'));
INSERT INTO config.item_type_map (code, value) VALUES ('g', oils_i18n_gettext('g', 'Projected medium', 'citm', 'value'));
INSERT INTO config.item_type_map (code, value) VALUES ('k', oils_i18n_gettext('k', 'Two-dimensional nonprojectable graphic', 'citm', 'value'));
INSERT INTO config.item_type_map (code, value) VALUES ('r', oils_i18n_gettext('r', 'Three-dimensional artifact or naturally occurring object', 'citm', 'value'));
INSERT INTO config.item_type_map (code, value) VALUES ('o', oils_i18n_gettext('o', 'Kit', 'citm', 'value'));
INSERT INTO config.item_type_map (code, value) VALUES ('p', oils_i18n_gettext('p', 'Mixed materials', 'citm', 'value'));
INSERT INTO config.item_type_map (code, value) VALUES ('e', oils_i18n_gettext('e', 'Cartographic material', 'citm', 'value'));
INSERT INTO config.item_type_map (code, value) VALUES ('f', oils_i18n_gettext('f', 'Manuscript cartographic material', 'citm', 'value'));
INSERT INTO config.item_type_map (code, value) VALUES ('c', oils_i18n_gettext('c', 'Notated music', 'citm', 'value'));
INSERT INTO config.item_type_map (code, value) VALUES ('d', oils_i18n_gettext('d', 'Manuscript notated music', 'citm', 'value'));
INSERT INTO config.item_type_map (code, value) VALUES ('i', oils_i18n_gettext('i', 'Nonmusical sound recording', 'citm', 'value'));
INSERT INTO config.item_type_map (code, value) VALUES ('j', oils_i18n_gettext('j', 'Musical sound recording', 'citm', 'value'));
INSERT INTO config.item_type_map (code, value) VALUES ('m', oils_i18n_gettext('m', 'Computer file', 'citm', 'value'));

INSERT INTO config.bib_level_map (code, value) VALUES ('a', oils_i18n_gettext('a', 'Monographic component part', 'cblvl', 'value'));
INSERT INTO config.bib_level_map (code, value) VALUES ('b', oils_i18n_gettext('b', 'Serial component part', 'cblvl', 'value'));
INSERT INTO config.bib_level_map (code, value) VALUES ('c', oils_i18n_gettext('c', 'Collection', 'cblvl', 'value'));
INSERT INTO config.bib_level_map (code, value) VALUES ('d', oils_i18n_gettext('d', 'Subunit', 'cblvl', 'value'));
INSERT INTO config.bib_level_map (code, value) VALUES ('i', oils_i18n_gettext('i', 'Integrating resource', 'cblvl', 'value'));
INSERT INTO config.bib_level_map (code, value) VALUES ('m', oils_i18n_gettext('m', 'Monograph/Item', 'cblvl', 'value'));
INSERT INTO config.bib_level_map (code, value) VALUES ('s', oils_i18n_gettext('s', 'Serial', 'cblvl', 'value'));

-- available locales
INSERT INTO config.i18n_locale (code,marc_code,name,description)
    VALUES ('en-US', 'eng', oils_i18n_gettext('en-US', 'English (US)', 'i18n_l', 'name'),
	oils_i18n_gettext('en-US', 'American English', 'i18n_l', 'description'));
INSERT INTO config.i18n_locale (code,marc_code,name,description)
    VALUES ('cs-CZ', 'cze', oils_i18n_gettext('cs-CZ', 'Czech', 'i18n_l', 'name'),
	oils_i18n_gettext('cs-CZ', 'Czech', 'i18n_l', 'description'));
INSERT INTO config.i18n_locale (code,marc_code,name,description)
    VALUES ('en-CA', 'eng', oils_i18n_gettext('en-CA', 'English (Canada)', 'i18n_l', 'name'),
	oils_i18n_gettext('en-CA', 'Canadian English', 'i18n_l', 'description'));
INSERT INTO config.i18n_locale (code,marc_code,name,description)
    VALUES ('fr-CA', 'fre', oils_i18n_gettext('fr-CA', 'French (Canada)', 'i18n_l', 'name'),
	oils_i18n_gettext('fr-CA', 'Canadian French', 'i18n_l', 'description'));
INSERT INTO config.i18n_locale (code,marc_code,name,description)
    VALUES ('hy-AM', 'arm', oils_i18n_gettext('hy-AM', 'Armenian', 'i18n_l', 'name'),
	oils_i18n_gettext('hy-AM', 'Armenian', 'i18n_l', 'description'));
--INSERT INTO config.i18n_locale (code,marc_code,name,description)
--    VALUES ('es-US', 'spa', oils_i18n_gettext('es-US', 'Spanish (US)', 'i18n_l', 'name'),
--	oils_i18n_gettext('es-US', 'American Spanish', 'i18n_l', 'description'));
--INSERT INTO config.i18n_locale (code,marc_code,name,description)
--    VALUES ('es-MX', 'spa', oils_i18n_gettext('es-MX', 'Spanish (Mexico)', 'i18n_l', 'name'),
--	oils_i18n_gettext('es-MX', 'Mexican Spanish', 'i18n_l', 'description'));
INSERT INTO config.i18n_locale (code,marc_code,name,description)
    VALUES ('ru-RU', 'rus', oils_i18n_gettext('ru-RU', 'Russian', 'i18n_l', 'name'),
	oils_i18n_gettext('ru-RU', 'Russian', 'i18n_l', 'description'));

-- Z39.50 server attributes

INSERT INTO config.z3950_source (name, label, host, port, db, auth)
	VALUES ('loc', oils_i18n_gettext('loc', 'Library of Congress', 'czs', 'label'), 'z3950.loc.gov', 7090, 'Voyager', FALSE);
INSERT INTO config.z3950_source (name, label, host, port, db, auth)
	VALUES ('oclc', oils_i18n_gettext('oclc', 'OCLC', 'czs', 'label'), 'zcat.oclc.org', 210, 'OLUCWorldCat', TRUE);
INSERT INTO config.z3950_source (name, label, host, port, db, auth)
	VALUES ('biblios', oils_i18n_gettext('biblios','‡biblios.net', 'czs', 'label'), 'z3950.biblios.net', 210, 'bibliographic', FALSE);

INSERT INTO config.z3950_attr (id, source, name, label, code, format)
	VALUES (1, 'loc','tcn', oils_i18n_gettext(1, 'Title Control Number', 'cza', 'label'), 12, 1);
INSERT INTO config.z3950_attr (id, source, name, label, code, format)
	VALUES (2, 'loc', 'isbn', oils_i18n_gettext(2, 'ISBN', 'cza', 'label'), 7, 6);
INSERT INTO config.z3950_attr (id, source, name, label, code, format)
	VALUES (3, 'loc', 'lccn', oils_i18n_gettext(3, 'LCCN', 'cza', 'label'), 9, 1);
INSERT INTO config.z3950_attr (id, source, name, label, code, format)
	VALUES (4, 'loc', 'author', oils_i18n_gettext(4, 'Author', 'cza', 'label'), 1003, 6);
INSERT INTO config.z3950_attr (id, source, name, label, code, format)
	VALUES (5, 'loc', 'title', oils_i18n_gettext(5, 'Title', 'cza', 'label'), 4, 6);
INSERT INTO config.z3950_attr (id, source, name, label, code, format)
	VALUES (6, 'loc', 'issn', oils_i18n_gettext(6, 'ISSN', 'cza', 'label'), 8, 1);
INSERT INTO config.z3950_attr (id, source, name, label, code, format)
	VALUES (7, 'loc', 'publisher', oils_i18n_gettext(7, 'Publisher', 'cza', 'label'), 1018, 6);
INSERT INTO config.z3950_attr (id, source, name, label, code, format)
	VALUES (8, 'loc', 'pubdate', oils_i18n_gettext(8, 'Publication Date', 'cza', 'label'), 31, 1);
INSERT INTO config.z3950_attr (id, source, name, label, code, format)
	VALUES (9, 'loc', 'item_type', oils_i18n_gettext(9, 'Item Type', 'cza', 'label'), 1001, 1);

UPDATE config.z3950_attr SET truncation = 1 WHERE source = 'loc';

INSERT INTO config.z3950_attr (id, source, name, label, code, format)
	VALUES (10, 'oclc', 'tcn', oils_i18n_gettext(10, 'Title Control Number', 'cza', 'label'), 12, 1);
INSERT INTO config.z3950_attr (id, source, name, label, code, format)
	VALUES (11, 'oclc', 'isbn', oils_i18n_gettext(11, 'ISBN', 'cza', 'label'), 7, 6);
INSERT INTO config.z3950_attr (id, source, name, label, code, format)
	VALUES (12, 'oclc', 'lccn', oils_i18n_gettext(12, 'LCCN', 'cza', 'label'), 9, 1);
INSERT INTO config.z3950_attr (id, source, name, label, code, format)
	VALUES (13, 'oclc', 'author', oils_i18n_gettext(13, 'Author', 'cza', 'label'), 1003, 6);
INSERT INTO config.z3950_attr (id, source, name, label, code, format)
	VALUES (14, 'oclc', 'title', oils_i18n_gettext(14, 'Title', 'cza', 'label'), 4, 6);
INSERT INTO config.z3950_attr (id, source, name, label, code, format)
	VALUES (15, 'oclc', 'issn', oils_i18n_gettext(15, 'ISSN', 'cza', 'label'), 8, 1);
INSERT INTO config.z3950_attr (id, source, name, label, code, format)
	VALUES (16, 'oclc', 'publisher', oils_i18n_gettext(16, 'Publisher', 'cza', 'label'), 1018, 6);
INSERT INTO config.z3950_attr (id, source, name, label, code, format)
	VALUES (17, 'oclc', 'pubdate', oils_i18n_gettext(17, 'Publication Date', 'cza', 'label'), 31, 1);
INSERT INTO config.z3950_attr (id, source, name, label, code, format)
	VALUES (18, 'oclc', 'item_type', oils_i18n_gettext(18, 'Item Type', 'cza', 'label'), 1001, 1);

INSERT INTO config.z3950_attr (id, source, name, label, code, format)
	VALUES (19, 'biblios','tcn', oils_i18n_gettext(19, 'Title Control Number', 'cza', 'label'), 12, 1);
INSERT INTO config.z3950_attr (id, source, name, label, code, format)
	VALUES (20, 'biblios', 'isbn', oils_i18n_gettext(20, 'ISBN', 'cza', 'label'), 7, 6);
INSERT INTO config.z3950_attr (id, source, name, label, code, format)
	VALUES (21, 'biblios', 'lccn', oils_i18n_gettext(21, 'LCCN', 'cza', 'label'), 9, 1);
INSERT INTO config.z3950_attr (id, source, name, label, code, format)
	VALUES (22, 'biblios', 'author', oils_i18n_gettext(22, 'Author', 'cza', 'label'), 1003, 6);
INSERT INTO config.z3950_attr (id, source, name, label, code, format)
	VALUES (23, 'biblios', 'title', oils_i18n_gettext(23, 'Title', 'cza', 'label'), 4, 6);
INSERT INTO config.z3950_attr (id, source, name, label, code, format)
	VALUES (24, 'biblios', 'issn', oils_i18n_gettext(24, 'ISSN', 'cza', 'label'), 8, 1);
INSERT INTO config.z3950_attr (id, source, name, label, code, format)
	VALUES (25, 'biblios', 'publisher', oils_i18n_gettext(25, 'Publisher', 'cza', 'label'), 1018, 6);
INSERT INTO config.z3950_attr (id, source, name, label, code, format)
	VALUES (26, 'biblios', 'pubdate', oils_i18n_gettext(26, 'Publication Date', 'cza', 'label'), 31, 1);
INSERT INTO config.z3950_attr (id, source, name, label, code, format)
	VALUES (27, 'biblios', 'item_type', oils_i18n_gettext(27, 'Item Type', 'cza', 'label'), 1001, 1);

UPDATE config.z3950_attr SET truncation = 1 WHERE source = 'biblios';

SELECT SETVAL('config.z3950_attr_id_seq'::TEXT, 100);

--005.schema.actors.sql:

-- The PINES levels
INSERT INTO actor.org_unit_type (id, name, opac_label, depth, parent, can_have_users, can_have_vols) VALUES 
    ( 1, oils_i18n_gettext(1, 'Consortium', 'aout', 'name'),
	oils_i18n_gettext(1, 'Everywhere', 'aout', 'opac_label'), 0, NULL, FALSE, FALSE );
INSERT INTO actor.org_unit_type (id, name, opac_label, depth, parent, can_have_users, can_have_vols) VALUES 
    ( 2, oils_i18n_gettext(2, 'System', 'aout', 'name'),
	oils_i18n_gettext(2, 'Local Library System', 'aout', 'opac_label'), 1, 1, FALSE, FALSE );
INSERT INTO actor.org_unit_type (id, name, opac_label, depth, parent) VALUES 
    ( 3, oils_i18n_gettext(3, 'Branch', 'aout', 'name'),
	oils_i18n_gettext(3, 'This Branch', 'aout', 'opac_label'), 2, 2 );
INSERT INTO actor.org_unit_type (id, name, opac_label, depth, parent) VALUES 
    ( 4, oils_i18n_gettext(4, 'Sub-library', 'aout', 'name'),
	oils_i18n_gettext(4, 'This Specialized Library', 'aout', 'opac_label'), 3, 3 );
INSERT INTO actor.org_unit_type (id, name, opac_label, depth, parent) VALUES 
    ( 5, oils_i18n_gettext(5, 'Bookmobile', 'aout', 'name'),
	oils_i18n_gettext(5, 'Your Bookmobile', 'aout', 'opac_label'), 3, 3 );
SELECT SETVAL('actor.org_unit_type_id_seq'::TEXT, 100);

INSERT INTO actor.org_unit (id, parent_ou, ou_type, shortname, name) VALUES 
    (1, NULL, 1, 'CONS', oils_i18n_gettext(1, 'Example Consortium', 'aou', 'name'));
INSERT INTO actor.org_unit (id, parent_ou, ou_type, shortname, name) VALUES 
    (2, 1, 2, 'SYS1', oils_i18n_gettext(2, 'Example System 1', 'aou', 'name'));
INSERT INTO actor.org_unit (id, parent_ou, ou_type, shortname, name) VALUES 
    (3, 1, 2, 'SYS2', oils_i18n_gettext(3, 'Example System 2', 'aou', 'name'));
INSERT INTO actor.org_unit (id, parent_ou, ou_type, shortname, name) VALUES 
    (4, 2, 3, 'BR1', oils_i18n_gettext(4, 'Example Branch 1', 'aou', 'name'));
INSERT INTO actor.org_unit (id, parent_ou, ou_type, shortname, name) VALUES 
    (5, 2, 3, 'BR2', oils_i18n_gettext(5, 'Example Branch 2', 'aou', 'name'));
INSERT INTO actor.org_unit (id, parent_ou, ou_type, shortname, name) VALUES 
    (6, 3, 3, 'BR3', oils_i18n_gettext(6, 'Example Branch 3', 'aou', 'name'));
INSERT INTO actor.org_unit (id, parent_ou, ou_type, shortname, name) VALUES 
    (7, 3, 3, 'BR4', oils_i18n_gettext(7, 'Example Branch 4', 'aou', 'name'));
INSERT INTO actor.org_unit (id, parent_ou, ou_type, shortname, name) VALUES 
    (8, 4, 4, 'SL1', oils_i18n_gettext(8, 'Example Sub-library 1', 'aou', 'name'));
INSERT INTO actor.org_unit (id, parent_ou, ou_type, shortname, name) VALUES 
    (9, 6, 5, 'BM1', oils_i18n_gettext(9, 'Example Bookmobile 1', 'aou', 'name'));
SELECT SETVAL('actor.org_unit_id_seq'::TEXT, 100);

INSERT INTO actor.org_address (org_unit, street1, city, state, country, post_code)
SELECT id, '123 Main St.', 'Anywhere', 'GA', 'US', '30303'
FROM actor.org_unit;

UPDATE actor.org_unit SET holds_address = id, ill_address = id, billing_address = id, mailing_address = id;

INSERT INTO config.billing_type (id, name, owner) VALUES
	( 1, oils_i18n_gettext(1, 'Overdue Materials', 'cbt', 'name'), 1);
INSERT INTO config.billing_type (id, name, owner) VALUES
	( 2, oils_i18n_gettext(2, 'Long Overdue Collection Fee', 'cbt', 'name'), 1);
INSERT INTO config.billing_type (id, name, owner) VALUES
	( 3, oils_i18n_gettext(3, 'Lost Materials', 'cbt', 'name'), 1);
INSERT INTO config.billing_type (id, name, owner) VALUES
	( 4, oils_i18n_gettext(4, 'Lost Materials Processing Fee', 'cbt', 'name'), 1);
INSERT INTO config.billing_type (id, name, owner) VALUES
	( 5, oils_i18n_gettext(5, 'System: Deposit', 'cbt', 'name'), 1);
INSERT INTO config.billing_type (id, name, owner) VALUES
	( 6, oils_i18n_gettext(6, 'System: Rental', 'cbt', 'name'), 1);
INSERT INTO config.billing_type (id, name, owner) VALUES
	( 7, oils_i18n_gettext(7, 'Damaged Item', 'cbt', 'name'), 1);
INSERT INTO config.billing_type (id, name, owner) VALUES
	( 8, oils_i18n_gettext(8, 'Damaged Item Processing Fee', 'cbt', 'name'), 1);
INSERT INTO config.billing_type (id, name, owner) VALUES
	( 9, oils_i18n_gettext(9, 'Notification Fee', 'cbt', 'name'), 1);

INSERT INTO config.billing_type (id, name, owner) VALUES ( 101, oils_i18n_gettext(101, 'Misc', 'cbt', 'name'), 1);

SELECT SETVAL('config.billing_type_id_seq'::TEXT, 101);

--006.data.permissions.sql:
INSERT INTO permission.perm_list ( id, code, description ) VALUES
 ( -1, 'EVERYTHING', oils_i18n_gettext( -1, 
    'EVERYTHING', 'ppl', 'description' )),
 ( 1, 'OPAC_LOGIN', oils_i18n_gettext( 1, 
    'Allow a user to log in to the OPAC', 'ppl', 'description' )),
 ( 2, 'STAFF_LOGIN', oils_i18n_gettext( 2, 
    'Allow a user to log in to the staff client', 'ppl', 'description' )),
 ( 3, 'MR_HOLDS', oils_i18n_gettext( 3, 
    'Allow a user to create a metarecord holds', 'ppl', 'description' )),
 ( 4, 'TITLE_HOLDS', oils_i18n_gettext( 4, 
    'Allow a user to place a hold at the title level', 'ppl', 'description' )),
 ( 5, 'VOLUME_HOLDS', oils_i18n_gettext( 5, 
    'Allow a user to place a volume level hold', 'ppl', 'description' )),
 ( 6, 'COPY_HOLDS', oils_i18n_gettext( 6, 
    'Allow a user to place a hold on a specific copy', 'ppl', 'description' )),
 ( 7, 'REQUEST_HOLDS', oils_i18n_gettext( 7, 
    'Allow a user to create holds for another user (if true, we still check to make sure they have permission to make the type of hold they are requesting, for example, COPY_HOLDS)', 'ppl', 'description' )),
 ( 8, 'REQUEST_HOLDS_OVERRIDE', oils_i18n_gettext( 8, 
    '* no longer applicable', 'ppl', 'description' )),
 ( 9, 'VIEW_HOLD', oils_i18n_gettext( 9, 
    'Allow a user to view another user''s holds', 'ppl', 'description' )),
 ( 10, 'DELETE_HOLDS', oils_i18n_gettext( 10, 
    '* no longer applicable', 'ppl', 'description' )),
 ( 11, 'UPDATE_HOLD', oils_i18n_gettext( 11, 
    'Allow a user to update another user''s hold', 'ppl', 'description' )),
 ( 12, 'RENEW_CIRC', oils_i18n_gettext( 12, 
    'Allow a user to renew items', 'ppl', 'description' )),
 ( 13, 'VIEW_USER_FINES_SUMMARY', oils_i18n_gettext( 13, 
    'Allow a user to view bill details', 'ppl', 'description' )),
 ( 14, 'VIEW_USER_TRANSACTIONS', oils_i18n_gettext( 14, 
    'Allow a user to see another user''s grocery or circulation transactions in the Bills Interface; duplicate of VIEW_TRANSACTION', 'ppl', 'description' )),
 ( 15, 'UPDATE_MARC', oils_i18n_gettext( 15, 
    'Allow a user to edit a MARC record', 'ppl', 'description' )),
 ( 16, 'CREATE_MARC', oils_i18n_gettext( 16, 
    'Allow a user to create new MARC records', 'ppl', 'description' )),
 ( 17, 'IMPORT_MARC', oils_i18n_gettext( 17, 
    'Allow a user to import a MARC record via the Z39.50 interface', 'ppl', 'description' )),
 ( 18, 'CREATE_VOLUME', oils_i18n_gettext( 18, 
    'Allow a user to create a volume', 'ppl', 'description' )),
 ( 19, 'UPDATE_VOLUME', oils_i18n_gettext( 19, 
    'Allow a user to edit volumes - needed for merging records. This is a duplicate of VOLUME_UPDATE; user must have both permissions at appropriate level to merge records.', 'ppl', 'description' )),
 ( 20, 'DELETE_VOLUME', oils_i18n_gettext( 20, 
    'Allow a user to delete a volume', 'ppl', 'description' )),
 ( 21, 'CREATE_COPY', oils_i18n_gettext( 21, 
    'Allow a user to create a new copy object', 'ppl', 'description' )),
 ( 22, 'UPDATE_COPY', oils_i18n_gettext( 22, 
    'Allow a user to edit a copy', 'ppl', 'description' )),
 ( 23, 'DELETE_COPY', oils_i18n_gettext( 23, 
    'Allow a user to delete a copy', 'ppl', 'description' )),
 ( 24, 'RENEW_HOLD_OVERRIDE', oils_i18n_gettext( 24, 
    'Allow a user to continue to renew an item even if it is required for a hold', 'ppl', 'description' )),
 ( 25, 'CREATE_USER', oils_i18n_gettext( 25, 
    'Allow a user to create another user', 'ppl', 'description' )),
 ( 26, 'UPDATE_USER', oils_i18n_gettext( 26, 
    'Allow a user to edit a user''s record', 'ppl', 'description' )),
 ( 27, 'DELETE_USER', oils_i18n_gettext( 27, 
    'Allow a user to mark a user as deleted', 'ppl', 'description' )),
 ( 28, 'VIEW_USER', oils_i18n_gettext( 28, 
    'Allow a user to view another user''s Patron Record', 'ppl', 'description' )),
 ( 29, 'COPY_CHECKIN', oils_i18n_gettext( 29, 
    'Allow a user to check in a copy', 'ppl', 'description' )),
 ( 30, 'CREATE_TRANSIT', oils_i18n_gettext( 30, 
    'Allow a user to place an item in transit', 'ppl', 'description' )),
 ( 31, 'VIEW_PERMISSION', oils_i18n_gettext( 31, 
    'Allow a user to view user permissions within the user permissions editor', 'ppl', 'description' )),
 ( 32, 'CHECKIN_BYPASS_HOLD_FULFILL', oils_i18n_gettext( 32, 
    '* no longer applicable', 'ppl', 'description' )),
 ( 33, 'CREATE_PAYMENT', oils_i18n_gettext( 33, 
    'Allow a user to record payments in the Billing Interface', 'ppl', 'description' )),
 ( 34, 'SET_CIRC_LOST', oils_i18n_gettext( 34, 
    'Allow a user to mark an item as ''lost''', 'ppl', 'description' )),
 ( 35, 'SET_CIRC_MISSING', oils_i18n_gettext( 35, 
    'Allow a user to mark an item as ''missing''', 'ppl', 'description' )),
 ( 36, 'SET_CIRC_CLAIMS_RETURNED', oils_i18n_gettext( 36, 
    'Allow a user to mark an item as ''claims returned''', 'ppl', 'description' )),
 ( 37, 'CREATE_TRANSACTION', oils_i18n_gettext( 37, 
    'Allow a user to create a new billable transaction', 'ppl', 'description' )),
 ( 38, 'VIEW_TRANSACTION', oils_i18n_gettext( 38, 
    'Allow a user may view another user''s transactions', 'ppl', 'description' )),
 ( 39, 'CREATE_BILL', oils_i18n_gettext( 39, 
    'Allow a user to create a new bill on a transaction', 'ppl', 'description' )),
 ( 40, 'VIEW_CONTAINER', oils_i18n_gettext( 40, 
    'Allow a user to view another user''s containers (buckets)', 'ppl', 'description' )),
 ( 41, 'CREATE_CONTAINER', oils_i18n_gettext( 41, 
    'Allow a user to create a new container for another user', 'ppl', 'description' )),
 ( 42, 'UPDATE_ORG_UNIT', oils_i18n_gettext( 42, 
    'Allow a user to change the settings for an organization unit', 'ppl', 'description' )),
 ( 43, 'VIEW_CIRCULATIONS', oils_i18n_gettext( 43, 
    'Allow a user to see what another user has checked out', 'ppl', 'description' )),
 ( 44, 'DELETE_CONTAINER', oils_i18n_gettext( 44, 
    'Allow a user to delete another user''s container', 'ppl', 'description' )),
 ( 45, 'CREATE_CONTAINER_ITEM', oils_i18n_gettext( 45, 
    'Allow a user to create a container item for another user', 'ppl', 'description' )),
 ( 46, 'CREATE_USER_GROUP_LINK', oils_i18n_gettext( 46, 
    'Allow a user to add other users to permission groups', 'ppl', 'description' )),
 ( 47, 'REMOVE_USER_GROUP_LINK', oils_i18n_gettext( 47, 
    'Allow a user to remove other users from permission groups', 'ppl', 'description' )),
 ( 48, 'VIEW_PERM_GROUPS', oils_i18n_gettext( 48, 
    'Allow a user to view other users'' permission groups', 'ppl', 'description' )),
 ( 49, 'VIEW_PERMIT_CHECKOUT', oils_i18n_gettext( 49, 
    'Allow a user to determine whether another user can check out an item', 'ppl', 'description' )),
 ( 50, 'UPDATE_BATCH_COPY', oils_i18n_gettext( 50, 
    'Allow a user to edit copies in batch', 'ppl', 'description' )),
 ( 51, 'CREATE_PATRON_STAT_CAT', oils_i18n_gettext( 51, 
    'User may create a new patron statistical category', 'ppl', 'description' )),
 ( 52, 'CREATE_COPY_STAT_CAT', oils_i18n_gettext( 52, 
    'User may create a copy statistical category', 'ppl', 'description' )),
 ( 53, 'CREATE_PATRON_STAT_CAT_ENTRY', oils_i18n_gettext( 53, 
    'User may create an entry in a patron statistical category', 'ppl', 'description' )),
 ( 54, 'CREATE_COPY_STAT_CAT_ENTRY', oils_i18n_gettext( 54, 
    'User may create an entry in a copy statistical category', 'ppl', 'description' )),
 ( 55, 'UPDATE_PATRON_STAT_CAT', oils_i18n_gettext( 55, 
    'User may update a patron statistical category', 'ppl', 'description' )),
 ( 56, 'UPDATE_COPY_STAT_CAT', oils_i18n_gettext( 56, 
    'User may update a copy statistical category', 'ppl', 'description' )),
 ( 57, 'UPDATE_PATRON_STAT_CAT_ENTRY', oils_i18n_gettext( 57, 
    'User may update an entry in a patron statistical category', 'ppl', 'description' )),
 ( 58, 'UPDATE_COPY_STAT_CAT_ENTRY', oils_i18n_gettext( 58, 
    'User may update an entry in a copy statistical category', 'ppl', 'description' )),
 ( 59, 'CREATE_PATRON_STAT_CAT_ENTRY_MAP', oils_i18n_gettext( 59, 
    'User may link another user to an entry in a statistical category', 'ppl', 'description' )),
 ( 60, 'CREATE_COPY_STAT_CAT_ENTRY_MAP', oils_i18n_gettext( 60, 
    'User may link a copy to an entry in a statistical category', 'ppl', 'description' )),
 ( 61, 'DELETE_PATRON_STAT_CAT', oils_i18n_gettext( 61, 
    'User may delete a patron statistical category', 'ppl', 'description' )),
 ( 62, 'DELETE_COPY_STAT_CAT', oils_i18n_gettext( 62, 
    'User may delete a copy statistical category', 'ppl', 'description' )),
 ( 63, 'DELETE_PATRON_STAT_CAT_ENTRY', oils_i18n_gettext( 63, 
    'User may delete an entry from a patron statistical category', 'ppl', 'description' )),
 ( 64, 'DELETE_COPY_STAT_CAT_ENTRY', oils_i18n_gettext( 64, 
    'User may delete an entry from a copy statistical category', 'ppl', 'description' )),
 ( 65, 'DELETE_PATRON_STAT_CAT_ENTRY_MAP', oils_i18n_gettext( 65, 
    'User may delete a patron statistical category entry map', 'ppl', 'description' )),
 ( 66, 'DELETE_COPY_STAT_CAT_ENTRY_MAP', oils_i18n_gettext( 66, 
    'User may delete a copy statistical category entry map', 'ppl', 'description' )),
 ( 67, 'CREATE_NON_CAT_TYPE', oils_i18n_gettext( 67, 
    'Allow a user to create a new non-cataloged item type', 'ppl', 'description' )),
 ( 68, 'UPDATE_NON_CAT_TYPE', oils_i18n_gettext( 68, 
    'Allow a user to update a non-cataloged item type', 'ppl', 'description' )),
 ( 69, 'CREATE_IN_HOUSE_USE', oils_i18n_gettext( 69, 
    'Allow a user to create a new in-house-use ', 'ppl', 'description' )),
 ( 70, 'COPY_CHECKOUT', oils_i18n_gettext( 70, 
    'Allow a user to check out a copy', 'ppl', 'description' )),
 ( 71, 'CREATE_COPY_LOCATION', oils_i18n_gettext( 71, 
    'Allow a user to create a new copy location', 'ppl', 'description' )),
 ( 72, 'UPDATE_COPY_LOCATION', oils_i18n_gettext( 72, 
    'Allow a user to update a copy location', 'ppl', 'description' )),
 ( 73, 'DELETE_COPY_LOCATION', oils_i18n_gettext( 73, 
    'Allow a user to delete a copy location', 'ppl', 'description' )),
 ( 74, 'CREATE_COPY_TRANSIT', oils_i18n_gettext( 74, 
    'Allow a user to create a transit_copy object for transiting a copy', 'ppl', 'description' )),
 ( 75, 'COPY_TRANSIT_RECEIVE', oils_i18n_gettext( 75, 
    'Allow a user to close out a transit on a copy', 'ppl', 'description' )),
 ( 76, 'VIEW_HOLD_PERMIT', oils_i18n_gettext( 76, 
    'Allow a user to see if another user has permission to place a hold on a given copy', 'ppl', 'description' )),
 ( 77, 'VIEW_COPY_CHECKOUT_HISTORY', oils_i18n_gettext( 77, 
    'Allow a user to view which users have checked out a given copy', 'ppl', 'description' )),
 ( 78, 'REMOTE_Z3950_QUERY', oils_i18n_gettext( 78, 
    'Allow a user to perform Z39.50 queries against remote servers', 'ppl', 'description' )),
 ( 79, 'REGISTER_WORKSTATION', oils_i18n_gettext( 79, 
    'Allow a user to register a new workstation', 'ppl', 'description' )),
 ( 80, 'VIEW_COPY_NOTES', oils_i18n_gettext( 80, 
    'Allow a user to view all notes attached to a copy', 'ppl', 'description' )),
 ( 81, 'VIEW_VOLUME_NOTES', oils_i18n_gettext( 81, 
    'Allow a user to view all notes attached to a volume', 'ppl', 'description' )),
 ( 82, 'VIEW_TITLE_NOTES', oils_i18n_gettext( 82, 
    'Allow a user to view all notes attached to a title', 'ppl', 'description' )),
 ( 83, 'CREATE_COPY_NOTE', oils_i18n_gettext( 83, 
    'Allow a user to create a new copy note', 'ppl', 'description' )),
 ( 84, 'CREATE_VOLUME_NOTE', oils_i18n_gettext( 84, 
    'Allow a user to create a new volume note', 'ppl', 'description' )),
 ( 85, 'CREATE_TITLE_NOTE', oils_i18n_gettext( 85, 
    'Allow a user to create a new title note', 'ppl', 'description' )),
 ( 86, 'DELETE_COPY_NOTE', oils_i18n_gettext( 86, 
    'Allow a user to delete another user''s copy notes', 'ppl', 'description' )),
 ( 87, 'DELETE_VOLUME_NOTE', oils_i18n_gettext( 87, 
    'Allow a user to delete another user''s volume note', 'ppl', 'description' )),
 ( 88, 'DELETE_TITLE_NOTE', oils_i18n_gettext( 88, 
    'Allow a user to delete another user''s title note', 'ppl', 'description' )),
 ( 89, 'UPDATE_CONTAINER', oils_i18n_gettext( 89, 
    'Allow a user to update another user''s container', 'ppl', 'description' )),
 ( 90, 'CREATE_MY_CONTAINER', oils_i18n_gettext( 90, 
    'Allow a user to create a container for themselves', 'ppl', 'description' )),
 ( 91, 'VIEW_HOLD_NOTIFICATION', oils_i18n_gettext( 91, 
    'Allow a user to view notifications attached to a hold', 'ppl', 'description' )),
 ( 92, 'CREATE_HOLD_NOTIFICATION', oils_i18n_gettext( 92, 
    'Allow a user to create new hold notifications', 'ppl', 'description' )),
 ( 93, 'UPDATE_ORG_SETTING', oils_i18n_gettext( 93, 
    'Allow a user to update an organization unit setting', 'ppl', 'description' )),
 ( 94, 'OFFLINE_UPLOAD', oils_i18n_gettext( 94, 
    'Allow a user to upload an offline script', 'ppl', 'description' )),
 ( 95, 'OFFLINE_VIEW', oils_i18n_gettext( 95, 
    'Allow a user to view uploaded offline script information', 'ppl', 'description' )),
 ( 96, 'OFFLINE_EXECUTE', oils_i18n_gettext( 96, 
    'Allow a user to execute an offline script batch', 'ppl', 'description' )),
 ( 97, 'CIRC_OVERRIDE_DUE_DATE', oils_i18n_gettext( 97, 
    'Allow a user to change the due date on an item to any date', 'ppl', 'description' )),
 ( 98, 'CIRC_PERMIT_OVERRIDE', oils_i18n_gettext( 98, 
    'Allow a user to bypass the circulation permit call for check out', 'ppl', 'description' )),
 ( 99, 'COPY_IS_REFERENCE.override', oils_i18n_gettext( 99, 
    'Allow a user to override the copy_is_reference event', 'ppl', 'description' )),
 ( 100, 'VOID_BILLING', oils_i18n_gettext( 100, 
    'Allow a user to void a bill', 'ppl', 'description' )),
 ( 101, 'CIRC_CLAIMS_RETURNED.override', oils_i18n_gettext( 101, 
    'Allow a user to check in or check out an item that has a status of ''claims returned''', 'ppl', 'description' )),
 ( 102, 'COPY_BAD_STATUS.override', oils_i18n_gettext( 102, 
    'Allow a user to check out an item in a non-circulatable status', 'ppl', 'description' )),
 ( 103, 'COPY_ALERT_MESSAGE.override', oils_i18n_gettext( 103, 
    'Allow a user to check in/out an item that has an alert message', 'ppl', 'description' )),
 ( 104, 'COPY_STATUS_LOST.override', oils_i18n_gettext( 104, 
    'Allow a user to remove the lost status from a copy', 'ppl', 'description' )),
 ( 105, 'COPY_STATUS_MISSING.override', oils_i18n_gettext( 105, 
    'Allow a user to change the missing status on a copy', 'ppl', 'description' )),
 ( 106, 'ABORT_TRANSIT', oils_i18n_gettext( 106, 
    'Allow a user to abort a copy transit if the user is at the transit destination or source', 'ppl', 'description' )),
 ( 107, 'ABORT_REMOTE_TRANSIT', oils_i18n_gettext( 107, 
    'Allow a user to abort a copy transit if the user is not at the transit source or dest', 'ppl', 'description' )),
 ( 108, 'VIEW_ZIP_DATA', oils_i18n_gettext( 108, 
    'Allow a user to query the ZIP code data method', 'ppl', 'description' )),
 ( 109, 'CANCEL_HOLDS', oils_i18n_gettext( 109, 
    'Allow a user to cancel holds', 'ppl', 'description' )),
 ( 110, 'CREATE_DUPLICATE_HOLDS', oils_i18n_gettext( 110, 
    'Allow a user to create duplicate holds (two or more holds on the same title)', 'ppl', 'description' )),
 ( 111, 'actor.org_unit.closed_date.delete', oils_i18n_gettext( 111, 
    'Allow a user to remove a closed date interval for a given location', 'ppl', 'description' )),
 ( 112, 'actor.org_unit.closed_date.update', oils_i18n_gettext( 112, 
    'Allow a user to update a closed date interval for a given location', 'ppl', 'description' )),
 ( 113, 'actor.org_unit.closed_date.create', oils_i18n_gettext( 113, 
    'Allow a user to create a new closed date for a location', 'ppl', 'description' )),
 ( 114, 'DELETE_NON_CAT_TYPE', oils_i18n_gettext( 114, 
    'Allow a user to delete a non cataloged type', 'ppl', 'description' )),
 ( 115, 'money.collections_tracker.create', oils_i18n_gettext( 115, 
    'Allow a user to put someone into collections', 'ppl', 'description' )),
 ( 116, 'money.collections_tracker.delete', oils_i18n_gettext( 116, 
    'Allow a user to remove someone from collections', 'ppl', 'description' )),
 ( 117, 'BAR_PATRON', oils_i18n_gettext( 117, 
    'Allow a user to bar a patron', 'ppl', 'description' )),
 ( 118, 'UNBAR_PATRON', oils_i18n_gettext( 118, 
    'Allow a user to un-bar a patron', 'ppl', 'description' )),
 ( 119, 'DELETE_WORKSTATION', oils_i18n_gettext( 119, 
    'Allow a user to remove an existing workstation so a new one can replace it', 'ppl', 'description' )),
 ( 120, 'group_application.user', oils_i18n_gettext( 120, 
    'Allow a user to add/remove users to/from the "User" group', 'ppl', 'description' )),
 ( 121, 'group_application.user.patron', oils_i18n_gettext( 121, 
    'Allow a user to add/remove users to/from the "Patron" group', 'ppl', 'description' )),
 ( 122, 'group_application.user.staff', oils_i18n_gettext( 122, 
    'Allow a user to add/remove users to/from the "Staff" group', 'ppl', 'description' )),
 ( 123, 'group_application.user.staff.circ', oils_i18n_gettext( 123, 
    'Allow a user to add/remove users to/from the "Circulator" group', 'ppl', 'description' )),
 ( 124, 'group_application.user.staff.cat', oils_i18n_gettext( 124, 
    'Allow a user to add/remove users to/from the "Cataloger" group', 'ppl', 'description' )),
 ( 125, 'group_application.user.staff.admin.global_admin', oils_i18n_gettext( 125, 
    'Allow a user to add/remove users to/from the "GlobalAdmin" group', 'ppl', 'description' )),
 ( 126, 'group_application.user.staff.admin.local_admin', oils_i18n_gettext( 126, 
    'Allow a user to add/remove users to/from the "LocalAdmin" group', 'ppl', 'description' )),
 ( 127, 'group_application.user.staff.admin.lib_manager', oils_i18n_gettext( 127, 
    'Allow a user to add/remove users to/from the "LibraryManager" group', 'ppl', 'description' )),
 ( 128, 'group_application.user.staff.cat.cat1', oils_i18n_gettext( 128, 
    'Allow a user to add/remove users to/from the "Cat1" group', 'ppl', 'description' )),
 ( 129, 'group_application.user.staff.supercat', oils_i18n_gettext( 129, 
    'Allow a user to add/remove users to/from the "Supercat" group', 'ppl', 'description' )),
 ( 130, 'group_application.user.sip_client', oils_i18n_gettext( 130, 
    'Allow a user to add/remove users to/from the "SIP-Client" group', 'ppl', 'description' )),
 ( 131, 'group_application.user.vendor', oils_i18n_gettext( 131, 
    'Allow a user to add/remove users to/from the "Vendor" group', 'ppl', 'description' )),
 ( 132, 'ITEM_AGE_PROTECTED.override', oils_i18n_gettext( 132, 
    'Allow a user to place a hold on an age-protected item', 'ppl', 'description' )),
 ( 133, 'MAX_RENEWALS_REACHED.override', oils_i18n_gettext( 133, 
    'Allow a user to renew an item past the maximum renewal count', 'ppl', 'description' )),
 ( 134, 'PATRON_EXCEEDS_CHECKOUT_COUNT.override', oils_i18n_gettext( 134, 
    'Allow staff to override checkout count failure', 'ppl', 'description' )),
 ( 135, 'PATRON_EXCEEDS_OVERDUE_COUNT.override', oils_i18n_gettext( 135, 
    'Allow staff to override overdue count failure', 'ppl', 'description' )),
 ( 136, 'PATRON_EXCEEDS_FINES.override', oils_i18n_gettext( 136, 
    'Allow staff to override fine amount checkout failure', 'ppl', 'description' )),
 ( 137, 'CIRC_EXCEEDS_COPY_RANGE.override', oils_i18n_gettext( 137, 
    'Allow staff to override circulation copy range failure', 'ppl', 'description' )),
 ( 138, 'ITEM_ON_HOLDS_SHELF.override', oils_i18n_gettext( 138, 
    'Allow staff to override item on holds shelf failure', 'ppl', 'description' )),
 ( 139, 'COPY_NOT_AVAILABLE.override', oils_i18n_gettext( 139, 
    'Allow staff to force checkout of Missing/Lost type items', 'ppl', 'description' )),
 ( 140, 'HOLD_EXISTS.override', oils_i18n_gettext( 140, 
    'Allow a user to place multiple holds on a single title', 'ppl', 'description' )),
 ( 141, 'RUN_REPORTS', oils_i18n_gettext( 141, 
    'Allow a user to run reports', 'ppl', 'description' )),
 ( 142, 'SHARE_REPORT_FOLDER', oils_i18n_gettext( 142, 
    'Allow a user to share report his own folders', 'ppl', 'description' )),
 ( 143, 'VIEW_REPORT_OUTPUT', oils_i18n_gettext( 143, 
    'Allow a user to view report output', 'ppl', 'description' )),
 ( 144, 'COPY_CIRC_NOT_ALLOWED.override', oils_i18n_gettext( 144, 
    'Allow a user to checkout an item that is marked as non-circ', 'ppl', 'description' )),
 ( 145, 'DELETE_CONTAINER_ITEM', oils_i18n_gettext( 145, 
    'Allow a user to delete an item out of another user''s container', 'ppl', 'description' )),
 ( 146, 'ASSIGN_WORK_ORG_UNIT', oils_i18n_gettext( 146, 
    'Allow a staff member to define where another staff member has their permissions', 'ppl', 'description' )),
 ( 147, 'CREATE_FUNDING_SOURCE', oils_i18n_gettext( 147, 
    'Allow a user to create a new funding source', 'ppl', 'description' )),
 ( 148, 'DELETE_FUNDING_SOURCE', oils_i18n_gettext( 148, 
    'Allow a user to delete a funding source', 'ppl', 'description' )),
 ( 149, 'VIEW_FUNDING_SOURCE', oils_i18n_gettext( 149, 
    'Allow a user to view a funding source', 'ppl', 'description' )),
 ( 150, 'UPDATE_FUNDING_SOURCE', oils_i18n_gettext( 150, 
    'Allow a user to update a funding source', 'ppl', 'description' )),
 ( 151, 'CREATE_FUND', oils_i18n_gettext( 151, 
    'Allow a user to create a new fund', 'ppl', 'description' )),
 ( 152, 'DELETE_FUND', oils_i18n_gettext( 152, 
    'Allow a user to delete a fund', 'ppl', 'description' )),
 ( 153, 'VIEW_FUND', oils_i18n_gettext( 153, 
    'Allow a user to view a fund', 'ppl', 'description' )),
 ( 154, 'UPDATE_FUND', oils_i18n_gettext( 154, 
    'Allow a user to update a fund', 'ppl', 'description' )),
 ( 155, 'CREATE_FUND_ALLOCATION', oils_i18n_gettext( 155, 
    'Allow a user to create a new fund allocation', 'ppl', 'description' )),
 ( 156, 'DELETE_FUND_ALLOCATION', oils_i18n_gettext( 156, 
    'Allow a user to delete a fund allocation', 'ppl', 'description' )),
 ( 157, 'VIEW_FUND_ALLOCATION', oils_i18n_gettext( 157, 
    'Allow a user to view a fund allocation', 'ppl', 'description' )),
 ( 158, 'UPDATE_FUND_ALLOCATION', oils_i18n_gettext( 158, 
    'Allow a user to update a fund allocation', 'ppl', 'description' )),
 ( 159, 'GENERAL_ACQ', oils_i18n_gettext( 159, 
    'Lowest level permission required to access the ACQ interface', 'ppl', 'description' )),
 ( 160, 'CREATE_PROVIDER', oils_i18n_gettext( 160, 
    'Allow a user to create a new provider', 'ppl', 'description' )),
 ( 161, 'DELETE_PROVIDER', oils_i18n_gettext( 161, 
    'Allow a user to delate a provider', 'ppl', 'description' )),
 ( 162, 'VIEW_PROVIDER', oils_i18n_gettext( 162, 
    'Allow a user to view a provider', 'ppl', 'description' )),
 ( 163, 'UPDATE_PROVIDER', oils_i18n_gettext( 163, 
    'Allow a user to update a provider', 'ppl', 'description' )),
 ( 164, 'ADMIN_FUNDING_SOURCE', oils_i18n_gettext( 164, 
    'Allow a user to create/view/update/delete a funding source', 'ppl', 'description' )),
 ( 165, 'ADMIN_FUND', oils_i18n_gettext( 165, 
    '(Deprecated) Allow a user to create/view/update/delete a fund', 'ppl', 'description' )),
 ( 166, 'MANAGE_FUNDING_SOURCE', oils_i18n_gettext( 166, 
    'Allow a user to view/credit/debit a funding source', 'ppl', 'description' )),
 ( 167, 'MANAGE_FUND', oils_i18n_gettext( 167, 
    'Allow a user to view/credit/debit a fund', 'ppl', 'description' )),
 ( 168, 'CREATE_PICKLIST', oils_i18n_gettext( 168, 
    'Allows a user to create a picklist', 'ppl', 'description' )),
 ( 169, 'ADMIN_PROVIDER', oils_i18n_gettext( 169, 
    'Allow a user to create/view/update/delete a provider', 'ppl', 'description' )),
 ( 170, 'MANAGE_PROVIDER', oils_i18n_gettext( 170, 
    'Allow a user to view and purchase from a provider', 'ppl', 'description' )),
 ( 171, 'VIEW_PICKLIST', oils_i18n_gettext( 171, 
    'Allow a user to view another users picklist', 'ppl', 'description' )),
 ( 172, 'DELETE_RECORD', oils_i18n_gettext( 172, 
    'Allow a staff member to directly remove a bibliographic record', 'ppl', 'description' )),
 ( 173, 'ADMIN_CURRENCY_TYPE', oils_i18n_gettext( 173, 
    'Allow a user to create/view/update/delete a currency_type', 'ppl', 'description' )),
 ( 174, 'MARK_BAD_DEBT', oils_i18n_gettext( 174, 
    'Allow a user to mark a transaction as bad (unrecoverable) debt', 'ppl', 'description' )),
 ( 175, 'VIEW_BILLING_TYPE', oils_i18n_gettext( 175, 
    'Allow a user to view billing types', 'ppl', 'description' )),
 ( 176, 'MARK_ITEM_AVAILABLE', oils_i18n_gettext( 176, 
    'Allow a user to mark an item status as ''available''', 'ppl', 'description' )),
 ( 177, 'MARK_ITEM_CHECKED_OUT', oils_i18n_gettext( 177, 
    'Allow a user to mark an item status as ''checked out''', 'ppl', 'description' )),
 ( 178, 'MARK_ITEM_BINDERY', oils_i18n_gettext( 178, 
    'Allow a user to mark an item status as ''bindery''', 'ppl', 'description' )),
 ( 179, 'MARK_ITEM_LOST', oils_i18n_gettext( 179, 
    'Allow a user to mark an item status as ''lost''', 'ppl', 'description' )),
 ( 180, 'MARK_ITEM_MISSING', oils_i18n_gettext( 180, 
    'Allow a user to mark an item status as ''missing''', 'ppl', 'description' )),
 ( 181, 'MARK_ITEM_IN_PROCESS', oils_i18n_gettext( 181, 
    'Allow a user to mark an item status as ''in process''', 'ppl', 'description' )),
 ( 182, 'MARK_ITEM_IN_TRANSIT', oils_i18n_gettext( 182, 
    'Allow a user to mark an item status as ''in transit''', 'ppl', 'description' )),
 ( 183, 'MARK_ITEM_RESHELVING', oils_i18n_gettext( 183, 
    'Allow a user to mark an item status as ''reshelving''', 'ppl', 'description' )),
 ( 184, 'MARK_ITEM_ON_HOLDS_SHELF', oils_i18n_gettext( 184, 
    'Allow a user to mark an item status as ''on holds shelf''', 'ppl', 'description' )),
 ( 185, 'MARK_ITEM_ON_ORDER', oils_i18n_gettext( 185, 
    'Allow a user to mark an item status as ''on order''', 'ppl', 'description' )),
 ( 186, 'MARK_ITEM_ILL', oils_i18n_gettext( 186, 
    'Allow a user to mark an item status as ''inter-library loan''', 'ppl', 'description' )),
 ( 187, 'group_application.user.staff.acq', oils_i18n_gettext( 187, 
    'Allows a user to add/remove/edit users in the "ACQ" group', 'ppl', 'description' )),
 ( 188, 'CREATE_PURCHASE_ORDER', oils_i18n_gettext( 188, 
    'Allows a user to create a purchase order', 'ppl', 'description' )),
 ( 189, 'VIEW_PURCHASE_ORDER', oils_i18n_gettext( 189, 
    'Allows a user to view a purchase order', 'ppl', 'description' )),
 ( 190, 'IMPORT_ACQ_LINEITEM_BIB_RECORD', oils_i18n_gettext( 190, 
    'Allows a user to import a bib record from the acq staging area (on-order record) into the ILS bib data set', 'ppl', 'description' )),
 ( 191, 'RECEIVE_PURCHASE_ORDER', oils_i18n_gettext( 191, 
    'Allows a user to mark a purchase order, lineitem, or individual copy as received', 'ppl', 'description' )),
 ( 192, 'VIEW_ORG_SETTINGS', oils_i18n_gettext( 192, 
    'Allows a user to view all org settings at the specified level', 'ppl', 'description' )),
 ( 193, 'CREATE_MFHD_RECORD', oils_i18n_gettext( 193, 
    'Allows a user to create a new MFHD record', 'ppl', 'description' )),
 ( 194, 'UPDATE_MFHD_RECORD', oils_i18n_gettext( 194, 
    'Allows a user to update an MFHD record', 'ppl', 'description' )),
 ( 195, 'DELETE_MFHD_RECORD', oils_i18n_gettext( 195, 
    'Allows a user to delete an MFHD record', 'ppl', 'description' )),
 ( 196, 'ADMIN_ACQ_FUND', oils_i18n_gettext( 196, 
    'Allow a user to create/view/update/delete a fund', 'ppl', 'description' )),
 ( 197, 'group_application.user.staff.acq_admin', oils_i18n_gettext( 197, 
    'Allows a user to add/remove/edit users in the "Acquisitions Administrators" group', 'ppl', 'description' )),
 ( 198, 'SET_CIRC_CLAIMS_RETURNED.override', oils_i18n_gettext( 198, 
    'Allows staff to override the max claims returned value for a patron', 'ppl', 'description' )),
 ( 199, 'UPDATE_PATRON_CLAIM_RETURN_COUNT', oils_i18n_gettext( 199, 
    'Allows staff to manually change a patron''s claims returned count', 'ppl', 'description' )),
 ( 200, 'UPDATE_BILL_NOTE', oils_i18n_gettext( 200, 
    'Allows staff to edit the note for a bill on a transaction', 'ppl', 'description' )),
 ( 201, 'UPDATE_PAYMENT_NOTE', oils_i18n_gettext( 201, 
    'Allows staff to edit the note for a payment on a transaction', 'ppl', 'description' )),
 ( 202, 'UPDATE_PATRON_CLAIM_NEVER_CHECKED_OUT_COUNT', oils_i18n_gettext( 202, 
    'Allows staff to manually change a patron''s claims never checkout out count', 'ppl', 'description' )),
 ( 203, 'ADMIN_COPY_LOCATION_ORDER', oils_i18n_gettext( 203, 
    'Allow a user to create/view/update/delete a copy location order', 'ppl', 'description' )),
 ( 204, 'ASSIGN_GROUP_PERM', oils_i18n_gettext( 204, 
    'ASSIGN_GROUP_PERM', 'ppl', 'description' )),
 ( 205, 'CREATE_AUDIENCE', oils_i18n_gettext( 205, 
    'CREATE_AUDIENCE', 'ppl', 'description' )),
 ( 206, 'CREATE_BIB_LEVEL', oils_i18n_gettext( 206, 
    'CREATE_BIB_LEVEL', 'ppl', 'description' )),
 ( 207, 'CREATE_CIRC_DURATION', oils_i18n_gettext( 207, 
    'CREATE_CIRC_DURATION', 'ppl', 'description' )),
 ( 208, 'CREATE_CIRC_MOD', oils_i18n_gettext( 208, 
    'CREATE_CIRC_MOD', 'ppl', 'description' )),
 ( 209, 'CREATE_COPY_STATUS', oils_i18n_gettext( 209, 
    'CREATE_COPY_STATUS', 'ppl', 'description' )),
 ( 210, 'CREATE_HOURS_OF_OPERATION', oils_i18n_gettext( 210, 
    'CREATE_HOURS_OF_OPERATION', 'ppl', 'description' )),
 ( 211, 'CREATE_ITEM_FORM', oils_i18n_gettext( 211, 
    'CREATE_ITEM_FORM', 'ppl', 'description' )),
 ( 212, 'CREATE_ITEM_TYPE', oils_i18n_gettext( 212, 
    'CREATE_ITEM_TYPE', 'ppl', 'description' )),
 ( 213, 'CREATE_LANGUAGE', oils_i18n_gettext( 213, 
    'CREATE_LANGUAGE', 'ppl', 'description' )),
 ( 214, 'CREATE_LASSO', oils_i18n_gettext( 214, 
    'CREATE_LASSO', 'ppl', 'description' )),
 ( 215, 'CREATE_LASSO_MAP', oils_i18n_gettext( 215, 
    'CREATE_LASSO_MAP', 'ppl', 'description' )),
 ( 216, 'CREATE_LIT_FORM', oils_i18n_gettext( 216, 
    'CREATE_LIT_FORM', 'ppl', 'description' )),
 ( 217, 'CREATE_METABIB_FIELD', oils_i18n_gettext( 217, 
    'CREATE_METABIB_FIELD', 'ppl', 'description' )),
 ( 218, 'CREATE_NET_ACCESS_LEVEL', oils_i18n_gettext( 218, 
    'CREATE_NET_ACCESS_LEVEL', 'ppl', 'description' )),
 ( 219, 'CREATE_ORG_ADDRESS', oils_i18n_gettext( 219, 
    'CREATE_ORG_ADDRESS', 'ppl', 'description' )),
 ( 220, 'CREATE_ORG_TYPE', oils_i18n_gettext( 220, 
    'CREATE_ORG_TYPE', 'ppl', 'description' )),
 ( 221, 'CREATE_ORG_UNIT', oils_i18n_gettext( 221, 
    'CREATE_ORG_UNIT', 'ppl', 'description' )),
 ( 222, 'CREATE_ORG_UNIT_CLOSING', oils_i18n_gettext( 222, 
    'CREATE_ORG_UNIT_CLOSING', 'ppl', 'description' )),
 ( 223, 'CREATE_PERM', oils_i18n_gettext( 223, 
    'CREATE_PERM', 'ppl', 'description' )),
 ( 224, 'CREATE_RELEVANCE_ADJUSTMENT', oils_i18n_gettext( 224, 
    'CREATE_RELEVANCE_ADJUSTMENT', 'ppl', 'description' )),
 ( 225, 'CREATE_SURVEY', oils_i18n_gettext( 225, 
    'CREATE_SURVEY', 'ppl', 'description' )),
 ( 226, 'CREATE_VR_FORMAT', oils_i18n_gettext( 226, 
    'CREATE_VR_FORMAT', 'ppl', 'description' )),
 ( 227, 'CREATE_XML_TRANSFORM', oils_i18n_gettext( 227, 
    'CREATE_XML_TRANSFORM', 'ppl', 'description' )),
 ( 228, 'DELETE_AUDIENCE', oils_i18n_gettext( 228, 
    'DELETE_AUDIENCE', 'ppl', 'description' )),
 ( 229, 'DELETE_BIB_LEVEL', oils_i18n_gettext( 229, 
    'DELETE_BIB_LEVEL', 'ppl', 'description' )),
 ( 230, 'DELETE_CIRC_DURATION', oils_i18n_gettext( 230, 
    'DELETE_CIRC_DURATION', 'ppl', 'description' )),
 ( 231, 'DELETE_CIRC_MOD', oils_i18n_gettext( 231, 
    'DELETE_CIRC_MOD', 'ppl', 'description' )),
 ( 232, 'DELETE_COPY_STATUS', oils_i18n_gettext( 232, 
    'DELETE_COPY_STATUS', 'ppl', 'description' )),
 ( 233, 'DELETE_HOURS_OF_OPERATION', oils_i18n_gettext( 233, 
    'DELETE_HOURS_OF_OPERATION', 'ppl', 'description' )),
 ( 234, 'DELETE_ITEM_FORM', oils_i18n_gettext( 234, 
    'DELETE_ITEM_FORM', 'ppl', 'description' )),
 ( 235, 'DELETE_ITEM_TYPE', oils_i18n_gettext( 235, 
    'DELETE_ITEM_TYPE', 'ppl', 'description' )),
 ( 236, 'DELETE_LANGUAGE', oils_i18n_gettext( 236, 
    'DELETE_LANGUAGE', 'ppl', 'description' )),
 ( 237, 'DELETE_LASSO', oils_i18n_gettext( 237, 
    'DELETE_LASSO', 'ppl', 'description' )),
 ( 238, 'DELETE_LASSO_MAP', oils_i18n_gettext( 238, 
    'DELETE_LASSO_MAP', 'ppl', 'description' )),
 ( 239, 'DELETE_LIT_FORM', oils_i18n_gettext( 239, 
    'DELETE_LIT_FORM', 'ppl', 'description' )),
 ( 240, 'DELETE_METABIB_FIELD', oils_i18n_gettext( 240, 
    'DELETE_METABIB_FIELD', 'ppl', 'description' )),
 ( 241, 'DELETE_NET_ACCESS_LEVEL', oils_i18n_gettext( 241, 
    'DELETE_NET_ACCESS_LEVEL', 'ppl', 'description' )),
 ( 242, 'DELETE_ORG_ADDRESS', oils_i18n_gettext( 242, 
    'DELETE_ORG_ADDRESS', 'ppl', 'description' )),
 ( 243, 'DELETE_ORG_TYPE', oils_i18n_gettext( 243, 
    'DELETE_ORG_TYPE', 'ppl', 'description' )),
 ( 244, 'DELETE_ORG_UNIT', oils_i18n_gettext( 244, 
    'DELETE_ORG_UNIT', 'ppl', 'description' )),
 ( 245, 'DELETE_ORG_UNIT_CLOSING', oils_i18n_gettext( 245, 
    'DELETE_ORG_UNIT_CLOSING', 'ppl', 'description' )),
 ( 246, 'DELETE_PERM', oils_i18n_gettext( 246, 
    'DELETE_PERM', 'ppl', 'description' )),
 ( 247, 'DELETE_RELEVANCE_ADJUSTMENT', oils_i18n_gettext( 247, 
    'DELETE_RELEVANCE_ADJUSTMENT', 'ppl', 'description' )),
 ( 248, 'DELETE_SURVEY', oils_i18n_gettext( 248, 
    'DELETE_SURVEY', 'ppl', 'description' )),
 ( 249, 'DELETE_TRANSIT', oils_i18n_gettext( 249, 
    'DELETE_TRANSIT', 'ppl', 'description' )),
 ( 250, 'DELETE_VR_FORMAT', oils_i18n_gettext( 250, 
    'DELETE_VR_FORMAT', 'ppl', 'description' )),
 ( 251, 'DELETE_XML_TRANSFORM', oils_i18n_gettext( 251, 
    'DELETE_XML_TRANSFORM', 'ppl', 'description' )),
 ( 252, 'REMOVE_GROUP_PERM', oils_i18n_gettext( 252, 
    'REMOVE_GROUP_PERM', 'ppl', 'description' )),
 ( 253, 'TRANSIT_COPY', oils_i18n_gettext( 253, 
    'TRANSIT_COPY', 'ppl', 'description' )),
 ( 254, 'UPDATE_AUDIENCE', oils_i18n_gettext( 254, 
    'UPDATE_AUDIENCE', 'ppl', 'description' )),
 ( 255, 'UPDATE_BIB_LEVEL', oils_i18n_gettext( 255, 
    'UPDATE_BIB_LEVEL', 'ppl', 'description' )),
 ( 256, 'UPDATE_CIRC_DURATION', oils_i18n_gettext( 256, 
    'UPDATE_CIRC_DURATION', 'ppl', 'description' )),
 ( 257, 'UPDATE_CIRC_MOD', oils_i18n_gettext( 257, 
    'UPDATE_CIRC_MOD', 'ppl', 'description' )),
 ( 258, 'UPDATE_COPY_NOTE', oils_i18n_gettext( 258, 
    'UPDATE_COPY_NOTE', 'ppl', 'description' )),
 ( 259, 'UPDATE_COPY_STATUS', oils_i18n_gettext( 259, 
    'UPDATE_COPY_STATUS', 'ppl', 'description' )),
 ( 260, 'UPDATE_GROUP_PERM', oils_i18n_gettext( 260, 
    'UPDATE_GROUP_PERM', 'ppl', 'description' )),
 ( 261, 'UPDATE_HOURS_OF_OPERATION', oils_i18n_gettext( 261, 
    'UPDATE_HOURS_OF_OPERATION', 'ppl', 'description' )),
 ( 262, 'UPDATE_ITEM_FORM', oils_i18n_gettext( 262, 
    'UPDATE_ITEM_FORM', 'ppl', 'description' )),
 ( 263, 'UPDATE_ITEM_TYPE', oils_i18n_gettext( 263, 
    'UPDATE_ITEM_TYPE', 'ppl', 'description' )),
 ( 264, 'UPDATE_LANGUAGE', oils_i18n_gettext( 264, 
    'UPDATE_LANGUAGE', 'ppl', 'description' )),
 ( 265, 'UPDATE_LASSO', oils_i18n_gettext( 265, 
    'UPDATE_LASSO', 'ppl', 'description' )),
 ( 266, 'UPDATE_LASSO_MAP', oils_i18n_gettext( 266, 
    'UPDATE_LASSO_MAP', 'ppl', 'description' )),
 ( 267, 'UPDATE_LIT_FORM', oils_i18n_gettext( 267, 
    'UPDATE_LIT_FORM', 'ppl', 'description' )),
 ( 268, 'UPDATE_METABIB_FIELD', oils_i18n_gettext( 268, 
    'UPDATE_METABIB_FIELD', 'ppl', 'description' )),
 ( 269, 'UPDATE_NET_ACCESS_LEVEL', oils_i18n_gettext( 269, 
    'UPDATE_NET_ACCESS_LEVEL', 'ppl', 'description' )),
 ( 270, 'UPDATE_ORG_ADDRESS', oils_i18n_gettext( 270, 
    'UPDATE_ORG_ADDRESS', 'ppl', 'description' )),
 ( 271, 'UPDATE_ORG_TYPE', oils_i18n_gettext( 271, 
    'UPDATE_ORG_TYPE', 'ppl', 'description' )),
 ( 272, 'UPDATE_ORG_UNIT_CLOSING', oils_i18n_gettext( 272, 
    'UPDATE_ORG_UNIT_CLOSING', 'ppl', 'description' )),
 ( 273, 'UPDATE_PERM', oils_i18n_gettext( 273, 
    'UPDATE_PERM', 'ppl', 'description' )),
 ( 274, 'UPDATE_RELEVANCE_ADJUSTMENT', oils_i18n_gettext( 274, 
    'UPDATE_RELEVANCE_ADJUSTMENT', 'ppl', 'description' )),
 ( 275, 'UPDATE_SURVEY', oils_i18n_gettext( 275, 
    'UPDATE_SURVEY', 'ppl', 'description' )),
 ( 276, 'UPDATE_TRANSIT', oils_i18n_gettext( 276, 
    'UPDATE_TRANSIT', 'ppl', 'description' )),
 ( 277, 'UPDATE_VOLUME_NOTE', oils_i18n_gettext( 277, 
    'UPDATE_VOLUME_NOTE', 'ppl', 'description' )),
 ( 278, 'UPDATE_VR_FORMAT', oils_i18n_gettext( 278, 
    'UPDATE_VR_FORMAT', 'ppl', 'description' )),
 ( 279, 'UPDATE_XML_TRANSFORM', oils_i18n_gettext( 279, 
    'UPDATE_XML_TRANSFORM', 'ppl', 'description' )),
 ( 280, 'MERGE_BIB_RECORDS', oils_i18n_gettext( 280, 
    'MERGE_BIB_RECORDS', 'ppl', 'description' )),
 ( 281, 'UPDATE_PICKUP_LIB_FROM_HOLDS_SHELF', oils_i18n_gettext( 281, 
    'UPDATE_PICKUP_LIB_FROM_HOLDS_SHELF', 'ppl', 'description' )),
 ( 282, 'CREATE_ACQ_FUNDING_SOURCE', oils_i18n_gettext( 282, 
    'CREATE_ACQ_FUNDING_SOURCE', 'ppl', 'description' )),
 ( 283, 'CREATE_AUTHORITY_IMPORT_IMPORT_FIELD_DEF', oils_i18n_gettext( 283, 
    'CREATE_AUTHORITY_IMPORT_IMPORT_FIELD_DEF', 'ppl', 'description' )),
 ( 284, 'CREATE_AUTHORITY_IMPORT_QUEUE', oils_i18n_gettext( 284, 
    'CREATE_AUTHORITY_IMPORT_QUEUE', 'ppl', 'description' )),
 ( 285, 'CREATE_AUTHORITY_RECORD_NOTE', oils_i18n_gettext( 285, 
    'CREATE_AUTHORITY_RECORD_NOTE', 'ppl', 'description' )),
 ( 286, 'CREATE_BIB_IMPORT_FIELD_DEF', oils_i18n_gettext( 286, 
    'CREATE_BIB_IMPORT_FIELD_DEF', 'ppl', 'description' )),
 ( 287, 'CREATE_BIB_IMPORT_QUEUE', oils_i18n_gettext( 287, 
    'CREATE_BIB_IMPORT_QUEUE', 'ppl', 'description' )),
 ( 288, 'CREATE_LOCALE', oils_i18n_gettext( 288, 
    'CREATE_LOCALE', 'ppl', 'description' )),
 ( 289, 'CREATE_MARC_CODE', oils_i18n_gettext( 289, 
    'CREATE_MARC_CODE', 'ppl', 'description' )),
 ( 290, 'CREATE_TRANSLATION', oils_i18n_gettext( 290, 
    'CREATE_TRANSLATION', 'ppl', 'description' )),
 ( 291, 'DELETE_ACQ_FUNDING_SOURCE', oils_i18n_gettext( 291, 
    'DELETE_ACQ_FUNDING_SOURCE', 'ppl', 'description' )),
 ( 292, 'DELETE_AUTHORITY_IMPORT_IMPORT_FIELD_DEF', oils_i18n_gettext( 292, 
    'DELETE_AUTHORITY_IMPORT_IMPORT_FIELD_DEF', 'ppl', 'description' )),
 ( 293, 'DELETE_AUTHORITY_IMPORT_QUEUE', oils_i18n_gettext( 293, 
    'DELETE_AUTHORITY_IMPORT_QUEUE', 'ppl', 'description' )),
 ( 294, 'DELETE_AUTHORITY_RECORD_NOTE', oils_i18n_gettext( 294, 
    'DELETE_AUTHORITY_RECORD_NOTE', 'ppl', 'description' )),
 ( 295, 'DELETE_BIB_IMPORT_IMPORT_FIELD_DEF', oils_i18n_gettext( 295, 
    'DELETE_BIB_IMPORT_IMPORT_FIELD_DEF', 'ppl', 'description' )),
 ( 296, 'DELETE_BIB_IMPORT_QUEUE', oils_i18n_gettext( 296, 
    'DELETE_BIB_IMPORT_QUEUE', 'ppl', 'description' )),
 ( 297, 'DELETE_LOCALE', oils_i18n_gettext( 297, 
    'DELETE_LOCALE', 'ppl', 'description' )),
 ( 298, 'DELETE_MARC_CODE', oils_i18n_gettext( 298, 
    'DELETE_MARC_CODE', 'ppl', 'description' )),
 ( 299, 'DELETE_TRANSLATION', oils_i18n_gettext( 299, 
    'DELETE_TRANSLATION', 'ppl', 'description' )),
 ( 300, 'UPDATE_ACQ_FUNDING_SOURCE', oils_i18n_gettext( 300, 
    'UPDATE_ACQ_FUNDING_SOURCE', 'ppl', 'description' )),
 ( 301, 'UPDATE_AUTHORITY_IMPORT_IMPORT_FIELD_DEF', oils_i18n_gettext( 301, 
    'UPDATE_AUTHORITY_IMPORT_IMPORT_FIELD_DEF', 'ppl', 'description' )),
 ( 302, 'UPDATE_AUTHORITY_IMPORT_QUEUE', oils_i18n_gettext( 302, 
    'UPDATE_AUTHORITY_IMPORT_QUEUE', 'ppl', 'description' )),
 ( 303, 'UPDATE_AUTHORITY_RECORD_NOTE', oils_i18n_gettext( 303, 
    'UPDATE_AUTHORITY_RECORD_NOTE', 'ppl', 'description' )),
 ( 304, 'UPDATE_BIB_IMPORT_IMPORT_FIELD_DEF', oils_i18n_gettext( 304, 
    'UPDATE_BIB_IMPORT_IMPORT_FIELD_DEF', 'ppl', 'description' )),
 ( 305, 'UPDATE_BIB_IMPORT_QUEUE', oils_i18n_gettext( 305, 
    'UPDATE_BIB_IMPORT_QUEUE', 'ppl', 'description' )),
 ( 306, 'UPDATE_LOCALE', oils_i18n_gettext( 306, 
    'UPDATE_LOCALE', 'ppl', 'description' )),
 ( 307, 'UPDATE_MARC_CODE', oils_i18n_gettext( 307, 
    'UPDATE_MARC_CODE', 'ppl', 'description' )),
 ( 308, 'UPDATE_TRANSLATION', oils_i18n_gettext( 308, 
    'UPDATE_TRANSLATION', 'ppl', 'description' )),
 ( 309, 'VIEW_ACQ_FUNDING_SOURCE', oils_i18n_gettext( 309, 
    'VIEW_ACQ_FUNDING_SOURCE', 'ppl', 'description' )),
 ( 310, 'VIEW_AUTHORITY_RECORD_NOTES', oils_i18n_gettext( 310, 
    'VIEW_AUTHORITY_RECORD_NOTES', 'ppl', 'description' )),
 ( 311, 'CREATE_IMPORT_ITEM', oils_i18n_gettext( 311, 
    'CREATE_IMPORT_ITEM', 'ppl', 'description' )),
 ( 312, 'CREATE_IMPORT_ITEM_ATTR_DEF', oils_i18n_gettext( 312, 
    'CREATE_IMPORT_ITEM_ATTR_DEF', 'ppl', 'description' )),
 ( 313, 'CREATE_IMPORT_TRASH_FIELD', oils_i18n_gettext( 313, 
    'CREATE_IMPORT_TRASH_FIELD', 'ppl', 'description' )),
 ( 314, 'DELETE_IMPORT_ITEM', oils_i18n_gettext( 314, 
    'DELETE_IMPORT_ITEM', 'ppl', 'description' )),
 ( 315, 'DELETE_IMPORT_ITEM_ATTR_DEF', oils_i18n_gettext( 315, 
    'DELETE_IMPORT_ITEM_ATTR_DEF', 'ppl', 'description' )),
 ( 316, 'DELETE_IMPORT_TRASH_FIELD', oils_i18n_gettext( 316, 
    'DELETE_IMPORT_TRASH_FIELD', 'ppl', 'description' )),
 ( 317, 'UPDATE_IMPORT_ITEM', oils_i18n_gettext( 317, 
    'UPDATE_IMPORT_ITEM', 'ppl', 'description' )),
 ( 318, 'UPDATE_IMPORT_ITEM_ATTR_DEF', oils_i18n_gettext( 318, 
    'UPDATE_IMPORT_ITEM_ATTR_DEF', 'ppl', 'description' )),
 ( 319, 'UPDATE_IMPORT_TRASH_FIELD', oils_i18n_gettext( 319, 
    'UPDATE_IMPORT_TRASH_FIELD', 'ppl', 'description' )),
 ( 320, 'UPDATE_ORG_UNIT_SETTING_ALL', oils_i18n_gettext( 320, 
    'UPDATE_ORG_UNIT_SETTING_ALL', 'ppl', 'description' )),
 ( 321, 'UPDATE_ORG_UNIT_SETTING.circ.lost_materials_processing_fee', oils_i18n_gettext( 321, 
    'UPDATE_ORG_UNIT_SETTING.circ.lost_materials_processing_fee', 'ppl', 'description' )),
 ( 322, 'UPDATE_ORG_UNIT_SETTING.cat.default_item_price', oils_i18n_gettext( 322, 
    'UPDATE_ORG_UNIT_SETTING.cat.default_item_price', 'ppl', 'description' )),
 ( 323, 'UPDATE_ORG_UNIT_SETTING.auth.opac_timeout', oils_i18n_gettext( 323, 
    'UPDATE_ORG_UNIT_SETTING.auth.opac_timeout', 'ppl', 'description' )),
 ( 324, 'UPDATE_ORG_UNIT_SETTING.auth.staff_timeout', oils_i18n_gettext( 324, 
    'UPDATE_ORG_UNIT_SETTING.auth.staff_timeout', 'ppl', 'description' )),
 ( 325, 'UPDATE_ORG_UNIT_SETTING.org.bounced_emails', oils_i18n_gettext( 325, 
    'UPDATE_ORG_UNIT_SETTING.org.bounced_emails', 'ppl', 'description' )),
 ( 326, 'UPDATE_ORG_UNIT_SETTING.circ.hold_expire_alert_interval', oils_i18n_gettext( 326, 
    'UPDATE_ORG_UNIT_SETTING.circ.hold_expire_alert_interval', 'ppl', 'description' )),
 ( 327, 'UPDATE_ORG_UNIT_SETTING.circ.hold_expire_interval', oils_i18n_gettext( 327, 
    'UPDATE_ORG_UNIT_SETTING.circ.hold_expire_interval', 'ppl', 'description' )),
 ( 328, 'UPDATE_ORG_UNIT_SETTING.credit.payments.allow', oils_i18n_gettext( 328, 
    'UPDATE_ORG_UNIT_SETTING.credit.payments.allow', 'ppl', 'description' )),
 ( 329, 'UPDATE_ORG_UNIT_SETTING.circ.void_overdue_on_lost', oils_i18n_gettext( 329, 
    'UPDATE_ORG_UNIT_SETTING.circ.void_overdue_on_lost', 'ppl', 'description' )),
 ( 330, 'UPDATE_ORG_UNIT_SETTING.circ.hold_stalling.soft', oils_i18n_gettext( 330, 
    'UPDATE_ORG_UNIT_SETTING.circ.hold_stalling.soft', 'ppl', 'description' )),
 ( 331, 'UPDATE_ORG_UNIT_SETTING.circ.hold_boundary.hard', oils_i18n_gettext( 331, 
    'UPDATE_ORG_UNIT_SETTING.circ.hold_boundary.hard', 'ppl', 'description' )),
 ( 332, 'UPDATE_ORG_UNIT_SETTING.circ.hold_boundary.soft', oils_i18n_gettext( 332, 
    'UPDATE_ORG_UNIT_SETTING.circ.hold_boundary.soft', 'ppl', 'description' )),
 ( 333, 'UPDATE_ORG_UNIT_SETTING.opac.barcode_regex', oils_i18n_gettext( 333, 
    'UPDATE_ORG_UNIT_SETTING.opac.barcode_regex', 'ppl', 'description' )),
 ( 334, 'UPDATE_ORG_UNIT_SETTING.global.password_regex', oils_i18n_gettext( 334, 
    'UPDATE_ORG_UNIT_SETTING.global.password_regex', 'ppl', 'description' )),
 ( 335, 'UPDATE_ORG_UNIT_SETTING.circ.item_checkout_history.max', oils_i18n_gettext( 335, 
    'UPDATE_ORG_UNIT_SETTING.circ.item_checkout_history.max', 'ppl', 'description' )),
 ( 336, 'UPDATE_ORG_UNIT_SETTING.circ.reshelving_complete.interval', oils_i18n_gettext( 336, 
    'UPDATE_ORG_UNIT_SETTING.circ.reshelving_complete.interval', 'ppl', 'description' )),
 ( 337, 'UPDATE_ORG_UNIT_SETTING.circ.selfcheck.patron_login_timeout', oils_i18n_gettext( 337, 
    'UPDATE_ORG_UNIT_SETTING.circ.selfcheck.patron_login_timeout', 'ppl', 'description' )),
 ( 338, 'UPDATE_ORG_UNIT_SETTING.circ.selfcheck.alert_on_checkout_event', oils_i18n_gettext( 338, 
    'UPDATE_ORG_UNIT_SETTING.circ.selfcheck.alert_on_checkout_event', 'ppl', 'description' )),
 ( 339, 'UPDATE_ORG_UNIT_SETTING.circ.selfcheck.require_patron_password', oils_i18n_gettext( 339, 
    'UPDATE_ORG_UNIT_SETTING.circ.selfcheck.require_patron_password', 'ppl', 'description' )),
 ( 340, 'UPDATE_ORG_UNIT_SETTING.global.juvenile_age_threshold', oils_i18n_gettext( 340, 
    'UPDATE_ORG_UNIT_SETTING.global.juvenile_age_threshold', 'ppl', 'description' )),
 ( 341, 'UPDATE_ORG_UNIT_SETTING.cat.bib.keep_on_empty', oils_i18n_gettext( 341, 
    'UPDATE_ORG_UNIT_SETTING.cat.bib.keep_on_empty', 'ppl', 'description' )),
 ( 342, 'UPDATE_ORG_UNIT_SETTING.cat.bib.alert_on_empty', oils_i18n_gettext( 342, 
    'UPDATE_ORG_UNIT_SETTING.cat.bib.alert_on_empty', 'ppl', 'description' )),
 ( 343, 'UPDATE_ORG_UNIT_SETTING.patron.password.use_phone', oils_i18n_gettext( 343, 
    'UPDATE_ORG_UNIT_SETTING.patron.password.use_phone', 'ppl', 'description' )),
 ( 344, 'HOLD_ITEM_CHECKED_OUT.override', oils_i18n_gettext( 344, 
    'Allows a user to place a hold on an item that they already have checked out', 'ppl', 'description' )),
 ( 345, 'ADMIN_ACQ_CANCEL_CAUSE', oils_i18n_gettext( 345, 
    'Allow a user to create/update/delete reasons for order cancellations', 'ppl', 'description' )),
 ( 346, 'ACQ_XFER_MANUAL_DFUND_AMOUNT', oils_i18n_gettext( 346, 
    'Allow a user to transfer different amounts of money out of one fund and into another', 'ppl', 'description' )),
 ( 347, 'OVERRIDE_HOLD_HAS_LOCAL_COPY', oils_i18n_gettext( 347, 
    'Allow a user to override the circ.holds.hold_has_copy_at.block setting', 'ppl', 'description' )),
 ( 348, 'UPDATE_PICKUP_LIB_FROM_TRANSIT', oils_i18n_gettext( 348, 
    'Allow a user to change the pickup and transit destination for a captured hold item already in transit', 'ppl', 'description' )),
 ( 349, 'COPY_NEEDED_FOR_HOLD.override', oils_i18n_gettext( 349, 
    'Allow a user to force renewal of an item that could fulfill a hold request', 'ppl', 'description' )),
 ( 350, 'MERGE_AUTH_RECORDS', oils_i18n_gettext( 350, 
    'Allow a user to merge authority records together', 'ppl', 'description' )),
 ( 351, 'ALLOW_ALT_TCN', oils_i18n_gettext( 351, 
    'Allows staff to import a record using an alternate TCN to avoid conflicts', 'ppl', 'description' )),
 ( 352, 'ADMIN_TRIGGER_EVENT_DEF', oils_i18n_gettext( 352, 
    'Allow a user to administer trigger event definitions', 'ppl', 'description' )),
 ( 353, 'ADMIN_TRIGGER_CLEANUP', oils_i18n_gettext( 353, 
    'Allow a user to create, delete, and update trigger cleanup entries', 'ppl', 'description' )),
 ( 354, 'CREATE_TRIGGER_CLEANUP', oils_i18n_gettext( 354, 
    'Allow a user to create trigger cleanup entries', 'ppl', 'description' )),
 ( 355, 'DELETE_TRIGGER_CLEANUP', oils_i18n_gettext( 355, 
    'Allow a user to delete trigger cleanup entries', 'ppl', 'description' )),
 ( 356, 'UPDATE_TRIGGER_CLEANUP', oils_i18n_gettext( 356, 
    'Allow a user to update trigger cleanup entries', 'ppl', 'description' )),
 ( 357, 'CREATE_TRIGGER_EVENT_DEF', oils_i18n_gettext( 357, 
    'Allow a user to create trigger event definitions', 'ppl', 'description' )),
 ( 358, 'DELETE_TRIGGER_EVENT_DEF', oils_i18n_gettext( 358, 
    'Allow a user to delete trigger event definitions', 'ppl', 'description' )),
 ( 359, 'UPDATE_TRIGGER_EVENT_DEF', oils_i18n_gettext( 359, 
    'Allow a user to update trigger event definitions', 'ppl', 'description' )),
 ( 360, 'VIEW_TRIGGER_EVENT_DEF', oils_i18n_gettext( 360, 
    'Allow a user to view trigger event definitions', 'ppl', 'description' )),
 ( 361, 'ADMIN_TRIGGER_HOOK', oils_i18n_gettext( 361, 
    'Allow a user to create, update, and delete trigger hooks', 'ppl', 'description' )),
 ( 362, 'CREATE_TRIGGER_HOOK', oils_i18n_gettext( 362, 
    'Allow a user to create trigger hooks', 'ppl', 'description' )),
 ( 363, 'DELETE_TRIGGER_HOOK', oils_i18n_gettext( 363, 
    'Allow a user to delete trigger hooks', 'ppl', 'description' )),
 ( 364, 'UPDATE_TRIGGER_HOOK', oils_i18n_gettext( 364, 
    'Allow a user to update trigger hooks', 'ppl', 'description' )),
 ( 365, 'ADMIN_TRIGGER_REACTOR', oils_i18n_gettext( 365, 
    'Allow a user to create, update, and delete trigger reactors', 'ppl', 'description' )),
 ( 366, 'CREATE_TRIGGER_REACTOR', oils_i18n_gettext( 366, 
    'Allow a user to create trigger reactors', 'ppl', 'description' )),
 ( 367, 'DELETE_TRIGGER_REACTOR', oils_i18n_gettext( 367, 
    'Allow a user to delete trigger reactors', 'ppl', 'description' )),
 ( 368, 'UPDATE_TRIGGER_REACTOR', oils_i18n_gettext( 368, 
    'Allow a user to update trigger reactors', 'ppl', 'description' )),
 ( 369, 'ADMIN_TRIGGER_TEMPLATE_OUTPUT', oils_i18n_gettext( 369, 
    'Allow a user to delete trigger template output', 'ppl', 'description' )),
 ( 370, 'DELETE_TRIGGER_TEMPLATE_OUTPUT', oils_i18n_gettext( 370, 
    'Allow a user to delete trigger template output', 'ppl', 'description' )),
 ( 371, 'ADMIN_TRIGGER_VALIDATOR', oils_i18n_gettext( 371, 
    'Allow a user to create, update, and delete trigger validators', 'ppl', 'description' )),
 ( 372, 'CREATE_TRIGGER_VALIDATOR', oils_i18n_gettext( 372, 
    'Allow a user to create trigger validators', 'ppl', 'description' )),
 ( 373, 'DELETE_TRIGGER_VALIDATOR', oils_i18n_gettext( 373, 
    'Allow a user to delete trigger validators', 'ppl', 'description' )),
 ( 374, 'UPDATE_TRIGGER_VALIDATOR', oils_i18n_gettext( 374, 
    'Allow a user to update trigger validators', 'ppl', 'description' )),
 ( 376, 'ADMIN_BOOKING_RESOURCE', oils_i18n_gettext( 376, 
    'Enables the user to create/update/delete booking resources', 'ppl', 'description' )),
 ( 377, 'ADMIN_BOOKING_RESOURCE_TYPE', oils_i18n_gettext( 377, 
    'Enables the user to create/update/delete booking resource types', 'ppl', 'description' )),
 ( 378, 'ADMIN_BOOKING_RESOURCE_ATTR', oils_i18n_gettext( 378, 
    'Enables the user to create/update/delete booking resource attributes', 'ppl', 'description' )),
 ( 379, 'ADMIN_BOOKING_RESOURCE_ATTR_MAP', oils_i18n_gettext( 379, 
    'Enables the user to create/update/delete booking resource attribute maps', 'ppl', 'description' )),
 ( 380, 'ADMIN_BOOKING_RESOURCE_ATTR_VALUE', oils_i18n_gettext( 380, 
    'Enables the user to create/update/delete booking resource attribute values', 'ppl', 'description' )),
 ( 381, 'ADMIN_BOOKING_RESERVATION', oils_i18n_gettext( 381, 
    'Enables the user to create/update/delete booking reservations', 'ppl', 'description' )),
 ( 382, 'ADMIN_BOOKING_RESERVATION_ATTR_VALUE_MAP', oils_i18n_gettext( 382, 
    'Enables the user to create/update/delete booking reservation attribute value maps', 'ppl', 'description' )),
 ( 383, 'RETRIEVE_RESERVATION_PULL_LIST', oils_i18n_gettext( 383, 
    'Allows a user to retrieve a booking reservation pull list', 'ppl', 'description' )),
 ( 384, 'CAPTURE_RESERVATION', oils_i18n_gettext( 384, 
    'Allows a user to capture booking reservations', 'ppl', 'description' )),
 ( 385, 'UPDATE_RECORD', oils_i18n_gettext( 385, 
    'UPDATE_RECORD', 'ppl', 'description' )),
 ( 386, 'UPDATE_ORG_UNIT_SETTING.circ.block_renews_for_holds', oils_i18n_gettext( 386, 
    'UPDATE_ORG_UNIT_SETTING.circ.block_renews_for_holds', 'ppl', 'description' )),
 ( 387, 'MERGE_USERS', oils_i18n_gettext( 387, 
    'Allows user records to be merged', 'ppl', 'description' )),
 ( 388, 'ISSUANCE_HOLDS', oils_i18n_gettext( 388, 
    'Allow a user to place holds on serials issuances', 'ppl', 'description' )),
 ( 389, 'VIEW_CREDIT_CARD_PROCESSING', oils_i18n_gettext( 389, 
    'View org unit settings related to credit card processing', 'ppl', 'description' )),
 ( 390, 'ADMIN_CREDIT_CARD_PROCESSING', oils_i18n_gettext( 390, 
    'Update org unit settings related to credit card processing', 'ppl', 'description' )),
 ( 391, 'ADMIN_ACQ_CLAIM', oils_i18n_gettext( 391, 
    'ADMIN_ACQ_CLAIM', 'ppl', 'description' )),
 ( 392, 'ADMIN_ACQ_CLAIM_EVENT_TYPE', oils_i18n_gettext( 392, 
    'ADMIN_ACQ_CLAIM_EVENT_TYPE', 'ppl', 'description' )),
 ( 393, 'ADMIN_ACQ_CLAIM_TYPE', oils_i18n_gettext( 393, 
    'ADMIN_ACQ_CLAIM_TYPE', 'ppl', 'description' )),
 ( 394, 'ADMIN_ACQ_DISTRIB_FORMULA', oils_i18n_gettext( 394, 
    'ADMIN_ACQ_DISTRIB_FORMULA', 'ppl', 'description' )),
 ( 395, 'ADMIN_ACQ_FISCAL_YEAR', oils_i18n_gettext( 395, 
    'ADMIN_ACQ_FISCAL_YEAR', 'ppl', 'description' )),
 ( 396, 'ADMIN_ACQ_FUND_ALLOCATION_PERCENT', oils_i18n_gettext( 396, 
    'ADMIN_ACQ_FUND_ALLOCATION_PERCENT', 'ppl', 'description' )),
 ( 397, 'ADMIN_ACQ_FUND_TAG', oils_i18n_gettext( 397, 
    'ADMIN_ACQ_FUND_TAG', 'ppl', 'description' )),
 ( 398, 'ADMIN_ACQ_LINEITEM_ALERT_TEXT', oils_i18n_gettext( 398, 
    'ADMIN_ACQ_LINEITEM_ALERT_TEXT', 'ppl', 'description' )),
 ( 399, 'ADMIN_AGE_PROTECT_RULE', oils_i18n_gettext( 399, 
    'ADMIN_AGE_PROTECT_RULE', 'ppl', 'description' )),
 ( 400, 'ADMIN_ASSET_COPY_TEMPLATE', oils_i18n_gettext( 400, 
    'ADMIN_ASSET_COPY_TEMPLATE', 'ppl', 'description' )),
 ( 401, 'ADMIN_BOOKING_RESERVATION_ATTR_MAP', oils_i18n_gettext( 401, 
    'ADMIN_BOOKING_RESERVATION_ATTR_MAP', 'ppl', 'description' )),
 ( 402, 'ADMIN_CIRC_MATRIX_MATCHPOINT', oils_i18n_gettext( 402, 
    'ADMIN_CIRC_MATRIX_MATCHPOINT', 'ppl', 'description' )),
 ( 403, 'ADMIN_CIRC_MOD', oils_i18n_gettext( 403, 
    'ADMIN_CIRC_MOD', 'ppl', 'description' )),
 ( 404, 'ADMIN_CLAIM_POLICY', oils_i18n_gettext( 404, 
    'ADMIN_CLAIM_POLICY', 'ppl', 'description' )),
 ( 405, 'ADMIN_CONFIG_REMOTE_ACCOUNT', oils_i18n_gettext( 405, 
    'ADMIN_CONFIG_REMOTE_ACCOUNT', 'ppl', 'description' )),
 ( 406, 'ADMIN_FIELD_DOC', oils_i18n_gettext( 406, 
    'ADMIN_FIELD_DOC', 'ppl', 'description' )),
 ( 407, 'ADMIN_GLOBAL_FLAG', oils_i18n_gettext( 407, 
    'ADMIN_GLOBAL_FLAG', 'ppl', 'description' )),
 ( 408, 'ADMIN_GROUP_PENALTY_THRESHOLD', oils_i18n_gettext( 408, 
    'ADMIN_GROUP_PENALTY_THRESHOLD', 'ppl', 'description' )),
 ( 409, 'ADMIN_HOLD_CANCEL_CAUSE', oils_i18n_gettext( 409, 
    'ADMIN_HOLD_CANCEL_CAUSE', 'ppl', 'description' )),
 ( 410, 'ADMIN_HOLD_MATRIX_MATCHPOINT', oils_i18n_gettext( 410, 
    'ADMIN_HOLD_MATRIX_MATCHPOINT', 'ppl', 'description' )),
 ( 411, 'ADMIN_IDENT_TYPE', oils_i18n_gettext( 411, 
    'ADMIN_IDENT_TYPE', 'ppl', 'description' )),
 ( 412, 'ADMIN_IMPORT_ITEM_ATTR_DEF', oils_i18n_gettext( 412, 
    'ADMIN_IMPORT_ITEM_ATTR_DEF', 'ppl', 'description' )),
 ( 413, 'ADMIN_INDEX_NORMALIZER', oils_i18n_gettext( 413, 
    'ADMIN_INDEX_NORMALIZER', 'ppl', 'description' )),
 ( 414, 'ADMIN_INVOICE', oils_i18n_gettext( 414, 
    'ADMIN_INVOICE', 'ppl', 'description' )),
 ( 415, 'ADMIN_INVOICE_METHOD', oils_i18n_gettext( 415, 
    'ADMIN_INVOICE_METHOD', 'ppl', 'description' )),
 ( 416, 'ADMIN_INVOICE_PAYMENT_METHOD', oils_i18n_gettext( 416, 
    'ADMIN_INVOICE_PAYMENT_METHOD', 'ppl', 'description' )),
 ( 417, 'ADMIN_LINEITEM_MARC_ATTR_DEF', oils_i18n_gettext( 417, 
    'ADMIN_LINEITEM_MARC_ATTR_DEF', 'ppl', 'description' )),
 ( 418, 'ADMIN_MARC_CODE', oils_i18n_gettext( 418, 
    'ADMIN_MARC_CODE', 'ppl', 'description' )),
 ( 419, 'ADMIN_MAX_FINE_RULE', oils_i18n_gettext( 419, 
    'ADMIN_MAX_FINE_RULE', 'ppl', 'description' )),
 ( 420, 'ADMIN_MERGE_PROFILE', oils_i18n_gettext( 420, 
    'ADMIN_MERGE_PROFILE', 'ppl', 'description' )),
 ( 421, 'ADMIN_ORG_UNIT_SETTING_TYPE', oils_i18n_gettext( 421, 
    'ADMIN_ORG_UNIT_SETTING_TYPE', 'ppl', 'description' )),
 ( 422, 'ADMIN_RECURRING_FINE_RULE', oils_i18n_gettext( 422, 
    'ADMIN_RECURRING_FINE_RULE', 'ppl', 'description' )),
 ( 423, 'ADMIN_SERIAL_SUBSCRIPTION', oils_i18n_gettext( 423, 
    'ADMIN_SERIAL_SUBSCRIPTION', 'ppl', 'description' )),
 ( 424, 'ADMIN_STANDING_PENALTY', oils_i18n_gettext( 424, 
    'ADMIN_STANDING_PENALTY', 'ppl', 'description' )),
 ( 425, 'ADMIN_SURVEY', oils_i18n_gettext( 425, 
    'ADMIN_SURVEY', 'ppl', 'description' )),
 ( 426, 'ADMIN_USER_REQUEST_TYPE', oils_i18n_gettext( 426, 
    'ADMIN_USER_REQUEST_TYPE', 'ppl', 'description' )),
 ( 427, 'ADMIN_USER_SETTING_GROUP', oils_i18n_gettext( 427, 
    'ADMIN_USER_SETTING_GROUP', 'ppl', 'description' )),
 ( 428, 'ADMIN_USER_SETTING_TYPE', oils_i18n_gettext( 428, 
    'ADMIN_USER_SETTING_TYPE', 'ppl', 'description' )),
 ( 429, 'ADMIN_Z3950_SOURCE', oils_i18n_gettext( 429, 
    'ADMIN_Z3950_SOURCE', 'ppl', 'description' )),
 ( 430, 'CREATE_BIB_BTYPE', oils_i18n_gettext( 430, 
    'CREATE_BIB_BTYPE', 'ppl', 'description' )),
 ( 431, 'CREATE_BIBLIO_FINGERPRINT', oils_i18n_gettext( 431, 
    'CREATE_BIBLIO_FINGERPRINT', 'ppl', 'description' )),
 ( 432, 'CREATE_BIB_SOURCE', oils_i18n_gettext( 432, 
    'CREATE_BIB_SOURCE', 'ppl', 'description' )),
 ( 433, 'CREATE_BILLING_TYPE', oils_i18n_gettext( 433, 
    'CREATE_BILLING_TYPE', 'ppl', 'description' )),
 ( 434, 'CREATE_CN_BTYPE', oils_i18n_gettext( 434, 
    'CREATE_CN_BTYPE', 'ppl', 'description' )),
 ( 435, 'CREATE_COPY_BTYPE', oils_i18n_gettext( 435, 
    'CREATE_COPY_BTYPE', 'ppl', 'description' )),
 ( 436, 'CREATE_INVOICE', oils_i18n_gettext( 436, 
    'CREATE_INVOICE', 'ppl', 'description' )),
 ( 437, 'CREATE_INVOICE_ITEM_TYPE', oils_i18n_gettext( 437, 
    'CREATE_INVOICE_ITEM_TYPE', 'ppl', 'description' )),
 ( 438, 'CREATE_INVOICE_METHOD', oils_i18n_gettext( 438, 
    'CREATE_INVOICE_METHOD', 'ppl', 'description' )),
 ( 439, 'CREATE_MERGE_PROFILE', oils_i18n_gettext( 439, 
    'CREATE_MERGE_PROFILE', 'ppl', 'description' )),
 ( 440, 'CREATE_METABIB_CLASS', oils_i18n_gettext( 440, 
    'CREATE_METABIB_CLASS', 'ppl', 'description' )),
 ( 441, 'CREATE_METABIB_SEARCH_ALIAS', oils_i18n_gettext( 441, 
    'CREATE_METABIB_SEARCH_ALIAS', 'ppl', 'description' )),
 ( 442, 'CREATE_USER_BTYPE', oils_i18n_gettext( 442, 
    'CREATE_USER_BTYPE', 'ppl', 'description' )),
 ( 443, 'DELETE_BIB_BTYPE', oils_i18n_gettext( 443, 
    'DELETE_BIB_BTYPE', 'ppl', 'description' )),
 ( 444, 'DELETE_BIBLIO_FINGERPRINT', oils_i18n_gettext( 444, 
    'DELETE_BIBLIO_FINGERPRINT', 'ppl', 'description' )),
 ( 445, 'DELETE_BIB_SOURCE', oils_i18n_gettext( 445, 
    'DELETE_BIB_SOURCE', 'ppl', 'description' )),
 ( 446, 'DELETE_BILLING_TYPE', oils_i18n_gettext( 446, 
    'DELETE_BILLING_TYPE', 'ppl', 'description' )),
 ( 447, 'DELETE_CN_BTYPE', oils_i18n_gettext( 447, 
    'DELETE_CN_BTYPE', 'ppl', 'description' )),
 ( 448, 'DELETE_COPY_BTYPE', oils_i18n_gettext( 448, 
    'DELETE_COPY_BTYPE', 'ppl', 'description' )),
 ( 449, 'DELETE_INVOICE_ITEM_TYPE', oils_i18n_gettext( 449, 
    'DELETE_INVOICE_ITEM_TYPE', 'ppl', 'description' )),
 ( 450, 'DELETE_INVOICE_METHOD', oils_i18n_gettext( 450, 
    'DELETE_INVOICE_METHOD', 'ppl', 'description' )),
 ( 451, 'DELETE_MERGE_PROFILE', oils_i18n_gettext( 451, 
    'DELETE_MERGE_PROFILE', 'ppl', 'description' )),
 ( 452, 'DELETE_METABIB_CLASS', oils_i18n_gettext( 452, 
    'DELETE_METABIB_CLASS', 'ppl', 'description' )),
 ( 453, 'DELETE_METABIB_SEARCH_ALIAS', oils_i18n_gettext( 453, 
    'DELETE_METABIB_SEARCH_ALIAS', 'ppl', 'description' )),
 ( 454, 'DELETE_USER_BTYPE', oils_i18n_gettext( 454, 
    'DELETE_USER_BTYPE', 'ppl', 'description' )),
 ( 455, 'MANAGE_CLAIM', oils_i18n_gettext( 455, 
    'MANAGE_CLAIM', 'ppl', 'description' )),
 ( 456, 'UPDATE_BIB_BTYPE', oils_i18n_gettext( 456, 
    'UPDATE_BIB_BTYPE', 'ppl', 'description' )),
 ( 457, 'UPDATE_BIBLIO_FINGERPRINT', oils_i18n_gettext( 457, 
    'UPDATE_BIBLIO_FINGERPRINT', 'ppl', 'description' )),
 ( 458, 'UPDATE_BIB_SOURCE', oils_i18n_gettext( 458, 
    'UPDATE_BIB_SOURCE', 'ppl', 'description' )),
 ( 459, 'UPDATE_BILLING_TYPE', oils_i18n_gettext( 459, 
    'UPDATE_BILLING_TYPE', 'ppl', 'description' )),
 ( 460, 'UPDATE_CN_BTYPE', oils_i18n_gettext( 460, 
    'UPDATE_CN_BTYPE', 'ppl', 'description' )),
 ( 461, 'UPDATE_COPY_BTYPE', oils_i18n_gettext( 461, 
    'UPDATE_COPY_BTYPE', 'ppl', 'description' )),
 ( 462, 'UPDATE_INVOICE_ITEM_TYPE', oils_i18n_gettext( 462, 
    'UPDATE_INVOICE_ITEM_TYPE', 'ppl', 'description' )),
 ( 463, 'UPDATE_INVOICE_METHOD', oils_i18n_gettext( 463, 
    'UPDATE_INVOICE_METHOD', 'ppl', 'description' )),
 ( 464, 'UPDATE_MERGE_PROFILE', oils_i18n_gettext( 464, 
    'UPDATE_MERGE_PROFILE', 'ppl', 'description' )),
 ( 465, 'UPDATE_METABIB_CLASS', oils_i18n_gettext( 465, 
    'UPDATE_METABIB_CLASS', 'ppl', 'description' )),
 ( 466, 'UPDATE_METABIB_SEARCH_ALIAS', oils_i18n_gettext( 466, 
    'UPDATE_METABIB_SEARCH_ALIAS', 'ppl', 'description' )),
 ( 467, 'UPDATE_USER_BTYPE', oils_i18n_gettext( 467, 
    'UPDATE_USER_BTYPE', 'ppl', 'description' )),
 ( 468, 'user_request.create', oils_i18n_gettext( 468, 
    'user_request.create', 'ppl', 'description' )),
 ( 469, 'user_request.delete', oils_i18n_gettext( 469, 
    'user_request.delete', 'ppl', 'description' )),
 ( 470, 'user_request.update', oils_i18n_gettext( 470, 
    'user_request.update', 'ppl', 'description' )),
 ( 471, 'user_request.view', oils_i18n_gettext( 471, 
    'user_request.view', 'ppl', 'description' )),
 ( 472, 'VIEW_ACQ_FUND_ALLOCATION_PERCENT', oils_i18n_gettext( 472, 
    'VIEW_ACQ_FUND_ALLOCATION_PERCENT', 'ppl', 'description' )),
 ( 473, 'VIEW_CIRC_MATRIX_MATCHPOINT', oils_i18n_gettext( 473, 
    'VIEW_CIRC_MATRIX_MATCHPOINT', 'ppl', 'description' )),
 ( 474, 'VIEW_CLAIM', oils_i18n_gettext( 474, 
    'VIEW_CLAIM', 'ppl', 'description' )),
 ( 475, 'VIEW_GROUP_PENALTY_THRESHOLD', oils_i18n_gettext( 475, 
    'VIEW_GROUP_PENALTY_THRESHOLD', 'ppl', 'description' )),
 ( 476, 'VIEW_HOLD_MATRIX_MATCHPOINT', oils_i18n_gettext( 476, 
    'VIEW_HOLD_MATRIX_MATCHPOINT', 'ppl', 'description' )),
 ( 477, 'VIEW_INVOICE', oils_i18n_gettext( 477, 
    'VIEW_INVOICE', 'ppl', 'description' )),
 ( 478, 'VIEW_MERGE_PROFILE', oils_i18n_gettext( 478, 
    'VIEW_MERGE_PROFILE', 'ppl', 'description' )),
 ( 479, 'VIEW_SERIAL_SUBSCRIPTION', oils_i18n_gettext( 479, 
    'VIEW_SERIAL_SUBSCRIPTION', 'ppl', 'description' )),
 ( 480, 'VIEW_STANDING_PENALTY', oils_i18n_gettext( 480, 
    'VIEW_STANDING_PENALTY', 'ppl', 'description' )),
 ( 481, 'ADMIN_SERIAL_CAPTION_PATTERN', oils_i18n_gettext( 481, 
    'ADMIN_SERIAL_CAPTION_PATTERN', 'ppl', 'description' )),
 ( 482, 'ADMIN_SERIAL_DISTRIBUTION', oils_i18n_gettext( 482, 
    'ADMIN_SERIAL_DISTRIBUTION', 'ppl', 'description' )),
 ( 483, 'ADMIN_SERIAL_STREAM', oils_i18n_gettext( 483, 
    'ADMIN_SERIAL_STREAM', 'ppl', 'description' )),
 ( 484, 'RECEIVE_SERIAL', oils_i18n_gettext(484, 'Receive serial items', 'ppl', 'description'));


SELECT SETVAL('permission.perm_list_id_seq'::TEXT, 1000);

INSERT INTO permission.grp_tree (id, name, parent, description, perm_interval, usergroup, application_perm) VALUES
	(1, oils_i18n_gettext(1, 'Users', 'pgt', 'name'), NULL, NULL, '3 years', FALSE, 'group_application.user');
INSERT INTO permission.grp_tree (id, name, parent, description, perm_interval, usergroup, application_perm) VALUES
	(2, oils_i18n_gettext(2, 'Patrons', 'pgt', 'name'), 1, NULL, '3 years', TRUE, 'group_application.user.patron');
INSERT INTO permission.grp_tree (id, name, parent, description, perm_interval, usergroup, application_perm) VALUES
	(3, oils_i18n_gettext(3, 'Staff', 'pgt', 'name'), 1, NULL, '3 years', FALSE, 'group_application.user.staff');
INSERT INTO permission.grp_tree (id, name, parent, description, perm_interval, usergroup, application_perm) VALUES
	(4, oils_i18n_gettext(4, 'Catalogers', 'pgt', 'name'), 3, NULL, '3 years', TRUE, 'group_application.user.staff.cat');
INSERT INTO permission.grp_tree (id, name, parent, description, perm_interval, usergroup, application_perm) VALUES
	(5, oils_i18n_gettext(5, 'Circulators', 'pgt', 'name'), 3, NULL, '3 years', TRUE, 'group_application.user.staff.circ');
INSERT INTO permission.grp_tree (id, name, parent, description, perm_interval, usergroup, application_perm) VALUES
	(6, oils_i18n_gettext(6, 'Acquisitions', 'pgt', 'name'), 3, NULL, '3 years', TRUE, 'group_application.user.staff.acq');
INSERT INTO permission.grp_tree (id, name, parent, description, perm_interval, usergroup, application_perm) VALUES
	(7, oils_i18n_gettext(7, 'Acquisitions Administrator', 'pgt', 'name'), 3, NULL, '3 years', TRUE, 'group_application.user.staff.acq_admin');
INSERT INTO permission.grp_tree (id, name, parent, description, perm_interval, usergroup, application_perm) VALUES
	(10, oils_i18n_gettext(10, 'Local System Administrator', 'pgt', 'name'), 3, 
	oils_i18n_gettext(10, 'System maintenance, configuration, etc.', 'pgt', 'description'), '3 years', TRUE, 'group_application.user.staff.admin.local_admin');

SELECT SETVAL('permission.grp_tree_id_seq'::TEXT, (SELECT MAX(id) FROM permission.grp_tree));

INSERT INTO permission.grp_penalty_threshold (grp,org_unit,penalty,threshold)
    VALUES (1,1,1,10.0);
INSERT INTO permission.grp_penalty_threshold (grp,org_unit,penalty,threshold)
    VALUES (1,1,2,10.0);
INSERT INTO permission.grp_penalty_threshold (grp,org_unit,penalty,threshold)
    VALUES (1,1,3,10.0);

SELECT SETVAL('permission.grp_penalty_threshold_id_seq'::TEXT, (SELECT MAX(id) FROM permission.grp_penalty_threshold));

-- XXX Incomplete base permission setup.  A patch would be appreciated.
-- Add basic user permissions to the Users group
INSERT INTO permission.grp_perm_map (grp, perm, depth, grantable) VALUES (1, (SELECT id FROM permission.perm_list WHERE code = 'OPAC_LOGIN'), 0, false);
INSERT INTO permission.grp_perm_map (grp, perm, depth, grantable) VALUES (1, (SELECT id FROM permission.perm_list WHERE code = 'MR_HOLDS'), 0, false);
INSERT INTO permission.grp_perm_map (grp, perm, depth, grantable) VALUES (1, (SELECT id FROM permission.perm_list WHERE code = 'TITLE_HOLDS'), 0, false);
INSERT INTO permission.grp_perm_map (grp, perm, depth, grantable) VALUES (1, (SELECT id FROM permission.perm_list WHERE code = 'COPY_CHECKIN'), 0, false);
INSERT INTO permission.grp_perm_map (grp, perm, depth, grantable) VALUES (1, (SELECT id FROM permission.perm_list WHERE code = 'CREATE_MY_CONTAINER'), 0, false);

-- Add basic patron permissions to the Patrons group
INSERT INTO permission.grp_perm_map (grp, perm, depth, grantable) VALUES (2, (SELECT id FROM permission.perm_list WHERE code = 'RENEW_CIRC'), 0, false);
INSERT INTO permission.grp_perm_map (grp, perm, depth, grantable) VALUES (2, (SELECT id FROM permission.perm_list WHERE code = 'CREATE_MY_CONTAINER'), 0, false);

-- Add basic staff permissions to the Staff group
INSERT INTO permission.grp_perm_map (grp, perm, depth, grantable) VALUES (3, (SELECT id FROM permission.perm_list WHERE code = 'STAFF_LOGIN'), 0, false);
INSERT INTO permission.grp_perm_map (grp, perm, depth, grantable) VALUES (3, (SELECT id FROM permission.perm_list WHERE code = 'VOLUME_HOLDS'), 2, false);
INSERT INTO permission.grp_perm_map (grp, perm, depth, grantable) VALUES (3, (SELECT id FROM permission.perm_list WHERE code = 'COPY_HOLDS'), 2, false);
INSERT INTO permission.grp_perm_map (grp, perm, depth, grantable) VALUES (3, (SELECT id FROM permission.perm_list WHERE code = 'REQUEST_HOLDS'), 0, false);
INSERT INTO permission.grp_perm_map (grp, perm, depth, grantable) VALUES (3, (SELECT id FROM permission.perm_list WHERE code = 'VIEW_HOLD'), 0, false);
INSERT INTO permission.grp_perm_map (grp, perm, depth, grantable) VALUES (3, (SELECT id FROM permission.perm_list WHERE code = 'RENEW_CIRC'), 0, false);
INSERT INTO permission.grp_perm_map (grp, perm, depth, grantable) VALUES (3, (SELECT id FROM permission.perm_list WHERE code = 'VIEW_USER_FINES_SUMMARY'), 0, false);
INSERT INTO permission.grp_perm_map (grp, perm, depth, grantable) VALUES (3, (SELECT id FROM permission.perm_list WHERE code = 'VIEW_USER_TRANSACTIONS'), 0, false);
INSERT INTO permission.grp_perm_map (grp, perm, depth, grantable) VALUES (3, (SELECT id FROM permission.perm_list WHERE code = 'UPDATE_MARC'), 0, false);
INSERT INTO permission.grp_perm_map (grp, perm, depth, grantable) VALUES (3, (SELECT id FROM permission.perm_list WHERE code = 'CREATE_MARC'), 0, false);
INSERT INTO permission.grp_perm_map (grp, perm, depth, grantable) VALUES (3, (SELECT id FROM permission.perm_list WHERE code = 'IMPORT_MARC'), 0, false);
INSERT INTO permission.grp_perm_map (grp, perm, depth, grantable) VALUES (3, (SELECT id FROM permission.perm_list WHERE code = 'CREATE_VOLUME'), 2, false);
INSERT INTO permission.grp_perm_map (grp, perm, depth, grantable) VALUES (3, (SELECT id FROM permission.perm_list WHERE code = 'UPDATE_VOLUME'), 2, false);
INSERT INTO permission.grp_perm_map (grp, perm, depth, grantable) VALUES (3, (SELECT id FROM permission.perm_list WHERE code = 'DELETE_VOLUME'), 2, false);
INSERT INTO permission.grp_perm_map (grp, perm, depth, grantable) VALUES (3, (SELECT id FROM permission.perm_list WHERE code = 'CREATE_COPY'), 2, false);
INSERT INTO permission.grp_perm_map (grp, perm, depth, grantable) VALUES (3, (SELECT id FROM permission.perm_list WHERE code = 'UPDATE_COPY'), 2, false);
INSERT INTO permission.grp_perm_map (grp, perm, depth, grantable) VALUES (3, (SELECT id FROM permission.perm_list WHERE code = 'RENEW_HOLD_OVERRIDE'), 0, false);
INSERT INTO permission.grp_perm_map (grp, perm, depth, grantable) VALUES (3, (SELECT id FROM permission.perm_list WHERE code = 'CREATE_USER'), 0, false);
INSERT INTO permission.grp_perm_map (grp, perm, depth, grantable) VALUES (3, (SELECT id FROM permission.perm_list WHERE code = 'UPDATE_USER'), 0, false);
INSERT INTO permission.grp_perm_map (grp, perm, depth, grantable) VALUES (3, (SELECT id FROM permission.perm_list WHERE code = 'DELETE_USER'), 0, false);
INSERT INTO permission.grp_perm_map (grp, perm, depth, grantable) VALUES (3, (SELECT id FROM permission.perm_list WHERE code = 'VIEW_USER'), 0, false);
INSERT INTO permission.grp_perm_map (grp, perm, depth, grantable) VALUES (3, (SELECT id FROM permission.perm_list WHERE code = 'CREATE_TRANSIT'), 0, false);
INSERT INTO permission.grp_perm_map (grp, perm, depth, grantable) VALUES (3, (SELECT id FROM permission.perm_list WHERE code = 'VIEW_PERMISSION'), 0, false);
INSERT INTO permission.grp_perm_map (grp, perm, depth, grantable) VALUES (3, (SELECT id FROM permission.perm_list WHERE code = 'CHECKIN_BYPASS_HOLD_FULFILL'), 0, false);
INSERT INTO permission.grp_perm_map (grp, perm, depth, grantable) VALUES (3, (SELECT id FROM permission.perm_list WHERE code = 'CREATE_PAYMENT'), 0, false);
INSERT INTO permission.grp_perm_map (grp, perm, depth, grantable) VALUES (3, (SELECT id FROM permission.perm_list WHERE code = 'SET_CIRC_LOST'), 0, false);
INSERT INTO permission.grp_perm_map (grp, perm, depth, grantable) VALUES (3, (SELECT id FROM permission.perm_list WHERE code = 'SET_CIRC_MISSING'), 0, false);
INSERT INTO permission.grp_perm_map (grp, perm, depth, grantable) VALUES (3, (SELECT id FROM permission.perm_list WHERE code = 'SET_CIRC_CLAIMS_RETURNED'), 0, false);
INSERT INTO permission.grp_perm_map (grp, perm, depth, grantable) VALUES (3, (SELECT id FROM permission.perm_list WHERE code = 'CREATE_TRANSACTION'), 0, false);
INSERT INTO permission.grp_perm_map (grp, perm, depth, grantable) VALUES (3, (SELECT id FROM permission.perm_list WHERE code = 'VIEW_TRANSACTION'), 0, false);
INSERT INTO permission.grp_perm_map (grp, perm, depth, grantable) VALUES (3, (SELECT id FROM permission.perm_list WHERE code = 'CREATE_BILL'), 0, false);
INSERT INTO permission.grp_perm_map (grp, perm, depth, grantable) VALUES (3, (SELECT id FROM permission.perm_list WHERE code = 'VIEW_CONTAINER'), 0, false);
INSERT INTO permission.grp_perm_map (grp, perm, depth, grantable) VALUES (3, (SELECT id FROM permission.perm_list WHERE code = 'CREATE_CONTAINER'), 0, false);
INSERT INTO permission.grp_perm_map (grp, perm, depth, grantable) VALUES (3, (SELECT id FROM permission.perm_list WHERE code = 'UPDATE_ORG_UNIT'), 2, false);
INSERT INTO permission.grp_perm_map (grp, perm, depth, grantable) VALUES (3, (SELECT id FROM permission.perm_list WHERE code = 'VIEW_CIRCULATIONS'), 0, false);
INSERT INTO permission.grp_perm_map (grp, perm, depth, grantable) VALUES (3, (SELECT id FROM permission.perm_list WHERE code = 'DELETE_CONTAINER'), 0, false);
INSERT INTO permission.grp_perm_map (grp, perm, depth, grantable) VALUES (3, (SELECT id FROM permission.perm_list WHERE code = 'CREATE_CONTAINER_ITEM'), 0, false);
INSERT INTO permission.grp_perm_map (grp, perm, depth, grantable) VALUES (3, (SELECT id FROM permission.perm_list WHERE code = 'VIEW_PERM_GROUPS'), 0, false);
INSERT INTO permission.grp_perm_map (grp, perm, depth, grantable) VALUES (3, (SELECT id FROM permission.perm_list WHERE code = 'VIEW_PERMIT_CHECKOUT'), 0, false);
INSERT INTO permission.grp_perm_map (grp, perm, depth, grantable) VALUES (3, (SELECT id FROM permission.perm_list WHERE code = 'UPDATE_BATCH_COPY'), 2, false);
INSERT INTO permission.grp_perm_map (grp, perm, depth, grantable) VALUES (3, (SELECT id FROM permission.perm_list WHERE code = 'CREATE_PATRON_STAT_CAT'), 2, false);
INSERT INTO permission.grp_perm_map (grp, perm, depth, grantable) VALUES (3, (SELECT id FROM permission.perm_list WHERE code = 'CREATE_COPY_STAT_CAT'), 2, false);
INSERT INTO permission.grp_perm_map (grp, perm, depth, grantable) VALUES (3, (SELECT id FROM permission.perm_list WHERE code = 'CREATE_PATRON_STAT_CAT_ENTRY'), 2, false);
INSERT INTO permission.grp_perm_map (grp, perm, depth, grantable) VALUES (3, (SELECT id FROM permission.perm_list WHERE code = 'CREATE_COPY_STAT_CAT_ENTRY'), 2, false);
INSERT INTO permission.grp_perm_map (grp, perm, depth, grantable) VALUES (3, (SELECT id FROM permission.perm_list WHERE code = 'UPDATE_PATRON_STAT_CAT'), 2, false);
INSERT INTO permission.grp_perm_map (grp, perm, depth, grantable) VALUES (3, (SELECT id FROM permission.perm_list WHERE code = 'UPDATE_COPY_STAT_CAT'), 2, false);
INSERT INTO permission.grp_perm_map (grp, perm, depth, grantable) VALUES (3, (SELECT id FROM permission.perm_list WHERE code = 'UPDATE_PATRON_STAT_CAT_ENTRY'), 2, false);
INSERT INTO permission.grp_perm_map (grp, perm, depth, grantable) VALUES (3, (SELECT id FROM permission.perm_list WHERE code = 'UPDATE_COPY_STAT_CAT_ENTRY'), 2, false);
INSERT INTO permission.grp_perm_map (grp, perm, depth, grantable) VALUES (3, (SELECT id FROM permission.perm_list WHERE code = 'CREATE_NON_CAT_TYPE'), 2, false);
INSERT INTO permission.grp_perm_map (grp, perm, depth, grantable) VALUES (3, (SELECT id FROM permission.perm_list WHERE code = 'UPDATE_NON_CAT_TYPE'), 2, false);
INSERT INTO permission.grp_perm_map (grp, perm, depth, grantable) VALUES (3, (SELECT id FROM permission.perm_list WHERE code = 'CREATE_IN_HOUSE_USE'), 2, false);
INSERT INTO permission.grp_perm_map (grp, perm, depth, grantable) VALUES (3, (SELECT id FROM permission.perm_list WHERE code = 'COPY_CHECKOUT'), 0, false);
INSERT INTO permission.grp_perm_map (grp, perm, depth, grantable) VALUES (3, (SELECT id FROM permission.perm_list WHERE code = 'CREATE_COPY_LOCATION'), 2, false);
INSERT INTO permission.grp_perm_map (grp, perm, depth, grantable) VALUES (3, (SELECT id FROM permission.perm_list WHERE code = 'UPDATE_COPY_LOCATION'), 2, false);
INSERT INTO permission.grp_perm_map (grp, perm, depth, grantable) VALUES (3, (SELECT id FROM permission.perm_list WHERE code = 'CREATE_COPY_TRANSIT'), 0, false);
INSERT INTO permission.grp_perm_map (grp, perm, depth, grantable) VALUES (3, (SELECT id FROM permission.perm_list WHERE code = 'COPY_TRANSIT_RECEIVE'), 0, false);
INSERT INTO permission.grp_perm_map (grp, perm, depth, grantable) VALUES (3, (SELECT id FROM permission.perm_list WHERE code = 'VIEW_HOLD_PERMIT'), 0, false);
INSERT INTO permission.grp_perm_map (grp, perm, depth, grantable) VALUES (3, (SELECT id FROM permission.perm_list WHERE code = 'VIEW_COPY_CHECKOUT_HISTORY'), 0, false);
INSERT INTO permission.grp_perm_map (grp, perm, depth, grantable) VALUES (3, (SELECT id FROM permission.perm_list WHERE code = 'REMOTE_Z3950_QUERY'), 0, false);
INSERT INTO permission.grp_perm_map (grp, perm, depth, grantable) VALUES (3, (SELECT id FROM permission.perm_list WHERE code = 'REGISTER_WORKSTATION'), 0, false);
INSERT INTO permission.grp_perm_map (grp, perm, depth, grantable) VALUES (3, (SELECT id FROM permission.perm_list WHERE code = 'VIEW_COPY_NOTES'), 0, false);
INSERT INTO permission.grp_perm_map (grp, perm, depth, grantable) VALUES (3, (SELECT id FROM permission.perm_list WHERE code = 'VIEW_VOLUME_NOTES'), 0, false);
INSERT INTO permission.grp_perm_map (grp, perm, depth, grantable) VALUES (3, (SELECT id FROM permission.perm_list WHERE code = 'VIEW_TITLE_NOTES'), 0, false);
INSERT INTO permission.grp_perm_map (grp, perm, depth, grantable) VALUES (3, (SELECT id FROM permission.perm_list WHERE code = 'CREATE_COPY_NOTE'), 2, false);
INSERT INTO permission.grp_perm_map (grp, perm, depth, grantable) VALUES (3, (SELECT id FROM permission.perm_list WHERE code = 'CREATE_VOLUME_NOTE'), 2, false);
INSERT INTO permission.grp_perm_map (grp, perm, depth, grantable) VALUES (3, (SELECT id FROM permission.perm_list WHERE code = 'UPDATE_CONTAINER'), 0, false);
INSERT INTO permission.grp_perm_map (grp, perm, depth, grantable) VALUES (3, (SELECT id FROM permission.perm_list WHERE code = 'VIEW_HOLD_NOTIFICATION'), 0, false);
INSERT INTO permission.grp_perm_map (grp, perm, depth, grantable) VALUES (3, (SELECT id FROM permission.perm_list WHERE code = 'CREATE_HOLD_NOTIFICATION'), 0, false);
INSERT INTO permission.grp_perm_map (grp, perm, depth, grantable) VALUES (3, (SELECT id FROM permission.perm_list WHERE code = 'OFFLINE_UPLOAD'), 1, false);
INSERT INTO permission.grp_perm_map (grp, perm, depth, grantable) VALUES (3, (SELECT id FROM permission.perm_list WHERE code = 'OFFLINE_VIEW'), 1, false);
INSERT INTO permission.grp_perm_map (grp, perm, depth, grantable) VALUES (3, (SELECT id FROM permission.perm_list WHERE code = 'VIEW_BILLING_TYPE'), 0, false);
INSERT INTO permission.grp_perm_map (grp, perm, depth, grantable) VALUES (3, (SELECT id FROM permission.perm_list WHERE code = 'VIEW_ORG_SETTINGS'), 1, false);

-- Add basic cataloguing permissions to the Catalogers group
INSERT INTO permission.grp_perm_map (grp, perm, depth, grantable) VALUES (4, (SELECT id FROM permission.perm_list WHERE code = 'COPY_HOLDS'), 2, false);
INSERT INTO permission.grp_perm_map (grp, perm, depth, grantable) VALUES (4, (SELECT id FROM permission.perm_list WHERE code = 'UPDATE_MARC'), 0, false);
INSERT INTO permission.grp_perm_map (grp, perm, depth, grantable) VALUES (4, (SELECT id FROM permission.perm_list WHERE code = 'CREATE_MARC'), 0, false);
INSERT INTO permission.grp_perm_map (grp, perm, depth, grantable) VALUES (4, (SELECT id FROM permission.perm_list WHERE code = 'IMPORT_MARC'), 0, false);
INSERT INTO permission.grp_perm_map (grp, perm, depth, grantable) VALUES (4, (SELECT id FROM permission.perm_list WHERE code = 'CREATE_VOLUME'), 2, false);
INSERT INTO permission.grp_perm_map (grp, perm, depth, grantable) VALUES (4, (SELECT id FROM permission.perm_list WHERE code = 'UPDATE_VOLUME'), 2, false);
INSERT INTO permission.grp_perm_map (grp, perm, depth, grantable) VALUES (4, (SELECT id FROM permission.perm_list WHERE code = 'DELETE_VOLUME'), 2, false);
INSERT INTO permission.grp_perm_map (grp, perm, depth, grantable) VALUES (4, (SELECT id FROM permission.perm_list WHERE code = 'CREATE_COPY'), 2, false);
INSERT INTO permission.grp_perm_map (grp, perm, depth, grantable) VALUES (4, (SELECT id FROM permission.perm_list WHERE code = 'UPDATE_COPY'), 2, false);
INSERT INTO permission.grp_perm_map (grp, perm, depth, grantable) VALUES (4, (SELECT id FROM permission.perm_list WHERE code = 'DELETE_COPY'), 2, false);
INSERT INTO permission.grp_perm_map (grp, perm, depth, grantable) VALUES (4, (SELECT id FROM permission.perm_list WHERE code = 'UPDATE_BATCH_COPY'), 2, false);
INSERT INTO permission.grp_perm_map (grp, perm, depth, grantable) VALUES (4, (SELECT id FROM permission.perm_list WHERE code = 'CREATE_MFHD_RECORD'), 1, false);
INSERT INTO permission.grp_perm_map (grp, perm, depth, grantable) VALUES (4, (SELECT id FROM permission.perm_list WHERE code = 'UPDATE_MFHD_RECORD'), 1, false);
INSERT INTO permission.grp_perm_map (grp, perm, depth, grantable) VALUES (4, (SELECT id FROM permission.perm_list WHERE code = 'DELETE_MFHD_RECORD'), 1, false);
INSERT INTO permission.grp_perm_map (grp, perm, depth, grantable) VALUES (4, (SELECT id FROM permission.perm_list WHERE code = 'UPDATE_RECORD'), 1, false);
INSERT INTO permission.grp_perm_map (grp, perm, depth, grantable) VALUES (4, (SELECT id FROM permission.perm_list WHERE code = 'MERGE_AUTH_RECORDS'), 1, false);

-- Add basic circulation permissions to the Circulators group
INSERT INTO permission.grp_perm_map (grp, perm, depth, grantable) VALUES (5, (SELECT id FROM permission.perm_list WHERE code = 'CREATE_TRANSACTION'), 0, false);
INSERT INTO permission.grp_perm_map (grp, perm, depth, grantable) VALUES (5, (SELECT id FROM permission.perm_list WHERE code = 'CREATE_BILL'), 0, false);
INSERT INTO permission.grp_perm_map (grp, perm, depth, grantable) VALUES (5, (SELECT id FROM permission.perm_list WHERE code = 'VIEW_CIRCULATIONS'), 0, false);
INSERT INTO permission.grp_perm_map (grp, perm, depth, grantable) VALUES (5, (SELECT id FROM permission.perm_list WHERE code = 'VIEW_PERM_GROUPS'), 0, false);
INSERT INTO permission.grp_perm_map (grp, perm, depth, grantable) VALUES (5, (SELECT id FROM permission.perm_list WHERE code = 'CIRC_OVERRIDE_DUE_DATE'), 0, false);
INSERT INTO permission.grp_perm_map (grp, perm, depth, grantable) VALUES (5, (SELECT id FROM permission.perm_list WHERE code = 'COPY_IS_REFERENCE.override'), 1, false);

-- Add basic sys admin permissions to the Local System Administrator group
INSERT INTO permission.grp_perm_map (grp, perm, depth, grantable) VALUES (10, (SELECT id FROM permission.perm_list WHERE code = 'CREATE_USER_GROUP_LINK'), 1, false);
INSERT INTO permission.grp_perm_map (grp, perm, depth, grantable) VALUES (10, (SELECT id FROM permission.perm_list WHERE code = 'DELETE_PATRON_STAT_CAT'), 2, false);
INSERT INTO permission.grp_perm_map (grp, perm, depth, grantable) VALUES (10, (SELECT id FROM permission.perm_list WHERE code = 'DELETE_COPY_STAT_CAT'), 2, false);
INSERT INTO permission.grp_perm_map (grp, perm, depth, grantable) VALUES (10, (SELECT id FROM permission.perm_list WHERE code = 'DELETE_PATRON_STAT_CAT_ENTRY'), 2, false);
INSERT INTO permission.grp_perm_map (grp, perm, depth, grantable) VALUES (10, (SELECT id FROM permission.perm_list WHERE code = 'DELETE_COPY_STAT_CAT_ENTRY'), 2, false);
INSERT INTO permission.grp_perm_map (grp, perm, depth, grantable) VALUES (10, (SELECT id FROM permission.perm_list WHERE code = 'DELETE_PATRON_STAT_CAT_ENTRY_MAP'), 2, false);
INSERT INTO permission.grp_perm_map (grp, perm, depth, grantable) VALUES (10, (SELECT id FROM permission.perm_list WHERE code = 'DELETE_COPY_STAT_CAT_ENTRY_MAP'), 2, false);
INSERT INTO permission.grp_perm_map (grp, perm, depth, grantable) VALUES (10, (SELECT id FROM permission.perm_list WHERE code = 'DELETE_COPY_LOCATION'), 2, false);
INSERT INTO permission.grp_perm_map (grp, perm, depth, grantable) VALUES (10, (SELECT id FROM permission.perm_list WHERE code = 'DELETE_COPY_NOTE'), 1, false);
INSERT INTO permission.grp_perm_map (grp, perm, depth, grantable) VALUES (10, (SELECT id FROM permission.perm_list WHERE code = 'DELETE_VOLUME_NOTE'), 1, false);
INSERT INTO permission.grp_perm_map (grp, perm, depth, grantable) VALUES (10, (SELECT id FROM permission.perm_list WHERE code = 'DELETE_TITLE_NOTE'), 0, false);
INSERT INTO permission.grp_perm_map (grp, perm, depth, grantable) VALUES (10, (SELECT id FROM permission.perm_list WHERE code = 'UPDATE_ORG_SETTING'), 1, false);
INSERT INTO permission.grp_perm_map (grp, perm, depth, grantable) VALUES (10, (SELECT id FROM permission.perm_list WHERE code = 'OFFLINE_EXECUTE'), 1, true);
INSERT INTO permission.grp_perm_map (grp, perm, depth, grantable) VALUES (10, (SELECT id FROM permission.perm_list WHERE code = 'CIRC_OVERRIDE_DUE_DATE'), 1, false);
INSERT INTO permission.grp_perm_map (grp, perm, depth, grantable) VALUES (10, (SELECT id FROM permission.perm_list WHERE code = 'CIRC_PERMIT_OVERRIDE'), 1, false);
INSERT INTO permission.grp_perm_map (grp, perm, depth, grantable) VALUES (10, (SELECT id FROM permission.perm_list WHERE code = 'RUN_REPORTS'), 1, false);
INSERT INTO permission.grp_perm_map (grp, perm, depth, grantable) VALUES (10, (SELECT id FROM permission.perm_list WHERE code = 'SHARE_REPORT_FOLDER'), 1, false);
INSERT INTO permission.grp_perm_map (grp, perm, depth, grantable) VALUES (10, (SELECT id FROM permission.perm_list WHERE code = 'VIEW_REPORT_OUTPUT'), 1, false);

-- Add trigger administration permissions to the Local System Administrator group
INSERT INTO permission.grp_perm_map (grp, perm, depth, grantable)
    SELECT 10, id, 1, false FROM permission.perm_list
        WHERE code LIKE 'ADMIN_TRIGGER%'
            OR code LIKE 'CREATE_TRIGGER%'
            OR code LIKE 'DELETE_TRIGGER%'
            OR code LIKE 'UPDATE_TRIGGER%'
;
-- View trigger permissions are required at a consortial level for initial setup
INSERT INTO permission.grp_perm_map (grp, perm, depth, grantable)
    SELECT 10, id, 0, false FROM permission.perm_list WHERE code LIKE 'VIEW_TRIGGER%';

-- Add basic acquisitions permissions to the Acquisitions group
SELECT SETVAL('permission.grp_perm_map_id_seq'::TEXT, (SELECT MAX(id) FROM permission.grp_perm_map));
INSERT INTO permission.grp_perm_map (grp, perm, depth, grantable) VALUES (6, (SELECT id FROM permission.perm_list WHERE code = 'GENERAL_ACQ'), 1, false);
INSERT INTO permission.grp_perm_map (grp, perm, depth, grantable) VALUES (6, (SELECT id FROM permission.perm_list WHERE code = 'VIEW_PICKLIST'), 1, false);
INSERT INTO permission.grp_perm_map (grp, perm, depth, grantable) VALUES (6, (SELECT id FROM permission.perm_list WHERE code = 'CREATE_PICKLIST'), 1, false);
INSERT INTO permission.grp_perm_map (grp, perm, depth, grantable) VALUES (6, (SELECT id FROM permission.perm_list WHERE code = 'CREATE_PURCHASE_ORDER'), 1, false);
INSERT INTO permission.grp_perm_map (grp, perm, depth, grantable) VALUES (6, (SELECT id FROM permission.perm_list WHERE code = 'VIEW_PURCHASE_ORDER'), 1, false);
INSERT INTO permission.grp_perm_map (grp, perm, depth, grantable) VALUES (6, (SELECT id FROM permission.perm_list WHERE code = 'RECEIVE_PURCHASE_ORDER'), 1, false);
INSERT INTO permission.grp_perm_map (grp, perm, depth, grantable) VALUES (6, (SELECT id FROM permission.perm_list WHERE code = 'VIEW_PROVIDER'), 1, false);
INSERT INTO permission.grp_perm_map (grp, perm, depth, grantable) VALUES (6, (SELECT id FROM permission.perm_list WHERE code = 'UPDATE_COPY'), 1, false);
INSERT INTO permission.grp_perm_map (grp, perm, depth, grantable) VALUES (6, (SELECT id FROM permission.perm_list WHERE code = 'UPDATE_VOLUME'), 1, false);

-- Add acquisitions administration permissions to the Acquisitions group
INSERT INTO permission.grp_perm_map (grp, perm, depth, grantable) VALUES (7, (SELECT id FROM permission.perm_list WHERE code = 'ADMIN_PROVIDER'), 1, false);
INSERT INTO permission.grp_perm_map (grp, perm, depth, grantable) VALUES (7, (SELECT id FROM permission.perm_list WHERE code = 'ADMIN_FUNDING_SOURCE'), 1, false);
INSERT INTO permission.grp_perm_map (grp, perm, depth, grantable) VALUES (7, (SELECT id FROM permission.perm_list WHERE code = 'ADMIN_ACQ_FUND'), 1, false);
INSERT INTO permission.grp_perm_map (grp, perm, depth, grantable) VALUES (7, (SELECT id FROM permission.perm_list WHERE code = 'ADMIN_FUND'), 1, false);
INSERT INTO permission.grp_perm_map (grp, perm, depth, grantable) VALUES (7, (SELECT id FROM permission.perm_list WHERE code = 'ADMIN_CURRENCY_TYPE'), 1, false);

INSERT INTO permission.grp_perm_map (grp, perm, depth, grantable) VALUES (1, (SELECT id FROM permission.perm_list WHERE code = 'HOLD_ITEM_CHECKED_OUT.override'), 0, false);

-- Admin user account
INSERT INTO actor.usr ( profile, card, usrname, passwd, first_given_name, family_name, dob, master_account, super_user, ident_type, ident_value, home_ou ) VALUES ( 1, 1, 'admin', 'open-ils', 'Administrator', 'System Account', '1979-01-22', TRUE, TRUE, 1, 'identification', 1 );

-- Admin user barcode
INSERT INTO actor.card (usr, barcode) VALUES (1,'101010101010101');
UPDATE actor.usr SET card = (SELECT id FROM actor.card WHERE barcode = '101010101010101') WHERE id = 1;

-- Admin user permissions
INSERT INTO permission.usr_perm_map (usr,perm,depth) VALUES (1,-1,0);

-- Set a work_ou for the Administrator user
INSERT INTO permission.usr_work_ou_map (usr, work_ou) VALUES (1, 1);

--010.schema.biblio.sql:
INSERT INTO biblio.record_entry VALUES (-1,1,1,1,-1,NOW(),NOW(),FALSE,FALSE,'','AUTOGEN','-1','<record xmlns="http://www.loc.gov/MARC21/slim"/>','FOO');

--040.schema.asset.sql:
INSERT INTO asset.copy_location (id, name,owning_lib) VALUES (1, oils_i18n_gettext(1, 'Stacks', 'acpl', 'name'),1);
SELECT SETVAL('asset.copy_location_id_seq'::TEXT, 100);

INSERT INTO asset.call_number VALUES (-1,1,NOW(),1,NOW(),-1,1,'UNCATALOGED');

-- circ matrix
INSERT INTO config.circ_matrix_matchpoint (org_unit,grp,duration_rule,recurring_fine_rule,max_fine_rule) VALUES (1,1,11,1,1);


-- hold matrix - 110.hold_matrix.sql:
INSERT INTO config.hold_matrix_matchpoint (requestor_grp) VALUES (1);


-- User setting types
INSERT INTO config.usr_setting_type (name,opac_visible,label,description,datatype)
    VALUES ('opac.default_font', TRUE, 'OPAC Font Size', 'OPAC Font Size', 'string');

INSERT INTO config.usr_setting_type (name,opac_visible,label,description,datatype)
    VALUES ('opac.default_search_depth', TRUE, 'OPAC Search Depth', 'OPAC Search Depth', 'integer');

INSERT INTO config.usr_setting_type (name,opac_visible,label,description,datatype)
    VALUES ('opac.default_search_location', TRUE, 'OPAC Search Location', 'OPAC Search Location', 'integer');

INSERT INTO config.usr_setting_type (name,opac_visible,label,description,datatype)
    VALUES ('opac.hits_per_page', TRUE, 'Hits per Page', 'Hits per Page', 'string');

INSERT INTO config.usr_setting_type (name,opac_visible,label,description,datatype)
    VALUES ('opac.hold_notify', TRUE, 'Hold Notification Format', 'Hold Notification Format', 'string');

INSERT INTO config.usr_setting_type (name,opac_visible,label,description,datatype)
    VALUES ('staff_client.catalog.record_view.default', TRUE, 'Default Record View', 'Default Record View', 'string');

INSERT INTO config.usr_setting_type (name,opac_visible,label,description,datatype)
    VALUES ('staff_client.copy_editor.templates', TRUE, 'Copy Editor Template', 'Copy Editor Template', 'object');

INSERT INTO config.usr_setting_type (name,opac_visible,label,description,datatype)
    VALUES ('circ.holds_behind_desk', FALSE, 'Hold is behind Circ Desk', 'Hold is behind Circ Desk', 'bool');


-- org_unit setting types
INSERT into config.org_unit_setting_type
( name, label, description, datatype ) VALUES

( 'auth.opac_timeout',
  'OPAC Inactivity Timeout (in seconds)',
  null,
  'integer' ),

( 'auth.staff_timeout',
  'Staff Login Inactivity Timeout (in seconds)',
  null,
  'integer' ),

( 'circ.lost_materials_processing_fee',
  'Lost Materials Processing Fee',
  null,
  'currency' ),

( 'cat.default_item_price',
  'Default Item Price',
  null,
  'currency' ),

( 'org.bounced_emails',
  'Sending email address for patron notices',
  null,
  'string' ),

( 'circ.hold_expire_alert_interval',
  'Holds: Expire Alert Interval',
  'Amount of time before a hold expires at which point the patron should be alerted',
  'interval' ),

( 'circ.hold_expire_interval',
  'Holds: Expire Interval',
  'Amount of time after a hold is placed before the hold expires.  Example "100 days"',
  'interval' ),

( 'credit.payments.allow',
  'Allow Credit Card Payments',
  'If enabled, patrons will be able to pay fines accrued at this location via credit card',
  'bool' ),

( 'global.default_locale',
  'Global Default Locale',
  null,
  'string' ),

( 'circ.void_overdue_on_lost',
  'Void overdue fines when items are marked lost',
  null,
  'bool' ),

( 'circ.hold_stalling.soft',
  'Holds: Soft stalling interval',
  'How long to wait before allowing remote items to be opportunistically captured for a hold.  Example "5 days"',
  'interval' ),

( 'circ.hold_stalling_hard',
  'Holds: Hard stalling interval',
  '',
  'interval' ),

( 'circ.hold_boundary.hard',
  'Holds: Hard boundary',
  null,
  'integer' ),

( 'circ.hold_boundary.soft',
  'Holds: Soft boundary',
  null,
  'integer' ),

( 'opac.barcode_regex',
  'Patron barcode format',
  'Regular expression defining the patron barcode format',
  'string' ),

( 'global.password_regex',
  'Password format',
  'Regular expression defining the password format',
  'string' ),

( 'circ.item_checkout_history.max',
  'Maximum previous checkouts displayed',
  'This is the maximum number of previous circulations the staff client will display when investigating item details',
  'integer' ),

( 'circ.reshelving_complete.interval',
  'Change reshelving status interval',
  'Amount of time to wait before changing an item from "reshelving" status to "available".  Examples: "1 day", "6 hours"',
  'interval' ),

( 'circ.holds.default_estimated_wait_interval',
  'Holds: Default Estimated Wait',
  'When predicting the amount of time a patron will be waiting for a hold to be fulfilled, this is the default estimated length of time to assume an item will be checked out.',
  'interval' ),

( 'circ.holds.min_estimated_wait_interval',
  'Holds: Minimum Estimated Wait',
  'When predicting the amount of time a patron will be waiting for a hold to be fulfilled, this is the minimum estimated length of time to assume an item will be checked out.',
  'interval' ),

( 'circ.selfcheck.patron_login_timeout',
  'Selfcheck: Patron Login Timeout (in seconds)',
  'Number of seconds of inactivity before the patron is logged out of the selfcheck interface',
  'integer' ),

( 'circ.selfcheck.alert.popup',
  'Selfcheck: Pop-up alert for errors',
  'If true, checkout/renewal errors will cause a pop-up window in addition to the on-screen message',
  'bool' ),

( 'circ.selfcheck.require_patron_password',
  'Selfcheck: Require patron password',
  'If true, patrons will be required to enter their password in addition to their username/barcode to log into the selfcheck interface',
  'bool' ),

( 'global.juvenile_age_threshold',
  'Juvenile Age Threshold',
  'The age at which a user is no long considered a juvenile.  For example, "18 years".',
  'interval' ),

( 'cat.bib.keep_on_empty',
  'Retain empty bib records',
  'Retain a bib record even when all attached copies are deleted',
  'bool' ),

( 'cat.bib.alert_on_empty',
  'Alert on empty bib records',
  'Alert staff when the last copy for a record is being deleted',
  'bool' ),

( 'patron.password.use_phone',
  'Patron: password from phone #',
  'Use the last 4 digits of the patrons phone number as the default password when creating new users',
  'bool' ),

( 'circ.charge_on_damaged',
  'Charge item price when marked damaged',
  'Charge item price when marked damaged',
  'bool' ),

( 'circ.charge_lost_on_zero',
  'Charge lost on zero',
  '',
  'bool' ),

( 'circ.damaged_item_processing_fee',
  'Charge processing fee for damaged items',
  'Charge processing fee for damaged items',
  'currency' ),

( 'circ.void_lost_on_checkin',
  'Circ: Void lost item billing when returned',
  'Void lost item billing when returned',
  'bool' ),

( 'circ.max_accept_return_of_lost',
  'Circ: Void lost max interval',
  'Items that have been lost this long will not result in voided billings when returned.  E.g. ''6 months''',
  'interval' ),

( 'circ.void_lost_proc_fee_on_checkin',
  'Circ: Void processing fee on lost item return',
  'Void processing fee when lost item returned',
  'bool' ),

( 'circ.restore_overdue_on_lost_return',
  'Circ: Restore overdues on lost item return',
  'Restore overdue fines on lost item return',
  'bool' ),

( 'circ.lost_immediately_available',
  'Circ: Lost items usable on checkin',
  'Lost items are usable on checkin instead of going ''home'' first',
  'bool' ),

( 'circ.holds_fifo',
  'Holds: FIFO',
  'Force holds to a more strict First-In, First-Out capture',
  'bool' ),

( 'opac.allow_pending_address',
  'OPAC: Allow pending addresses',
  'If enabled, patrons can create and edit existing addresses.  Addresses are kept in a pending state until staff approves the changes',
  'bool' ),

( 'ui.circ.show_billing_tab_on_bills',
  'Show billing tab first when bills are present',
  'If enabled and a patron has outstanding bills and the alert page is not required, show the billing tab by default, instead of the checkout tab, when a patron is loaded',
  'bool' ),

( 'ui.general.idle_timeout',
    'GUI: Idle timeout',
    'If you want staff client windows to be minimized after a certain amount of system idle time, set this to the number of seconds of idle time that you want to allow before minimizing (requires staff client restart).',
    'integer' ),

( 'ui.circ.in_house_use.entry_cap',
  'GUI: Record In-House Use: Maximum # of uses allowed per entry.',
  'The # of uses entry in the Record In-House Use interface may not exceed the value of this setting.',
  'integer' ),

( 'ui.circ.in_house_use.entry_warn',
  'GUI: Record In-House Use: # of uses threshold for Are You Sure? dialog.',
  'In the Record In-House Use interface, a submission attempt will warn if the # of uses field exceeds the value of this setting.',
  'integer' ),

( 'acq.default_circ_modifier',
  'Default circulation modifier',
  null,
  'string' ),

( 'acq.tmp_barcode_prefix',
  'Temporary barcode prefix',
  null,
  'string' ),

( 'acq.tmp_callnumber_prefix',
  'Temporary call number prefix',
  null,
  'string' ),

( 'ui.circ.patron_summary.horizontal',
  'Patron circulation summary is horizontal',
  null,
  'bool' ),

( 'ui.staff.require_initials',
  oils_i18n_gettext('ui.staff.require_initials', 'GUI: Require staff initials for entry/edit of item/patron/penalty notes/messages.', 'coust', 'label'),
  oils_i18n_gettext('ui.staff.require_initials', 'Appends staff initials and edit date into note content.', 'coust', 'description'),
  'bool' ),

( 'ui.general.button_bar',
  'Button bar',
  null,
  'bool' ),

( 'circ.hold_shelf_status_delay',
  'Hold Shelf Status Delay',
  'The purpose is to provide an interval of time after an item goes into the on-holds-shelf status before it appears to patrons that it is actually on the holds shelf.  This gives staff time to process the item before it shows as ready-for-pickup.',
  'interval' ),

( 'circ.patron_invalid_address_apply_penalty',
  'Invalid patron address penalty',
  'When set, if a patron address is set to invalid, a penalty is applied.',
  'bool' ),

( 'circ.checkout_fills_related_hold',
  'Checkout Fills Related Hold',
  'When a patron checks out an item and they have no holds that directly target the item, the system will attempt to find a hold for the patron that could be fulfilled by the checked out item and fulfills it',
  'bool'),

( 'circ.selfcheck.auto_override_checkout_events',
  'Selfcheck override events list',
  'List of checkout/renewal events that the selfcheck interface should automatically override instead instead of alerting and stopping the transaction',
  'array' ),

( 'circ.staff_client.do_not_auto_attempt_print',
  'Disable Automatic Print Attempt Type List',
  'Disable automatic print attempts from staff client interfaces for the receipt types in this list.  Possible values: "Checkout", "Bill Pay", "Hold Slip", "Transit Slip", and "Hold/Transit Slip".  This is different from the Auto-Print checkbox in the pertinent interfaces in that it disables automatic print attempts altogether, rather than encouraging silent printing by suppressing the print dialog.  The Auto-Print checkbox in these interfaces have no effect on the behavior for this setting.  In the case of the Hold, Transit, and Hold/Transit slips, this also suppresses the alert dialogs that precede the print dialog (the ones that offer Print and Do Not Print as options).',
  'array' ),

( 'ui.patron.default_inet_access_level',
  'Default level of patrons'' internet access',
  null,
  'integer' ),

( 'circ.max_patron_claim_return_count',
    'Max Patron Claims Returned Count',
    'When this count is exceeded, a staff override is required to mark the item as claims returned',
    'integer' ),

( 'circ.obscure_dob',
    'Obscure the Date of Birth field',
    'When true, the Date of Birth column in patron lists will default to Not Visible, and in the Patron Summary sidebar the value will display as <Hidden> unless the field label is clicked.',
    'bool' ),

( 'circ.auto_hide_patron_summary',
    'GUI: Toggle off the patron summary sidebar after first view.',
    'When true, the patron summary sidebar will collapse after a new patron sub-interface is selected.',
    'bool' ),

( 'credit.processor.default',
    'Credit card processing: Name default credit processor',
    'This might be "AuthorizeNet", "PayPal", etc.',
    'string' ),

( 'credit.processor.authorizenet.enabled',
    'Credit card processing: Enable AuthorizeNet payments',
    '',
    'bool' ),

( 'credit.processor.authorizenet.login',
    'Credit card processing: AuthorizeNet login',
    '',
    'string' ),

( 'credit.processor.authorizenet.password',
    'Credit card processing: AuthorizeNet password',
    '',
    'string' ),

( 'credit.processor.authorizenet.server',
    'Credit card processing: AuthorizeNet server',
    'Required if using a developer/test account with AuthorizeNet',
    'string' ),

( 'credit.processor.authorizenet.testmode',
    'Credit card processing: AuthorizeNet test mode',
    '',
    'bool' ),

( 'credit.processor.paypal.enabled',
    'Credit card processing: Enable PayPal payments',
    '',
    'bool' ),
( 'credit.processor.paypal.login',
    'Credit card processing: PayPal login',
    '',
    'string' ),
( 'credit.processor.paypal.password',
    'Credit card processing: PayPal password',
    '',
    'string' ),
( 'credit.processor.paypal.signature',
    'Credit card processing: PayPal signature',
    '',
    'string' ),
( 'credit.processor.paypal.testmode',
    'Credit card processing: PayPal test mode',
    '',
    'bool' ),
('credit.processor.payflowpro.enabled',
    'Credit card processing: Enable PayflowPro payments',
    'This is NOT the same thing as the settings labeled with just "PayPal."',
    'bool'
),
('credit.processor.payflowpro.login',
    'Credit card processing: PayflowPro login/merchant ID',
    'Often the same thing as the PayPal manager login',
    'string'
),
('credit.processor.payflowpro.password',
    'Credit card processing: PayflowPro password',
    'PayflowPro password',
    'string'
),
('credit.processor.payflowpro.testmode',
    'Credit card processing: PayflowPro test mode',
    'Do not really process transactions, but stay in test mode - uses pilot-payflowpro.paypal.com instead of the usual host',
    'bool'
),
('credit.processor.payflowpro.vendor',
    'Credit card processing: PayflowPro vendor',
    'Often the same thing as the login',
    'string'
),
('credit.processor.payflowpro.partner',
    'Credit card processing: PayflowPro partner',
    'Often "PayPal" or "VeriSign", sometimes others',
    'string'
),

( 'ui.admin.work_log.max_entries',
    oils_i18n_gettext('ui.admin.work_log.max_entries', 'GUI: Work Log: Maximum Actions Logged', 'coust', 'label'),
    oils_i18n_gettext('ui.admin.work_log.max_entries', 'Maximum entries for "Most Recent Staff Actions" section of the Work Log interface.', 'coust', 'description'),
  'interval' ),

( 'ui.admin.patron_log.max_entries',
    oils_i18n_gettext('ui.admin.patron_log.max_entries', 'GUI: Work Log: Maximum Patrons Logged', 'coust', 'label'),
    oils_i18n_gettext('ui.admin.patron_log.max_entries', 'Maximum entries for "Most Recently Affected Patrons..." section of the Work Log interface.', 'coust', 'description'),
  'interval' ),

( 'lib.courier_code',
    oils_i18n_gettext('lib.courier_code', 'Courier Code', 'coust', 'label'),
    oils_i18n_gettext('lib.courier_code', 'Courier Code for the library.  Available in transit slip templates as the %courier_code% macro.', 'coust', 'description'),
    'string'),

( 'circ.block_renews_for_holds',
    oils_i18n_gettext('circ.block_renews_for_holds', 'Holds: Block Renewal of Items Needed for Holds', 'coust', 'label'),
    oils_i18n_gettext('circ.block_renews_for_holds', 'When an item could fulfill a hold, do not allow the current patron to renew', 'coust', 'description'),
    'bool' ),

( 'circ.password_reset_request_per_user_limit',
    oils_i18n_gettext('circ.password_reset_request_per_user_limit', 'Circulation: Maximum concurrently active self-serve password reset requests per user', 'coust', 'label'),
    oils_i18n_gettext('circ.password_reset_request_per_user_limit', 'When a user has more than this number of concurrently active self-serve password reset requests for their account, prevent the user from creating any new self-serve password reset requests until the number of active requests for the user drops back below this number.', 'coust', 'description'),
    'string'),

( 'circ.password_reset_request_time_to_live',
    oils_i18n_gettext('circ.password_reset_request_time_to_live', 'Circulation: Self-serve password reset request time-to-live', 'coust', 'label'),
    oils_i18n_gettext('circ.password_reset_request_time_to_live', 'Length of time (in seconds) a self-serve password reset request should remain active.', 'coust', 'description'),
    'string'),

( 'circ.password_reset_request_throttle',
    oils_i18n_gettext('circ.password_reset_request_throttle', 'Circulation: Maximum concurrently active self-serve password reset requests', 'coust', 'label'),
    oils_i18n_gettext('circ.password_reset_request_throttle', 'Prevent the creation of new self-serve password reset requests until the number of active requests drops back below this number.', 'coust', 'description'),
    'string'),

( 'opac.fully_compressed_serial_holdings',
    'OPAC: Use fully compressed serial holdings',
    'Show fully compressed serial holdings for all libraries at and below
    the current context unit',
    'bool')
;

UPDATE config.org_unit_setting_type
    SET view_perm = (SELECT id FROM permission.perm_list
        WHERE code = 'VIEW_CREDIT_CARD_PROCESSING' LIMIT 1)
    WHERE name LIKE 'credit.processor%' AND view_perm IS NULL;

UPDATE config.org_unit_setting_type
    SET update_perm = (SELECT id FROM permission.perm_list
        WHERE code = 'ADMIN_CREDIT_CARD_PROCESSING' LIMIT 1)
    WHERE name LIKE 'credit.processor%' AND update_perm IS NULL;

-- 0234.data.org-setting-ui.circ.suppress_checkin_popups.sql
INSERT INTO config.org_unit_setting_type ( name, label, description, datatype ) VALUES (
        'ui.circ.suppress_checkin_popups',
        oils_i18n_gettext(
            'ui.circ.suppress_checkin_popups', 
            'Circ: Suppress popup-dialogs during check-in.', 
            'coust', 
            'label'),
        oils_i18n_gettext(
            'ui.circ.suppress_checkin_popups', 
            'Circ: Suppress popup-dialogs during check-in.', 
            'coust', 
            'description'),
        'bool'
);

-- 0239.data.org-setting-format.date.time.sql
INSERT INTO config.org_unit_setting_type ( name, label, description, datatype ) VALUES (
        'format.date',
        oils_i18n_gettext(
            'format.date',
            'GUI: Format Dates with this pattern.', 
            'coust', 
            'label'),
        oils_i18n_gettext(
            'format.date',
            'GUI: Format Dates with this pattern (examples: "yyyy-MM-dd" for "2010-04-26", "MMM d, yyyy" for "Apr 26, 2010")', 
            'coust', 
            'description'),
        'string'
), (
        'format.time',
        oils_i18n_gettext(
            'format.time',
            'GUI: Format Times with this pattern.', 
            'coust', 
            'label'),
        oils_i18n_gettext(
            'format.time',
            'GUI: Format Times with this pattern (examples: "h:m:s.SSS a z" for "2:07:20.666 PM Eastern Daylight Time", "HH:mm" for "14:07")', 
            'coust', 
            'description'),
        'string'
);

-- 0247.data.org-setting-cat.bib.delete_on_no_copy_via_acq_lineitem_cancel.sql
INSERT INTO config.org_unit_setting_type ( name, label, description, datatype ) VALUES (
        'cat.bib.delete_on_no_copy_via_acq_lineitem_cancel',
        oils_i18n_gettext(
            'cat.bib.delete_on_no_copy_via_acq_lineitem_cancel',
            'CAT: Delete bib if all copies are deleted via Acquisitions lineitem cancellation.', 
            'coust', 
            'label'),
        oils_i18n_gettext(
            'cat.bib.delete_on_no_copy_via_acq_lineitem_cancel',
            'CAT: Delete bib if all copies are deleted via Acquisitions lineitem cancellation.', 
            'coust', 
            'description'),
        'bool'
);

-- 0250.data.org-setting-url.remote_column_settings.sql
INSERT INTO config.org_unit_setting_type ( name, label, description, datatype ) VALUES (
        'url.remote_column_settings',
        oils_i18n_gettext(
            'url.remote_column_settings',
            'GUI: URL for remote directory containing list column settings.', 
            'coust', 
            'label'),
        oils_i18n_gettext(
            'url.remote_column_settings',
            'GUI: URL for remote directory containing list column settings.  The format and naming convention for the files found in this directory match those in the local settings directory for a given workstation.  An administrator could create the desired settings locally and then copy all the tree_columns_for_* files to the remote directory.', 
            'coust', 
            'description'),
        'string'
);
INSERT INTO config.org_unit_setting_type ( name, label, description, datatype ) VALUES (
        'gui.disable_local_save_columns',
        oils_i18n_gettext(
            'gui.disable_local_save_columns',
            'GUI: Disable the ability to save list column configurations locally.', 
            'coust', 
            'label'),
        oils_i18n_gettext(
            'gui.disable_local_save_columns',
            'GUI: Disable the ability to save list column configurations locally.  If set, columns may still be manipulated, however, the changes do not persist.  Also, existing local configurations are ignored if this setting is true.', 
            'coust', 
            'description'),
        'bool'
);

-- 0290.data.org-setting-password-reset-request.sql
INSERT INTO config.org_unit_setting_type ( name, label, description, datatype ) VALUES (
        'circ.password_reset_request_requires_matching_email',
        oils_i18n_gettext(
            'circ.password_reset_request_requires_matching_email',
            'Circulation: Require matching email address for password reset requests', 
            'coust', 
            'label'),
        oils_i18n_gettext(
            'circ.password_reset_request_requires_matching_email',
            'Circulation: Require matching email address for password reset requests', 
            'coust', 
            'description'),
        'bool'
);

-- 0305.data.org-setting-circ.holds.expired_patron_block.sql
INSERT INTO config.org_unit_setting_type ( name, label, description, datatype ) VALUES (
        'circ.holds.expired_patron_block',
        oils_i18n_gettext(
            'circ.holds.expired_patron_block',
            'Circulation: Block hold request if hold recipient privileges have expired', 
            'coust', 
            'label'),
        oils_i18n_gettext(
            'circ.holds.expired_patron_block',
            'Circulation: Block hold request if hold recipient privileges have expired', 
            'coust', 
            'description'),
        'bool'
);

-- 0323.data.booking.elbow_room.sql
INSERT INTO config.org_unit_setting_type
    (name, label, description, datatype) VALUES (
        'circ.booking_reservation.default_elbow_room',
        oils_i18n_gettext(
            'circ.booking_reservation.default_elbow_room',
            'Booking: Elbow room',
            'coust',
            'label'
        ),
        oils_i18n_gettext(
            'circ.booking_reservation.default_elbow_room',
            'Elbow room specifies how far in the future you must make a reservation on an item if that item will have to transit to reach its pickup location.  It secondarily defines how soon a reservation on a given item must start before the check-in process will opportunistically capture it for the reservation shelf.',
            'coust',
            'label'
        ),
        'interval'
    );

-- *** Has to go below coust definition to satisfy referential integrity ***
-- In booking, elbow room defines:
--  a) how far in the future you must make a reservation on a given item if
--      that item will have to transit somewhere to fulfill the reservation.
--  b) how soon a reservation must be starting for the reserved item to
--      be op-captured by the checkin interface.
INSERT INTO actor.org_unit_setting (org_unit, name, value) VALUES (
    (SELECT id FROM actor.org_unit WHERE parent_ou IS NULL),
    'circ.booking_reservation.default_elbow_room',
    '"1 day"'
);

-- Org_unit_setting_type(s) that need an fm_class:
INSERT into config.org_unit_setting_type
( name, label, description, datatype, fm_class ) VALUES
( 'acq.default_copy_location',
  'Default copy location',
  null,
  'link',
  'acpl' );

-- Staged Search (for default matchpoints)
INSERT INTO search.relevance_adjustment (field, bump_type, multiplier) VALUES(1, 'first_word', 1.5);
INSERT INTO search.relevance_adjustment (field, bump_type, multiplier) VALUES(1, 'full_match', 20);

INSERT INTO search.relevance_adjustment (field, bump_type, multiplier) VALUES(2, 'first_word', 1.5);
INSERT INTO search.relevance_adjustment (field, bump_type, multiplier) VALUES(2, 'word_order', 10);
INSERT INTO search.relevance_adjustment (field, bump_type, multiplier) VALUES(2, 'full_match', 20);

INSERT INTO search.relevance_adjustment (field, bump_type, multiplier) VALUES(3, 'first_word', 1.5);
INSERT INTO search.relevance_adjustment (field, bump_type, multiplier) VALUES(3, 'word_order', 10);
INSERT INTO search.relevance_adjustment (field, bump_type, multiplier) VALUES(3, 'full_match', 20);

INSERT INTO search.relevance_adjustment (field, bump_type, multiplier) VALUES(4, 'first_word', 1.5);
INSERT INTO search.relevance_adjustment (field, bump_type, multiplier) VALUES(4, 'word_order', 10);
INSERT INTO search.relevance_adjustment (field, bump_type, multiplier) VALUES(4, 'full_match', 20);

INSERT INTO search.relevance_adjustment (field, bump_type, multiplier) VALUES(5, 'first_word', 1.5);
INSERT INTO search.relevance_adjustment (field, bump_type, multiplier) VALUES(5, 'word_order', 10);
INSERT INTO search.relevance_adjustment (field, bump_type, multiplier) VALUES(5, 'full_match', 20);

INSERT INTO search.relevance_adjustment (field, bump_type, multiplier) VALUES(6, 'first_word', 1.5);
INSERT INTO search.relevance_adjustment (field, bump_type, multiplier) VALUES(6, 'word_order', 10);
INSERT INTO search.relevance_adjustment (field, bump_type, multiplier) VALUES(6, 'full_match', 20);

INSERT INTO search.relevance_adjustment (field, bump_type, multiplier) VALUES(7, 'first_word', 1.5);

INSERT INTO search.relevance_adjustment (field, bump_type, multiplier) VALUES(8, 'first_word', 1.5);

INSERT INTO search.relevance_adjustment (field, bump_type, multiplier) VALUES(9, 'first_word', 1.5);

INSERT INTO search.relevance_adjustment (field, bump_type, multiplier) VALUES(10, 'first_word', 1.5);

INSERT INTO search.relevance_adjustment (field, bump_type, multiplier) VALUES(15, 'word_order', 10);

-- Vandelay (for importing and exporting records) 012.schema.vandelay.sql 
INSERT INTO vandelay.bib_attr_definition ( id, code, description, xpath ) VALUES (1, 'title', oils_i18n_gettext(1, 'Title of work', 'vqbrad', 'description'),'//*[@tag="245"]/*[contains("abcmnopr",@code)]');
INSERT INTO vandelay.bib_attr_definition ( id, code, description, xpath ) VALUES (2, 'author', oils_i18n_gettext(2, 'Author of work', 'vqbrad', 'description'),'//*[@tag="100" or @tag="110" or @tag="113"]/*[contains("ad",@code)]');
INSERT INTO vandelay.bib_attr_definition ( id, code, description, xpath ) VALUES (3, 'language', oils_i18n_gettext(3, 'Language of work', 'vqbrad', 'description'),'//*[@tag="240"]/*[@code="l"][1]');
INSERT INTO vandelay.bib_attr_definition ( id, code, description, xpath ) VALUES (4, 'pagination', oils_i18n_gettext(4, 'Pagination', 'vqbrad', 'description'),'//*[@tag="300"]/*[@code="a"][1]');
INSERT INTO vandelay.bib_attr_definition ( id, code, description, xpath, ident, remove ) VALUES (5, 'isbn',oils_i18n_gettext(5, 'ISBN', 'vqbrad', 'description'),'//*[@tag="020"]/*[@code="a"]', TRUE, $r$(?:-|\s.+$)$r$);
INSERT INTO vandelay.bib_attr_definition ( id, code, description, xpath, ident, remove ) VALUES (6, 'issn',oils_i18n_gettext(6, 'ISSN', 'vqbrad', 'description'),'//*[@tag="022"]/*[@code="a"]', TRUE, $r$(?:-|\s.+$)$r$);
INSERT INTO vandelay.bib_attr_definition ( id, code, description, xpath ) VALUES (7, 'price',oils_i18n_gettext(7, 'Price', 'vqbrad', 'description'),'//*[@tag="020" or @tag="022"]/*[@code="c"][1]');
INSERT INTO vandelay.bib_attr_definition ( id, code, description, xpath, ident ) VALUES (8, 'rec_identifier',oils_i18n_gettext(8, 'Accession Number', 'vqbrad', 'description'),'//*[@tag="001"]', TRUE);
INSERT INTO vandelay.bib_attr_definition ( id, code, description, xpath, ident ) VALUES (9, 'eg_tcn',oils_i18n_gettext(9, 'TCN Value', 'vqbrad', 'description'),'//*[@tag="901"]/*[@code="a"]', TRUE);
INSERT INTO vandelay.bib_attr_definition ( id, code, description, xpath, ident ) VALUES (10, 'eg_tcn_source',oils_i18n_gettext(10, 'TCN Source', 'vqbrad', 'description'),'//*[@tag="901"]/*[@code="b"]', TRUE);
INSERT INTO vandelay.bib_attr_definition ( id, code, description, xpath, ident ) VALUES (11, 'eg_identifier',oils_i18n_gettext(11, 'Internal ID', 'vqbrad', 'description'),'//*[@tag="901"]/*[@code="c"]', TRUE);
INSERT INTO vandelay.bib_attr_definition ( id, code, description, xpath ) VALUES (12, 'publisher',oils_i18n_gettext(12, 'Publisher', 'vqbrad', 'description'),'//*[@tag="260"]/*[@code="b"][1]');
INSERT INTO vandelay.bib_attr_definition ( id, code, description, xpath, remove ) VALUES (13, 'pubdate',oils_i18n_gettext(13, 'Publication Date', 'vqbrad', 'description'),'//*[@tag="260"]/*[@code="c"][1]',$r$\D$r$);
INSERT INTO vandelay.bib_attr_definition ( id, code, description, xpath ) VALUES (14, 'edition',oils_i18n_gettext(14, 'Edition', 'vqbrad', 'description'),'//*[@tag="250"]/*[@code="a"][1]');
INSERT INTO vandelay.bib_attr_definition ( id, code, description, xpath ) VALUES (15, 'item_barcode',oils_i18n_gettext(15, 'Item Barcode', 'vqbrad', 'description'),'//*[@tag="852"]/*[@code="p"][1]');
SELECT SETVAL('vandelay.bib_attr_definition_id_seq'::TEXT, 100);

INSERT INTO vandelay.import_item_attr_definition (
    owner, name, tag, owning_lib, circ_lib, location,
    call_number, circ_modifier, barcode, price, copy_number,
    circulate, ref, holdable, opac_visible, status
) VALUES (
    1,
    'Evergreen 852 export format',
    '852',
    '[@code = "b"][1]',
    '[@code = "b"][2]',
    'c',
    'j',
    'g',
    'p',
    'y',
    't',
    '[@code = "x" and text() = "circulating"]',
    '[@code = "x" and text() = "reference"]',
    '[@code = "x" and text() = "holdable"]',
    '[@code = "x" and text() = "visible"]',
    'z'
);

INSERT INTO vandelay.import_item_attr_definition (
    owner,
    name,
    tag,
    owning_lib,
    location,
    call_number,
    circ_modifier,
    barcode,
    price,
    status
) VALUES (
    1,
    'Unicorn Import format -- 999',
    '999',
    'm',
    'l',
    'a',
    't',
    'i',
    'p',
    'k'
);

INSERT INTO vandelay.authority_attr_definition (id, code, description, xpath, ident ) VALUES (1, 'rec_identifier',oils_i18n_gettext(1, 'Identifier', 'vqarad', 'description'),'//*[@tag="001"]', TRUE);
SELECT SETVAL('vandelay.authority_attr_definition_id_seq'::TEXT, 100);


INSERT INTO container.copy_bucket_type (code,label) VALUES ('misc', oils_i18n_gettext('misc', 'Miscellaneous', 'ccpbt', 'label'));
INSERT INTO container.copy_bucket_type (code,label) VALUES ('staff_client', oils_i18n_gettext('staff_client', 'General Staff Client container', 'ccpbt', 'label'));
INSERT INTO container.copy_bucket_type (code,label) VALUES ( 'circ_history', 'Circulation History' );
INSERT INTO container.call_number_bucket_type (code,label) VALUES ('misc', oils_i18n_gettext('misc', 'Miscellaneous', 'ccnbt', 'label'));
INSERT INTO container.biblio_record_entry_bucket_type (code,label) VALUES ('misc', oils_i18n_gettext('misc', 'Miscellaneous', 'cbrebt', 'label'));
INSERT INTO container.biblio_record_entry_bucket_type (code,label) VALUES ('staff_client', oils_i18n_gettext('staff_client', 'General Staff Client container', 'cbrebt', 'label'));
INSERT INTO container.biblio_record_entry_bucket_type (code,label) VALUES ('bookbag', oils_i18n_gettext('bookbag', 'Book Bag', 'cbrebt', 'label'));
INSERT INTO container.biblio_record_entry_bucket_type (code,label) VALUES ('reading_list', oils_i18n_gettext('reading_list', 'Reading List', 'cbrebt', 'label'));

INSERT INTO container.user_bucket_type (code,label) VALUES ('misc', oils_i18n_gettext('misc', 'Miscellaneous', 'cubt', 'label'));
INSERT INTO container.user_bucket_type (code,label) VALUES ('folks', oils_i18n_gettext('folks', 'Friends', 'cubt', 'label'));
INSERT INTO container.user_bucket_type (code,label) VALUES ('folks:pub_book_bags.view', oils_i18n_gettext('folks:pub_book_bags.view', 'List Published Book Bags', 'cubt', 'label'));
INSERT INTO container.user_bucket_type (code,label) VALUES ('folks:pub_book_bags.add', oils_i18n_gettext('folks:pub_book_bags.add', 'Add to Published Book Bags', 'cubt', 'label'));
INSERT INTO container.user_bucket_type (code,label) VALUES ('folks:circ.view', oils_i18n_gettext('folks:circ.view', 'View Circulations', 'cubt', 'label'));
INSERT INTO container.user_bucket_type (code,label) VALUES ('folks:circ.renew', oils_i18n_gettext('folks:circ.renew', 'Renew Circulations', 'cubt', 'label'));
INSERT INTO container.user_bucket_type (code,label) VALUES ('folks:circ.checkout', oils_i18n_gettext('folks:circ.checkout', 'Checkout Items', 'cubt', 'label'));
INSERT INTO container.user_bucket_type (code,label) VALUES ('folks:hold.view', oils_i18n_gettext('folks:hold.view', 'View Holds', 'cubt', 'label'));
INSERT INTO container.user_bucket_type (code,label) VALUES ('folks:hold.cancel', oils_i18n_gettext('folks:hold.cancel', 'Cancel Holds', 'cubt', 'label'));


----------------------------------
-- MARC21 record structure data --
----------------------------------

-- Record type map
INSERT INTO config.marc21_rec_type_map (code, type_val, blvl_val) VALUES ('BKS','at','acdm');
INSERT INTO config.marc21_rec_type_map (code, type_val, blvl_val) VALUES ('SER','a','bsi');
INSERT INTO config.marc21_rec_type_map (code, type_val, blvl_val) VALUES ('VIS','gkro','abcdmsi');
INSERT INTO config.marc21_rec_type_map (code, type_val, blvl_val) VALUES ('MIX','p','cdi');
INSERT INTO config.marc21_rec_type_map (code, type_val, blvl_val) VALUES ('MAP','ef','abcdmsi');
INSERT INTO config.marc21_rec_type_map (code, type_val, blvl_val) VALUES ('SCO','cd','abcdmsi');
INSERT INTO config.marc21_rec_type_map (code, type_val, blvl_val) VALUES ('REC','ij','abcdmsi');
INSERT INTO config.marc21_rec_type_map (code, type_val, blvl_val) VALUES ('COM','m','abcdmsi');


------ Physical Characteristics

-- Map
INSERT INTO config.marc21_physical_characteristic_type_map (ptype_key, label) VALUES ('a','Map');
INSERT INTO config.marc21_physical_characteristic_subfield_map (ptype_key,subfield,start_pos,length,label) VALUES ('a','b','1','1','SMD');
INSERT INTO config.marc21_physical_characteristic_value_map (value,ptype_subfield,label) VALUES ('d',CURRVAL('config.marc21_physical_characteristic_subfield_map_id_seq'),'Atlas');
INSERT INTO config.marc21_physical_characteristic_value_map (value,ptype_subfield,label) VALUES ('g',CURRVAL('config.marc21_physical_characteristic_subfield_map_id_seq'),'Diagram');
INSERT INTO config.marc21_physical_characteristic_value_map (value,ptype_subfield,label) VALUES ('j',CURRVAL('config.marc21_physical_characteristic_subfield_map_id_seq'),'Map');
INSERT INTO config.marc21_physical_characteristic_value_map (value,ptype_subfield,label) VALUES ('k',CURRVAL('config.marc21_physical_characteristic_subfield_map_id_seq'),'Profile');
INSERT INTO config.marc21_physical_characteristic_value_map (value,ptype_subfield,label) VALUES ('q',CURRVAL('config.marc21_physical_characteristic_subfield_map_id_seq'),'Model');
INSERT INTO config.marc21_physical_characteristic_value_map (value,ptype_subfield,label) VALUES ('r',CURRVAL('config.marc21_physical_characteristic_subfield_map_id_seq'),'Remote-sensing image');
INSERT INTO config.marc21_physical_characteristic_value_map (value,ptype_subfield,label) VALUES ('s',CURRVAL('config.marc21_physical_characteristic_subfield_map_id_seq'),'Section');
INSERT INTO config.marc21_physical_characteristic_value_map (value,ptype_subfield,label) VALUES ('u',CURRVAL('config.marc21_physical_characteristic_subfield_map_id_seq'),'Unspecified');
INSERT INTO config.marc21_physical_characteristic_value_map (value,ptype_subfield,label) VALUES ('y',CURRVAL('config.marc21_physical_characteristic_subfield_map_id_seq'),'View');
INSERT INTO config.marc21_physical_characteristic_value_map (value,ptype_subfield,label) VALUES ('z',CURRVAL('config.marc21_physical_characteristic_subfield_map_id_seq'),'Other');
INSERT INTO config.marc21_physical_characteristic_subfield_map (ptype_key,subfield,start_pos,length,label) VALUES ('a','d','3','1','Color');
INSERT INTO config.marc21_physical_characteristic_value_map (value,ptype_subfield,label) VALUES ('a',CURRVAL('config.marc21_physical_characteristic_subfield_map_id_seq'),'One color');
INSERT INTO config.marc21_physical_characteristic_value_map (value,ptype_subfield,label) VALUES ('c',CURRVAL('config.marc21_physical_characteristic_subfield_map_id_seq'),'Multicolored');
INSERT INTO config.marc21_physical_characteristic_subfield_map (ptype_key,subfield,start_pos,length,label) VALUES ('a','e','4','1','Physical medium');
INSERT INTO config.marc21_physical_characteristic_value_map (value,ptype_subfield,label) VALUES ('a',CURRVAL('config.marc21_physical_characteristic_subfield_map_id_seq'),'Paper');
INSERT INTO config.marc21_physical_characteristic_value_map (value,ptype_subfield,label) VALUES ('b',CURRVAL('config.marc21_physical_characteristic_subfield_map_id_seq'),'Wood');
INSERT INTO config.marc21_physical_characteristic_value_map (value,ptype_subfield,label) VALUES ('c',CURRVAL('config.marc21_physical_characteristic_subfield_map_id_seq'),'Stone');
INSERT INTO config.marc21_physical_characteristic_value_map (value,ptype_subfield,label) VALUES ('d',CURRVAL('config.marc21_physical_characteristic_subfield_map_id_seq'),'Metal');
INSERT INTO config.marc21_physical_characteristic_value_map (value,ptype_subfield,label) VALUES ('e',CURRVAL('config.marc21_physical_characteristic_subfield_map_id_seq'),'Synthetics');
INSERT INTO config.marc21_physical_characteristic_value_map (value,ptype_subfield,label) VALUES ('f',CURRVAL('config.marc21_physical_characteristic_subfield_map_id_seq'),'Skins');
INSERT INTO config.marc21_physical_characteristic_value_map (value,ptype_subfield,label) VALUES ('g',CURRVAL('config.marc21_physical_characteristic_subfield_map_id_seq'),'Textile');
INSERT INTO config.marc21_physical_characteristic_value_map (value,ptype_subfield,label) VALUES ('p',CURRVAL('config.marc21_physical_characteristic_subfield_map_id_seq'),'Plaster');
INSERT INTO config.marc21_physical_characteristic_value_map (value,ptype_subfield,label) VALUES ('q',CURRVAL('config.marc21_physical_characteristic_subfield_map_id_seq'),'Flexible base photographic medium, positive');
INSERT INTO config.marc21_physical_characteristic_value_map (value,ptype_subfield,label) VALUES ('r',CURRVAL('config.marc21_physical_characteristic_subfield_map_id_seq'),'Flexible base photographic medium, negative');
INSERT INTO config.marc21_physical_characteristic_value_map (value,ptype_subfield,label) VALUES ('s',CURRVAL('config.marc21_physical_characteristic_subfield_map_id_seq'),'Non-flexible base photographic medium, positive');
INSERT INTO config.marc21_physical_characteristic_value_map (value,ptype_subfield,label) VALUES ('t',CURRVAL('config.marc21_physical_characteristic_subfield_map_id_seq'),'Non-flexible base photographic medium, negative');
INSERT INTO config.marc21_physical_characteristic_value_map (value,ptype_subfield,label) VALUES ('u',CURRVAL('config.marc21_physical_characteristic_subfield_map_id_seq'),'Unknown');
INSERT INTO config.marc21_physical_characteristic_value_map (value,ptype_subfield,label) VALUES ('y',CURRVAL('config.marc21_physical_characteristic_subfield_map_id_seq'),'Other photographic medium');
INSERT INTO config.marc21_physical_characteristic_value_map (value,ptype_subfield,label) VALUES ('z',CURRVAL('config.marc21_physical_characteristic_subfield_map_id_seq'),'Other');
INSERT INTO config.marc21_physical_characteristic_subfield_map (ptype_key,subfield,start_pos,length,label) VALUES ('a','f','5','1','Type of reproduction');
INSERT INTO config.marc21_physical_characteristic_value_map (value,ptype_subfield,label) VALUES ('f',CURRVAL('config.marc21_physical_characteristic_subfield_map_id_seq'),'Facsimile');
INSERT INTO config.marc21_physical_characteristic_value_map (value,ptype_subfield,label) VALUES ('n',CURRVAL('config.marc21_physical_characteristic_subfield_map_id_seq'),'Not applicable');
INSERT INTO config.marc21_physical_characteristic_value_map (value,ptype_subfield,label) VALUES ('u',CURRVAL('config.marc21_physical_characteristic_subfield_map_id_seq'),'Unknown');
INSERT INTO config.marc21_physical_characteristic_value_map (value,ptype_subfield,label) VALUES ('z',CURRVAL('config.marc21_physical_characteristic_subfield_map_id_seq'),'Other');
INSERT INTO config.marc21_physical_characteristic_subfield_map (ptype_key,subfield,start_pos,length,label) VALUES ('a','g','6','1','Production/reproduction details');
INSERT INTO config.marc21_physical_characteristic_value_map (value,ptype_subfield,label) VALUES ('a',CURRVAL('config.marc21_physical_characteristic_subfield_map_id_seq'),'Photocopy, blueline print');
INSERT INTO config.marc21_physical_characteristic_value_map (value,ptype_subfield,label) VALUES ('b',CURRVAL('config.marc21_physical_characteristic_subfield_map_id_seq'),'Photocopy');
INSERT INTO config.marc21_physical_characteristic_value_map (value,ptype_subfield,label) VALUES ('c',CURRVAL('config.marc21_physical_characteristic_subfield_map_id_seq'),'Pre-production');
INSERT INTO config.marc21_physical_characteristic_value_map (value,ptype_subfield,label) VALUES ('d',CURRVAL('config.marc21_physical_characteristic_subfield_map_id_seq'),'Film');
INSERT INTO config.marc21_physical_characteristic_value_map (value,ptype_subfield,label) VALUES ('u',CURRVAL('config.marc21_physical_characteristic_subfield_map_id_seq'),'Unknown');
INSERT INTO config.marc21_physical_characteristic_value_map (value,ptype_subfield,label) VALUES ('z',CURRVAL('config.marc21_physical_characteristic_subfield_map_id_seq'),'Other');
INSERT INTO config.marc21_physical_characteristic_subfield_map (ptype_key,subfield,start_pos,length,label) VALUES ('a','h','7','1','Positive/negative');
INSERT INTO config.marc21_physical_characteristic_value_map (value,ptype_subfield,label) VALUES ('a',CURRVAL('config.marc21_physical_characteristic_subfield_map_id_seq'),'Positive');
INSERT INTO config.marc21_physical_characteristic_value_map (value,ptype_subfield,label) VALUES ('b',CURRVAL('config.marc21_physical_characteristic_subfield_map_id_seq'),'Negative');
INSERT INTO config.marc21_physical_characteristic_value_map (value,ptype_subfield,label) VALUES ('m',CURRVAL('config.marc21_physical_characteristic_subfield_map_id_seq'),'Mixed');
INSERT INTO config.marc21_physical_characteristic_value_map (value,ptype_subfield,label) VALUES ('n',CURRVAL('config.marc21_physical_characteristic_subfield_map_id_seq'),'Not applicable');

-- Electronic Resource
INSERT INTO config.marc21_physical_characteristic_type_map (ptype_key, label) VALUES ('c','Electronic Resource');
INSERT INTO config.marc21_physical_characteristic_subfield_map (ptype_key,subfield,start_pos,length,label) VALUES ('c','b','1','1','SMD');
INSERT INTO config.marc21_physical_characteristic_value_map (value,ptype_subfield,label) VALUES ('a',CURRVAL('config.marc21_physical_characteristic_subfield_map_id_seq'),'Tape Cartridge');
INSERT INTO config.marc21_physical_characteristic_value_map (value,ptype_subfield,label) VALUES ('b',CURRVAL('config.marc21_physical_characteristic_subfield_map_id_seq'),'Chip cartridge');
INSERT INTO config.marc21_physical_characteristic_value_map (value,ptype_subfield,label) VALUES ('c',CURRVAL('config.marc21_physical_characteristic_subfield_map_id_seq'),'Computer optical disk cartridge');
INSERT INTO config.marc21_physical_characteristic_value_map (value,ptype_subfield,label) VALUES ('f',CURRVAL('config.marc21_physical_characteristic_subfield_map_id_seq'),'Tape cassette');
INSERT INTO config.marc21_physical_characteristic_value_map (value,ptype_subfield,label) VALUES ('h',CURRVAL('config.marc21_physical_characteristic_subfield_map_id_seq'),'Tape reel');
INSERT INTO config.marc21_physical_characteristic_value_map (value,ptype_subfield,label) VALUES ('j',CURRVAL('config.marc21_physical_characteristic_subfield_map_id_seq'),'Magnetic disk');
INSERT INTO config.marc21_physical_characteristic_value_map (value,ptype_subfield,label) VALUES ('m',CURRVAL('config.marc21_physical_characteristic_subfield_map_id_seq'),'Magneto-optical disk');
INSERT INTO config.marc21_physical_characteristic_value_map (value,ptype_subfield,label) VALUES ('o',CURRVAL('config.marc21_physical_characteristic_subfield_map_id_seq'),'Optical disk');
INSERT INTO config.marc21_physical_characteristic_value_map (value,ptype_subfield,label) VALUES ('r',CURRVAL('config.marc21_physical_characteristic_subfield_map_id_seq'),'Remote');
INSERT INTO config.marc21_physical_characteristic_value_map (value,ptype_subfield,label) VALUES ('u',CURRVAL('config.marc21_physical_characteristic_subfield_map_id_seq'),'Unspecified');
INSERT INTO config.marc21_physical_characteristic_value_map (value,ptype_subfield,label) VALUES ('z',CURRVAL('config.marc21_physical_characteristic_subfield_map_id_seq'),'Other');
INSERT INTO config.marc21_physical_characteristic_subfield_map (ptype_key,subfield,start_pos,length,label) VALUES ('c','d','3','1','Color');
INSERT INTO config.marc21_physical_characteristic_value_map (value,ptype_subfield,label) VALUES ('a',CURRVAL('config.marc21_physical_characteristic_subfield_map_id_seq'),'One color');
INSERT INTO config.marc21_physical_characteristic_value_map (value,ptype_subfield,label) VALUES ('b',CURRVAL('config.marc21_physical_characteristic_subfield_map_id_seq'),'Black-and-white');
INSERT INTO config.marc21_physical_characteristic_value_map (value,ptype_subfield,label) VALUES ('c',CURRVAL('config.marc21_physical_characteristic_subfield_map_id_seq'),'Multicolored');
INSERT INTO config.marc21_physical_characteristic_value_map (value,ptype_subfield,label) VALUES ('g',CURRVAL('config.marc21_physical_characteristic_subfield_map_id_seq'),'Gray scale');
INSERT INTO config.marc21_physical_characteristic_value_map (value,ptype_subfield,label) VALUES ('m',CURRVAL('config.marc21_physical_characteristic_subfield_map_id_seq'),'Mixed');
INSERT INTO config.marc21_physical_characteristic_value_map (value,ptype_subfield,label) VALUES ('n',CURRVAL('config.marc21_physical_characteristic_subfield_map_id_seq'),'Not applicable');
INSERT INTO config.marc21_physical_characteristic_value_map (value,ptype_subfield,label) VALUES ('u',CURRVAL('config.marc21_physical_characteristic_subfield_map_id_seq'),'Unknown');
INSERT INTO config.marc21_physical_characteristic_value_map (value,ptype_subfield,label) VALUES ('z',CURRVAL('config.marc21_physical_characteristic_subfield_map_id_seq'),'Other');
INSERT INTO config.marc21_physical_characteristic_subfield_map (ptype_key,subfield,start_pos,length,label) VALUES ('c','e','4','1','Dimensions');
INSERT INTO config.marc21_physical_characteristic_value_map (value,ptype_subfield,label) VALUES ('a',CURRVAL('config.marc21_physical_characteristic_subfield_map_id_seq'),'3 1/2 in.');
INSERT INTO config.marc21_physical_characteristic_value_map (value,ptype_subfield,label) VALUES ('e',CURRVAL('config.marc21_physical_characteristic_subfield_map_id_seq'),'12 in.');
INSERT INTO config.marc21_physical_characteristic_value_map (value,ptype_subfield,label) VALUES ('g',CURRVAL('config.marc21_physical_characteristic_subfield_map_id_seq'),'4 3/4 in. or 12 cm.');
INSERT INTO config.marc21_physical_characteristic_value_map (value,ptype_subfield,label) VALUES ('i',CURRVAL('config.marc21_physical_characteristic_subfield_map_id_seq'),'1 1/8 x 2 3/8 in.');
INSERT INTO config.marc21_physical_characteristic_value_map (value,ptype_subfield,label) VALUES ('j',CURRVAL('config.marc21_physical_characteristic_subfield_map_id_seq'),'3 7/8 x 2 1/2 in.');
INSERT INTO config.marc21_physical_characteristic_value_map (value,ptype_subfield,label) VALUES ('n',CURRVAL('config.marc21_physical_characteristic_subfield_map_id_seq'),'Not applicable');
INSERT INTO config.marc21_physical_characteristic_value_map (value,ptype_subfield,label) VALUES ('o',CURRVAL('config.marc21_physical_characteristic_subfield_map_id_seq'),'5 1/4 in.');
INSERT INTO config.marc21_physical_characteristic_value_map (value,ptype_subfield,label) VALUES ('u',CURRVAL('config.marc21_physical_characteristic_subfield_map_id_seq'),'Unknown');
INSERT INTO config.marc21_physical_characteristic_value_map (value,ptype_subfield,label) VALUES ('v',CURRVAL('config.marc21_physical_characteristic_subfield_map_id_seq'),'8 in.');
INSERT INTO config.marc21_physical_characteristic_value_map (value,ptype_subfield,label) VALUES ('z',CURRVAL('config.marc21_physical_characteristic_subfield_map_id_seq'),'Other');
INSERT INTO config.marc21_physical_characteristic_subfield_map (ptype_key,subfield,start_pos,length,label) VALUES ('c','f','5','1','Sound');
INSERT INTO config.marc21_physical_characteristic_value_map (value,ptype_subfield,label) VALUES (' ',CURRVAL('config.marc21_physical_characteristic_subfield_map_id_seq'),'No sound (Silent)');
INSERT INTO config.marc21_physical_characteristic_value_map (value,ptype_subfield,label) VALUES ('a',CURRVAL('config.marc21_physical_characteristic_subfield_map_id_seq'),'Sound');
INSERT INTO config.marc21_physical_characteristic_value_map (value,ptype_subfield,label) VALUES ('u',CURRVAL('config.marc21_physical_characteristic_subfield_map_id_seq'),'Unknown');
INSERT INTO config.marc21_physical_characteristic_subfield_map (ptype_key,subfield,start_pos,length,label) VALUES ('c','g','6','3','Image bit depth');
INSERT INTO config.marc21_physical_characteristic_value_map (value,ptype_subfield,label) VALUES ('---',CURRVAL('config.marc21_physical_characteristic_subfield_map_id_seq'),'Unknown');
INSERT INTO config.marc21_physical_characteristic_value_map (value,ptype_subfield,label) VALUES ('mmm',CURRVAL('config.marc21_physical_characteristic_subfield_map_id_seq'),'Multiple');
INSERT INTO config.marc21_physical_characteristic_value_map (value,ptype_subfield,label) VALUES ('nnn',CURRVAL('config.marc21_physical_characteristic_subfield_map_id_seq'),'Not applicable');
INSERT INTO config.marc21_physical_characteristic_subfield_map (ptype_key,subfield,start_pos,length,label) VALUES ('c','h','9','1','File formats');
INSERT INTO config.marc21_physical_characteristic_value_map (value,ptype_subfield,label) VALUES ('a',CURRVAL('config.marc21_physical_characteristic_subfield_map_id_seq'),'One file format');
INSERT INTO config.marc21_physical_characteristic_value_map (value,ptype_subfield,label) VALUES ('m',CURRVAL('config.marc21_physical_characteristic_subfield_map_id_seq'),'Multiple file formats');
INSERT INTO config.marc21_physical_characteristic_value_map (value,ptype_subfield,label) VALUES ('u',CURRVAL('config.marc21_physical_characteristic_subfield_map_id_seq'),'Unknown');
INSERT INTO config.marc21_physical_characteristic_subfield_map (ptype_key,subfield,start_pos,length,label) VALUES ('c','i','10','1','Quality assurance target(s)');
INSERT INTO config.marc21_physical_characteristic_value_map (value,ptype_subfield,label) VALUES ('a',CURRVAL('config.marc21_physical_characteristic_subfield_map_id_seq'),'Absent');
INSERT INTO config.marc21_physical_characteristic_value_map (value,ptype_subfield,label) VALUES ('n',CURRVAL('config.marc21_physical_characteristic_subfield_map_id_seq'),'Not applicable');
INSERT INTO config.marc21_physical_characteristic_value_map (value,ptype_subfield,label) VALUES ('p',CURRVAL('config.marc21_physical_characteristic_subfield_map_id_seq'),'Present');
INSERT INTO config.marc21_physical_characteristic_value_map (value,ptype_subfield,label) VALUES ('u',CURRVAL('config.marc21_physical_characteristic_subfield_map_id_seq'),'Unknown');
INSERT INTO config.marc21_physical_characteristic_subfield_map (ptype_key,subfield,start_pos,length,label) VALUES ('c','j','11','1','Antecedent/Source');
INSERT INTO config.marc21_physical_characteristic_value_map (value,ptype_subfield,label) VALUES ('a',CURRVAL('config.marc21_physical_characteristic_subfield_map_id_seq'),'File reproduced from original');
INSERT INTO config.marc21_physical_characteristic_value_map (value,ptype_subfield,label) VALUES ('b',CURRVAL('config.marc21_physical_characteristic_subfield_map_id_seq'),'File reproduced from microform');
INSERT INTO config.marc21_physical_characteristic_value_map (value,ptype_subfield,label) VALUES ('c',CURRVAL('config.marc21_physical_characteristic_subfield_map_id_seq'),'File reproduced from electronic resource');
INSERT INTO config.marc21_physical_characteristic_value_map (value,ptype_subfield,label) VALUES ('d',CURRVAL('config.marc21_physical_characteristic_subfield_map_id_seq'),'File reproduced from an intermediate (not microform)');
INSERT INTO config.marc21_physical_characteristic_value_map (value,ptype_subfield,label) VALUES ('m',CURRVAL('config.marc21_physical_characteristic_subfield_map_id_seq'),'Mixed');
INSERT INTO config.marc21_physical_characteristic_value_map (value,ptype_subfield,label) VALUES ('n',CURRVAL('config.marc21_physical_characteristic_subfield_map_id_seq'),'Not applicable');
INSERT INTO config.marc21_physical_characteristic_value_map (value,ptype_subfield,label) VALUES ('u',CURRVAL('config.marc21_physical_characteristic_subfield_map_id_seq'),'Unknown');
INSERT INTO config.marc21_physical_characteristic_subfield_map (ptype_key,subfield,start_pos,length,label) VALUES ('c','k','12','1','Level of compression');
INSERT INTO config.marc21_physical_characteristic_value_map (value,ptype_subfield,label) VALUES ('a',CURRVAL('config.marc21_physical_characteristic_subfield_map_id_seq'),'Uncompressed');
INSERT INTO config.marc21_physical_characteristic_value_map (value,ptype_subfield,label) VALUES ('b',CURRVAL('config.marc21_physical_characteristic_subfield_map_id_seq'),'Lossless');
INSERT INTO config.marc21_physical_characteristic_value_map (value,ptype_subfield,label) VALUES ('d',CURRVAL('config.marc21_physical_characteristic_subfield_map_id_seq'),'Lossy');
INSERT INTO config.marc21_physical_characteristic_value_map (value,ptype_subfield,label) VALUES ('m',CURRVAL('config.marc21_physical_characteristic_subfield_map_id_seq'),'Mixed');
INSERT INTO config.marc21_physical_characteristic_value_map (value,ptype_subfield,label) VALUES ('u',CURRVAL('config.marc21_physical_characteristic_subfield_map_id_seq'),'Unknown');
INSERT INTO config.marc21_physical_characteristic_subfield_map (ptype_key,subfield,start_pos,length,label) VALUES ('c','l','13','1','Reformatting quality');
INSERT INTO config.marc21_physical_characteristic_value_map (value,ptype_subfield,label) VALUES ('a',CURRVAL('config.marc21_physical_characteristic_subfield_map_id_seq'),'Access');
INSERT INTO config.marc21_physical_characteristic_value_map (value,ptype_subfield,label) VALUES ('n',CURRVAL('config.marc21_physical_characteristic_subfield_map_id_seq'),'Not applicable');
INSERT INTO config.marc21_physical_characteristic_value_map (value,ptype_subfield,label) VALUES ('p',CURRVAL('config.marc21_physical_characteristic_subfield_map_id_seq'),'Preservation');
INSERT INTO config.marc21_physical_characteristic_value_map (value,ptype_subfield,label) VALUES ('r',CURRVAL('config.marc21_physical_characteristic_subfield_map_id_seq'),'Replacement');
INSERT INTO config.marc21_physical_characteristic_value_map (value,ptype_subfield,label) VALUES ('u',CURRVAL('config.marc21_physical_characteristic_subfield_map_id_seq'),'Unknown');

-- Globe
INSERT INTO config.marc21_physical_characteristic_type_map (ptype_key, label) VALUES ('d','Globe');
INSERT INTO config.marc21_physical_characteristic_subfield_map (ptype_key,subfield,start_pos,length,label) VALUES ('d','b','1','1','SMD');
INSERT INTO config.marc21_physical_characteristic_value_map (value,ptype_subfield,label) VALUES ('a',CURRVAL('config.marc21_physical_characteristic_subfield_map_id_seq'),'Celestial globe');
INSERT INTO config.marc21_physical_characteristic_value_map (value,ptype_subfield,label) VALUES ('b',CURRVAL('config.marc21_physical_characteristic_subfield_map_id_seq'),'Planetary or lunar globe');
INSERT INTO config.marc21_physical_characteristic_value_map (value,ptype_subfield,label) VALUES ('c',CURRVAL('config.marc21_physical_characteristic_subfield_map_id_seq'),'Terrestrial globe');
INSERT INTO config.marc21_physical_characteristic_value_map (value,ptype_subfield,label) VALUES ('e',CURRVAL('config.marc21_physical_characteristic_subfield_map_id_seq'),'Earth moon globe');
INSERT INTO config.marc21_physical_characteristic_value_map (value,ptype_subfield,label) VALUES ('u',CURRVAL('config.marc21_physical_characteristic_subfield_map_id_seq'),'Unspecified');
INSERT INTO config.marc21_physical_characteristic_value_map (value,ptype_subfield,label) VALUES ('z',CURRVAL('config.marc21_physical_characteristic_subfield_map_id_seq'),'Other');
INSERT INTO config.marc21_physical_characteristic_subfield_map (ptype_key,subfield,start_pos,length,label) VALUES ('d','d','3','1','Color');
INSERT INTO config.marc21_physical_characteristic_value_map (value,ptype_subfield,label) VALUES ('a',CURRVAL('config.marc21_physical_characteristic_subfield_map_id_seq'),'One color');
INSERT INTO config.marc21_physical_characteristic_value_map (value,ptype_subfield,label) VALUES ('c',CURRVAL('config.marc21_physical_characteristic_subfield_map_id_seq'),'Multicolored');
INSERT INTO config.marc21_physical_characteristic_subfield_map (ptype_key,subfield,start_pos,length,label) VALUES ('d','e','4','1','Physical medium');
INSERT INTO config.marc21_physical_characteristic_value_map (value,ptype_subfield,label) VALUES ('a',CURRVAL('config.marc21_physical_characteristic_subfield_map_id_seq'),'Paper');
INSERT INTO config.marc21_physical_characteristic_value_map (value,ptype_subfield,label) VALUES ('b',CURRVAL('config.marc21_physical_characteristic_subfield_map_id_seq'),'Wood');
INSERT INTO config.marc21_physical_characteristic_value_map (value,ptype_subfield,label) VALUES ('c',CURRVAL('config.marc21_physical_characteristic_subfield_map_id_seq'),'Stone');
INSERT INTO config.marc21_physical_characteristic_value_map (value,ptype_subfield,label) VALUES ('d',CURRVAL('config.marc21_physical_characteristic_subfield_map_id_seq'),'Metal');
INSERT INTO config.marc21_physical_characteristic_value_map (value,ptype_subfield,label) VALUES ('e',CURRVAL('config.marc21_physical_characteristic_subfield_map_id_seq'),'Synthetics');
INSERT INTO config.marc21_physical_characteristic_value_map (value,ptype_subfield,label) VALUES ('f',CURRVAL('config.marc21_physical_characteristic_subfield_map_id_seq'),'Skins');
INSERT INTO config.marc21_physical_characteristic_value_map (value,ptype_subfield,label) VALUES ('g',CURRVAL('config.marc21_physical_characteristic_subfield_map_id_seq'),'Textile');
INSERT INTO config.marc21_physical_characteristic_value_map (value,ptype_subfield,label) VALUES ('p',CURRVAL('config.marc21_physical_characteristic_subfield_map_id_seq'),'Plaster');
INSERT INTO config.marc21_physical_characteristic_value_map (value,ptype_subfield,label) VALUES ('u',CURRVAL('config.marc21_physical_characteristic_subfield_map_id_seq'),'Unknown');
INSERT INTO config.marc21_physical_characteristic_value_map (value,ptype_subfield,label) VALUES ('z',CURRVAL('config.marc21_physical_characteristic_subfield_map_id_seq'),'Other');
INSERT INTO config.marc21_physical_characteristic_subfield_map (ptype_key,subfield,start_pos,length,label) VALUES ('d','f','5','1','Type of reproduction');
INSERT INTO config.marc21_physical_characteristic_value_map (value,ptype_subfield,label) VALUES ('f',CURRVAL('config.marc21_physical_characteristic_subfield_map_id_seq'),'Facsimile');
INSERT INTO config.marc21_physical_characteristic_value_map (value,ptype_subfield,label) VALUES ('n',CURRVAL('config.marc21_physical_characteristic_subfield_map_id_seq'),'Not applicable');
INSERT INTO config.marc21_physical_characteristic_value_map (value,ptype_subfield,label) VALUES ('u',CURRVAL('config.marc21_physical_characteristic_subfield_map_id_seq'),'Unknown');
INSERT INTO config.marc21_physical_characteristic_value_map (value,ptype_subfield,label) VALUES ('z',CURRVAL('config.marc21_physical_characteristic_subfield_map_id_seq'),'Other');

-- Tactile Material
INSERT INTO config.marc21_physical_characteristic_type_map (ptype_key, label) VALUES ('f','Tactile Material');
INSERT INTO config.marc21_physical_characteristic_subfield_map (ptype_key,subfield,start_pos,length,label) VALUES ('f','b','1','1','SMD');
INSERT INTO config.marc21_physical_characteristic_value_map (value,ptype_subfield,label) VALUES ('a',CURRVAL('config.marc21_physical_characteristic_subfield_map_id_seq'),'Moon');
INSERT INTO config.marc21_physical_characteristic_value_map (value,ptype_subfield,label) VALUES ('b',CURRVAL('config.marc21_physical_characteristic_subfield_map_id_seq'),'Braille');
INSERT INTO config.marc21_physical_characteristic_value_map (value,ptype_subfield,label) VALUES ('c',CURRVAL('config.marc21_physical_characteristic_subfield_map_id_seq'),'Combination');
INSERT INTO config.marc21_physical_characteristic_value_map (value,ptype_subfield,label) VALUES ('d',CURRVAL('config.marc21_physical_characteristic_subfield_map_id_seq'),'Tactile, with no writing system');
INSERT INTO config.marc21_physical_characteristic_value_map (value,ptype_subfield,label) VALUES ('u',CURRVAL('config.marc21_physical_characteristic_subfield_map_id_seq'),'Unspecified');
INSERT INTO config.marc21_physical_characteristic_value_map (value,ptype_subfield,label) VALUES ('z',CURRVAL('config.marc21_physical_characteristic_subfield_map_id_seq'),'Other');
INSERT INTO config.marc21_physical_characteristic_subfield_map (ptype_key,subfield,start_pos,length,label) VALUES ('f','d','3','2','Class of braille writing');
INSERT INTO config.marc21_physical_characteristic_value_map (value,ptype_subfield,label) VALUES ('a',CURRVAL('config.marc21_physical_characteristic_subfield_map_id_seq'),'Literary braille');
INSERT INTO config.marc21_physical_characteristic_value_map (value,ptype_subfield,label) VALUES ('b',CURRVAL('config.marc21_physical_characteristic_subfield_map_id_seq'),'Format code braille');
INSERT INTO config.marc21_physical_characteristic_value_map (value,ptype_subfield,label) VALUES ('c',CURRVAL('config.marc21_physical_characteristic_subfield_map_id_seq'),'Mathematics and scientific braille');
INSERT INTO config.marc21_physical_characteristic_value_map (value,ptype_subfield,label) VALUES ('d',CURRVAL('config.marc21_physical_characteristic_subfield_map_id_seq'),'Computer braille');
INSERT INTO config.marc21_physical_characteristic_value_map (value,ptype_subfield,label) VALUES ('e',CURRVAL('config.marc21_physical_characteristic_subfield_map_id_seq'),'Music braille');
INSERT INTO config.marc21_physical_characteristic_value_map (value,ptype_subfield,label) VALUES ('m',CURRVAL('config.marc21_physical_characteristic_subfield_map_id_seq'),'Multiple braille types');
INSERT INTO config.marc21_physical_characteristic_value_map (value,ptype_subfield,label) VALUES ('n',CURRVAL('config.marc21_physical_characteristic_subfield_map_id_seq'),'Not applicable');
INSERT INTO config.marc21_physical_characteristic_value_map (value,ptype_subfield,label) VALUES ('u',CURRVAL('config.marc21_physical_characteristic_subfield_map_id_seq'),'Unknown');
INSERT INTO config.marc21_physical_characteristic_value_map (value,ptype_subfield,label) VALUES ('z',CURRVAL('config.marc21_physical_characteristic_subfield_map_id_seq'),'Other');
INSERT INTO config.marc21_physical_characteristic_subfield_map (ptype_key,subfield,start_pos,length,label) VALUES ('f','e','4','1','Level of contraction');
INSERT INTO config.marc21_physical_characteristic_value_map (value,ptype_subfield,label) VALUES ('a',CURRVAL('config.marc21_physical_characteristic_subfield_map_id_seq'),'Uncontracted');
INSERT INTO config.marc21_physical_characteristic_value_map (value,ptype_subfield,label) VALUES ('b',CURRVAL('config.marc21_physical_characteristic_subfield_map_id_seq'),'Contracted');
INSERT INTO config.marc21_physical_characteristic_value_map (value,ptype_subfield,label) VALUES ('m',CURRVAL('config.marc21_physical_characteristic_subfield_map_id_seq'),'Combination');
INSERT INTO config.marc21_physical_characteristic_value_map (value,ptype_subfield,label) VALUES ('n',CURRVAL('config.marc21_physical_characteristic_subfield_map_id_seq'),'Not applicable');
INSERT INTO config.marc21_physical_characteristic_value_map (value,ptype_subfield,label) VALUES ('u',CURRVAL('config.marc21_physical_characteristic_subfield_map_id_seq'),'Unknown');
INSERT INTO config.marc21_physical_characteristic_value_map (value,ptype_subfield,label) VALUES ('z',CURRVAL('config.marc21_physical_characteristic_subfield_map_id_seq'),'Other');
INSERT INTO config.marc21_physical_characteristic_subfield_map (ptype_key,subfield,start_pos,length,label) VALUES ('f','f','6','3','Braille music format');
INSERT INTO config.marc21_physical_characteristic_value_map (value,ptype_subfield,label) VALUES ('a',CURRVAL('config.marc21_physical_characteristic_subfield_map_id_seq'),'Bar over bar');
INSERT INTO config.marc21_physical_characteristic_value_map (value,ptype_subfield,label) VALUES ('b',CURRVAL('config.marc21_physical_characteristic_subfield_map_id_seq'),'Bar by bar');
INSERT INTO config.marc21_physical_characteristic_value_map (value,ptype_subfield,label) VALUES ('c',CURRVAL('config.marc21_physical_characteristic_subfield_map_id_seq'),'Line over line');
INSERT INTO config.marc21_physical_characteristic_value_map (value,ptype_subfield,label) VALUES ('d',CURRVAL('config.marc21_physical_characteristic_subfield_map_id_seq'),'Paragraph');
INSERT INTO config.marc21_physical_characteristic_value_map (value,ptype_subfield,label) VALUES ('e',CURRVAL('config.marc21_physical_characteristic_subfield_map_id_seq'),'Single line');
INSERT INTO config.marc21_physical_characteristic_value_map (value,ptype_subfield,label) VALUES ('f',CURRVAL('config.marc21_physical_characteristic_subfield_map_id_seq'),'Section by section');
INSERT INTO config.marc21_physical_characteristic_value_map (value,ptype_subfield,label) VALUES ('g',CURRVAL('config.marc21_physical_characteristic_subfield_map_id_seq'),'Line by line');
INSERT INTO config.marc21_physical_characteristic_value_map (value,ptype_subfield,label) VALUES ('h',CURRVAL('config.marc21_physical_characteristic_subfield_map_id_seq'),'Open score');
INSERT INTO config.marc21_physical_characteristic_value_map (value,ptype_subfield,label) VALUES ('i',CURRVAL('config.marc21_physical_characteristic_subfield_map_id_seq'),'Spanner short form scoring');
INSERT INTO config.marc21_physical_characteristic_value_map (value,ptype_subfield,label) VALUES ('j',CURRVAL('config.marc21_physical_characteristic_subfield_map_id_seq'),'Short form scoring');
INSERT INTO config.marc21_physical_characteristic_value_map (value,ptype_subfield,label) VALUES ('k',CURRVAL('config.marc21_physical_characteristic_subfield_map_id_seq'),'Outline');
INSERT INTO config.marc21_physical_characteristic_value_map (value,ptype_subfield,label) VALUES ('l',CURRVAL('config.marc21_physical_characteristic_subfield_map_id_seq'),'Vertical score');
INSERT INTO config.marc21_physical_characteristic_value_map (value,ptype_subfield,label) VALUES ('n',CURRVAL('config.marc21_physical_characteristic_subfield_map_id_seq'),'Not applicable');
INSERT INTO config.marc21_physical_characteristic_value_map (value,ptype_subfield,label) VALUES ('u',CURRVAL('config.marc21_physical_characteristic_subfield_map_id_seq'),'Unknown');
INSERT INTO config.marc21_physical_characteristic_value_map (value,ptype_subfield,label) VALUES ('z',CURRVAL('config.marc21_physical_characteristic_subfield_map_id_seq'),'Other');
INSERT INTO config.marc21_physical_characteristic_subfield_map (ptype_key,subfield,start_pos,length,label) VALUES ('f','g','9','1','Special physical characteristics');
INSERT INTO config.marc21_physical_characteristic_value_map (value,ptype_subfield,label) VALUES ('a',CURRVAL('config.marc21_physical_characteristic_subfield_map_id_seq'),'Print/braille');
INSERT INTO config.marc21_physical_characteristic_value_map (value,ptype_subfield,label) VALUES ('b',CURRVAL('config.marc21_physical_characteristic_subfield_map_id_seq'),'Jumbo or enlarged braille');
INSERT INTO config.marc21_physical_characteristic_value_map (value,ptype_subfield,label) VALUES ('n',CURRVAL('config.marc21_physical_characteristic_subfield_map_id_seq'),'Not applicable');
INSERT INTO config.marc21_physical_characteristic_value_map (value,ptype_subfield,label) VALUES ('u',CURRVAL('config.marc21_physical_characteristic_subfield_map_id_seq'),'Unknown');
INSERT INTO config.marc21_physical_characteristic_value_map (value,ptype_subfield,label) VALUES ('z',CURRVAL('config.marc21_physical_characteristic_subfield_map_id_seq'),'Other');

-- Projected Graphic
INSERT INTO config.marc21_physical_characteristic_type_map (ptype_key, label) VALUES ('g','Projected Graphic');
INSERT INTO config.marc21_physical_characteristic_subfield_map (ptype_key,subfield,start_pos,length,label) VALUES ('g','b','1','1','SMD');
INSERT INTO config.marc21_physical_characteristic_value_map (value,ptype_subfield,label) VALUES ('c',CURRVAL('config.marc21_physical_characteristic_subfield_map_id_seq'),'Film cartridge');
INSERT INTO config.marc21_physical_characteristic_value_map (value,ptype_subfield,label) VALUES ('d',CURRVAL('config.marc21_physical_characteristic_subfield_map_id_seq'),'Filmstrip');
INSERT INTO config.marc21_physical_characteristic_value_map (value,ptype_subfield,label) VALUES ('f',CURRVAL('config.marc21_physical_characteristic_subfield_map_id_seq'),'Film filmstrip type');
INSERT INTO config.marc21_physical_characteristic_value_map (value,ptype_subfield,label) VALUES ('o',CURRVAL('config.marc21_physical_characteristic_subfield_map_id_seq'),'Filmstrip roll');
INSERT INTO config.marc21_physical_characteristic_value_map (value,ptype_subfield,label) VALUES ('s',CURRVAL('config.marc21_physical_characteristic_subfield_map_id_seq'),'Slide');
INSERT INTO config.marc21_physical_characteristic_value_map (value,ptype_subfield,label) VALUES ('t',CURRVAL('config.marc21_physical_characteristic_subfield_map_id_seq'),'Transparency');
INSERT INTO config.marc21_physical_characteristic_value_map (value,ptype_subfield,label) VALUES ('z',CURRVAL('config.marc21_physical_characteristic_subfield_map_id_seq'),'Other');
INSERT INTO config.marc21_physical_characteristic_subfield_map (ptype_key,subfield,start_pos,length,label) VALUES ('g','d','3','1','Color');
INSERT INTO config.marc21_physical_characteristic_value_map (value,ptype_subfield,label) VALUES ('b',CURRVAL('config.marc21_physical_characteristic_subfield_map_id_seq'),'Black-and-white');
INSERT INTO config.marc21_physical_characteristic_value_map (value,ptype_subfield,label) VALUES ('c',CURRVAL('config.marc21_physical_characteristic_subfield_map_id_seq'),'Multicolored');
INSERT INTO config.marc21_physical_characteristic_value_map (value,ptype_subfield,label) VALUES ('h',CURRVAL('config.marc21_physical_characteristic_subfield_map_id_seq'),'Hand-colored');
INSERT INTO config.marc21_physical_characteristic_value_map (value,ptype_subfield,label) VALUES ('m',CURRVAL('config.marc21_physical_characteristic_subfield_map_id_seq'),'Mixed');
INSERT INTO config.marc21_physical_characteristic_value_map (value,ptype_subfield,label) VALUES ('n',CURRVAL('config.marc21_physical_characteristic_subfield_map_id_seq'),'Not applicable');
INSERT INTO config.marc21_physical_characteristic_value_map (value,ptype_subfield,label) VALUES ('u',CURRVAL('config.marc21_physical_characteristic_subfield_map_id_seq'),'Unknown');
INSERT INTO config.marc21_physical_characteristic_value_map (value,ptype_subfield,label) VALUES ('z',CURRVAL('config.marc21_physical_characteristic_subfield_map_id_seq'),'Other');
INSERT INTO config.marc21_physical_characteristic_subfield_map (ptype_key,subfield,start_pos,length,label) VALUES ('g','e','4','1','Base of emulsion');
INSERT INTO config.marc21_physical_characteristic_value_map (value,ptype_subfield,label) VALUES ('d',CURRVAL('config.marc21_physical_characteristic_subfield_map_id_seq'),'Glass');
INSERT INTO config.marc21_physical_characteristic_value_map (value,ptype_subfield,label) VALUES ('e',CURRVAL('config.marc21_physical_characteristic_subfield_map_id_seq'),'Synthetics');
INSERT INTO config.marc21_physical_characteristic_value_map (value,ptype_subfield,label) VALUES ('j',CURRVAL('config.marc21_physical_characteristic_subfield_map_id_seq'),'Safety film');
INSERT INTO config.marc21_physical_characteristic_value_map (value,ptype_subfield,label) VALUES ('k',CURRVAL('config.marc21_physical_characteristic_subfield_map_id_seq'),'Film base, other than safety film');
INSERT INTO config.marc21_physical_characteristic_value_map (value,ptype_subfield,label) VALUES ('m',CURRVAL('config.marc21_physical_characteristic_subfield_map_id_seq'),'Mixed collection');
INSERT INTO config.marc21_physical_characteristic_value_map (value,ptype_subfield,label) VALUES ('o',CURRVAL('config.marc21_physical_characteristic_subfield_map_id_seq'),'Paper');
INSERT INTO config.marc21_physical_characteristic_value_map (value,ptype_subfield,label) VALUES ('u',CURRVAL('config.marc21_physical_characteristic_subfield_map_id_seq'),'Unknown');
INSERT INTO config.marc21_physical_characteristic_value_map (value,ptype_subfield,label) VALUES ('z',CURRVAL('config.marc21_physical_characteristic_subfield_map_id_seq'),'Other');
INSERT INTO config.marc21_physical_characteristic_subfield_map (ptype_key,subfield,start_pos,length,label) VALUES ('g','f','5','1','Sound on medium or separate');
INSERT INTO config.marc21_physical_characteristic_value_map (value,ptype_subfield,label) VALUES ('a',CURRVAL('config.marc21_physical_characteristic_subfield_map_id_seq'),'Sound on medium');
INSERT INTO config.marc21_physical_characteristic_value_map (value,ptype_subfield,label) VALUES ('b',CURRVAL('config.marc21_physical_characteristic_subfield_map_id_seq'),'Sound separate from medium');
INSERT INTO config.marc21_physical_characteristic_value_map (value,ptype_subfield,label) VALUES ('u',CURRVAL('config.marc21_physical_characteristic_subfield_map_id_seq'),'Unknown');
INSERT INTO config.marc21_physical_characteristic_subfield_map (ptype_key,subfield,start_pos,length,label) VALUES ('g','g','6','1','Medium for sound');
INSERT INTO config.marc21_physical_characteristic_value_map (value,ptype_subfield,label) VALUES ('a',CURRVAL('config.marc21_physical_characteristic_subfield_map_id_seq'),'Optical sound track on motion picture film');
INSERT INTO config.marc21_physical_characteristic_value_map (value,ptype_subfield,label) VALUES ('b',CURRVAL('config.marc21_physical_characteristic_subfield_map_id_seq'),'Magnetic sound track on motion picture film');
INSERT INTO config.marc21_physical_characteristic_value_map (value,ptype_subfield,label) VALUES ('c',CURRVAL('config.marc21_physical_characteristic_subfield_map_id_seq'),'Magnetic audio tape in cartridge');
INSERT INTO config.marc21_physical_characteristic_value_map (value,ptype_subfield,label) VALUES ('d',CURRVAL('config.marc21_physical_characteristic_subfield_map_id_seq'),'Sound disc');
INSERT INTO config.marc21_physical_characteristic_value_map (value,ptype_subfield,label) VALUES ('e',CURRVAL('config.marc21_physical_characteristic_subfield_map_id_seq'),'Magnetic audio tape on reel');
INSERT INTO config.marc21_physical_characteristic_value_map (value,ptype_subfield,label) VALUES ('f',CURRVAL('config.marc21_physical_characteristic_subfield_map_id_seq'),'Magnetic audio tape in cassette');
INSERT INTO config.marc21_physical_characteristic_value_map (value,ptype_subfield,label) VALUES ('g',CURRVAL('config.marc21_physical_characteristic_subfield_map_id_seq'),'Optical and magnetic sound track on film');
INSERT INTO config.marc21_physical_characteristic_value_map (value,ptype_subfield,label) VALUES ('h',CURRVAL('config.marc21_physical_characteristic_subfield_map_id_seq'),'Videotape');
INSERT INTO config.marc21_physical_characteristic_value_map (value,ptype_subfield,label) VALUES ('i',CURRVAL('config.marc21_physical_characteristic_subfield_map_id_seq'),'Videodisc');
INSERT INTO config.marc21_physical_characteristic_value_map (value,ptype_subfield,label) VALUES ('u',CURRVAL('config.marc21_physical_characteristic_subfield_map_id_seq'),'Unknown');
INSERT INTO config.marc21_physical_characteristic_value_map (value,ptype_subfield,label) VALUES ('z',CURRVAL('config.marc21_physical_characteristic_subfield_map_id_seq'),'Other');
INSERT INTO config.marc21_physical_characteristic_subfield_map (ptype_key,subfield,start_pos,length,label) VALUES ('g','h','7','1','Dimensions');
INSERT INTO config.marc21_physical_characteristic_value_map (value,ptype_subfield,label) VALUES ('a',CURRVAL('config.marc21_physical_characteristic_subfield_map_id_seq'),'Standard 8 mm.');
INSERT INTO config.marc21_physical_characteristic_value_map (value,ptype_subfield,label) VALUES ('b',CURRVAL('config.marc21_physical_characteristic_subfield_map_id_seq'),'Super 8 mm./single 8 mm.');
INSERT INTO config.marc21_physical_characteristic_value_map (value,ptype_subfield,label) VALUES ('c',CURRVAL('config.marc21_physical_characteristic_subfield_map_id_seq'),'9.5 mm.');
INSERT INTO config.marc21_physical_characteristic_value_map (value,ptype_subfield,label) VALUES ('d',CURRVAL('config.marc21_physical_characteristic_subfield_map_id_seq'),'16 mm.');
INSERT INTO config.marc21_physical_characteristic_value_map (value,ptype_subfield,label) VALUES ('e',CURRVAL('config.marc21_physical_characteristic_subfield_map_id_seq'),'28 mm.');
INSERT INTO config.marc21_physical_characteristic_value_map (value,ptype_subfield,label) VALUES ('f',CURRVAL('config.marc21_physical_characteristic_subfield_map_id_seq'),'35 mm.');
INSERT INTO config.marc21_physical_characteristic_value_map (value,ptype_subfield,label) VALUES ('g',CURRVAL('config.marc21_physical_characteristic_subfield_map_id_seq'),'70 mm.');
INSERT INTO config.marc21_physical_characteristic_value_map (value,ptype_subfield,label) VALUES ('j',CURRVAL('config.marc21_physical_characteristic_subfield_map_id_seq'),'2 x 2 in. (5 x 5 cm.)');
INSERT INTO config.marc21_physical_characteristic_value_map (value,ptype_subfield,label) VALUES ('k',CURRVAL('config.marc21_physical_characteristic_subfield_map_id_seq'),'2 1/4 x 2 1/4 in. (6 x 6 cm.)');
INSERT INTO config.marc21_physical_characteristic_value_map (value,ptype_subfield,label) VALUES ('s',CURRVAL('config.marc21_physical_characteristic_subfield_map_id_seq'),'4 x 5 in. (10 x 13 cm.)');
INSERT INTO config.marc21_physical_characteristic_value_map (value,ptype_subfield,label) VALUES ('t',CURRVAL('config.marc21_physical_characteristic_subfield_map_id_seq'),'5 x 7 in. (13 x 18 cm.)');
INSERT INTO config.marc21_physical_characteristic_value_map (value,ptype_subfield,label) VALUES ('u',CURRVAL('config.marc21_physical_characteristic_subfield_map_id_seq'),'Unknown');
INSERT INTO config.marc21_physical_characteristic_value_map (value,ptype_subfield,label) VALUES ('v',CURRVAL('config.marc21_physical_characteristic_subfield_map_id_seq'),'8 x 10 in. (21 x 26 cm.)');
INSERT INTO config.marc21_physical_characteristic_value_map (value,ptype_subfield,label) VALUES ('w',CURRVAL('config.marc21_physical_characteristic_subfield_map_id_seq'),'9 x 9 in. (23 x 23 cm.)');
INSERT INTO config.marc21_physical_characteristic_value_map (value,ptype_subfield,label) VALUES ('x',CURRVAL('config.marc21_physical_characteristic_subfield_map_id_seq'),'10 x 10 in. (26 x 26 cm.)');
INSERT INTO config.marc21_physical_characteristic_value_map (value,ptype_subfield,label) VALUES ('y',CURRVAL('config.marc21_physical_characteristic_subfield_map_id_seq'),'7 x 7 in. (18 x 18 cm.)');
INSERT INTO config.marc21_physical_characteristic_value_map (value,ptype_subfield,label) VALUES ('z',CURRVAL('config.marc21_physical_characteristic_subfield_map_id_seq'),'Other');
INSERT INTO config.marc21_physical_characteristic_subfield_map (ptype_key,subfield,start_pos,length,label) VALUES ('g','i','8','1','Secondary support material');
INSERT INTO config.marc21_physical_characteristic_value_map (value,ptype_subfield,label) VALUES ('c',CURRVAL('config.marc21_physical_characteristic_subfield_map_id_seq'),'Cardboard');
INSERT INTO config.marc21_physical_characteristic_value_map (value,ptype_subfield,label) VALUES ('d',CURRVAL('config.marc21_physical_characteristic_subfield_map_id_seq'),'Glass');
INSERT INTO config.marc21_physical_characteristic_value_map (value,ptype_subfield,label) VALUES ('e',CURRVAL('config.marc21_physical_characteristic_subfield_map_id_seq'),'Synthetics');
INSERT INTO config.marc21_physical_characteristic_value_map (value,ptype_subfield,label) VALUES ('h',CURRVAL('config.marc21_physical_characteristic_subfield_map_id_seq'),'metal');
INSERT INTO config.marc21_physical_characteristic_value_map (value,ptype_subfield,label) VALUES ('j',CURRVAL('config.marc21_physical_characteristic_subfield_map_id_seq'),'Metal and glass');
INSERT INTO config.marc21_physical_characteristic_value_map (value,ptype_subfield,label) VALUES ('k',CURRVAL('config.marc21_physical_characteristic_subfield_map_id_seq'),'Synthetics and glass');
INSERT INTO config.marc21_physical_characteristic_value_map (value,ptype_subfield,label) VALUES ('m',CURRVAL('config.marc21_physical_characteristic_subfield_map_id_seq'),'Mixed collection');
INSERT INTO config.marc21_physical_characteristic_value_map (value,ptype_subfield,label) VALUES ('u',CURRVAL('config.marc21_physical_characteristic_subfield_map_id_seq'),'Unknown');
INSERT INTO config.marc21_physical_characteristic_value_map (value,ptype_subfield,label) VALUES ('z',CURRVAL('config.marc21_physical_characteristic_subfield_map_id_seq'),'Other');

-- Microform
INSERT INTO config.marc21_physical_characteristic_type_map (ptype_key, label) VALUES ('h','Microform');
INSERT INTO config.marc21_physical_characteristic_subfield_map (ptype_key,subfield,start_pos,length,label) VALUES ('h','b','1','1','SMD');
INSERT INTO config.marc21_physical_characteristic_value_map (value,ptype_subfield,label) VALUES ('a',CURRVAL('config.marc21_physical_characteristic_subfield_map_id_seq'),'Aperture card');
INSERT INTO config.marc21_physical_characteristic_value_map (value,ptype_subfield,label) VALUES ('b',CURRVAL('config.marc21_physical_characteristic_subfield_map_id_seq'),'Microfilm cartridge');
INSERT INTO config.marc21_physical_characteristic_value_map (value,ptype_subfield,label) VALUES ('c',CURRVAL('config.marc21_physical_characteristic_subfield_map_id_seq'),'Microfilm cassette');
INSERT INTO config.marc21_physical_characteristic_value_map (value,ptype_subfield,label) VALUES ('d',CURRVAL('config.marc21_physical_characteristic_subfield_map_id_seq'),'Microfilm reel');
INSERT INTO config.marc21_physical_characteristic_value_map (value,ptype_subfield,label) VALUES ('e',CURRVAL('config.marc21_physical_characteristic_subfield_map_id_seq'),'Microfiche');
INSERT INTO config.marc21_physical_characteristic_value_map (value,ptype_subfield,label) VALUES ('f',CURRVAL('config.marc21_physical_characteristic_subfield_map_id_seq'),'Microfiche cassette');
INSERT INTO config.marc21_physical_characteristic_value_map (value,ptype_subfield,label) VALUES ('g',CURRVAL('config.marc21_physical_characteristic_subfield_map_id_seq'),'Microopaque');
INSERT INTO config.marc21_physical_characteristic_value_map (value,ptype_subfield,label) VALUES ('u',CURRVAL('config.marc21_physical_characteristic_subfield_map_id_seq'),'Unspecified');
INSERT INTO config.marc21_physical_characteristic_value_map (value,ptype_subfield,label) VALUES ('z',CURRVAL('config.marc21_physical_characteristic_subfield_map_id_seq'),'Other');
INSERT INTO config.marc21_physical_characteristic_subfield_map (ptype_key,subfield,start_pos,length,label) VALUES ('h','d','3','1','Positive/negative');
INSERT INTO config.marc21_physical_characteristic_value_map (value,ptype_subfield,label) VALUES ('a',CURRVAL('config.marc21_physical_characteristic_subfield_map_id_seq'),'Positive');
INSERT INTO config.marc21_physical_characteristic_value_map (value,ptype_subfield,label) VALUES ('b',CURRVAL('config.marc21_physical_characteristic_subfield_map_id_seq'),'Negative');
INSERT INTO config.marc21_physical_characteristic_value_map (value,ptype_subfield,label) VALUES ('m',CURRVAL('config.marc21_physical_characteristic_subfield_map_id_seq'),'Mixed');
INSERT INTO config.marc21_physical_characteristic_value_map (value,ptype_subfield,label) VALUES ('u',CURRVAL('config.marc21_physical_characteristic_subfield_map_id_seq'),'Unknown');
INSERT INTO config.marc21_physical_characteristic_subfield_map (ptype_key,subfield,start_pos,length,label) VALUES ('h','e','4','1','Dimensions');
INSERT INTO config.marc21_physical_characteristic_value_map (value,ptype_subfield,label) VALUES ('a',CURRVAL('config.marc21_physical_characteristic_subfield_map_id_seq'),'8 mm.');
INSERT INTO config.marc21_physical_characteristic_value_map (value,ptype_subfield,label) VALUES ('e',CURRVAL('config.marc21_physical_characteristic_subfield_map_id_seq'),'16 mm.');
INSERT INTO config.marc21_physical_characteristic_value_map (value,ptype_subfield,label) VALUES ('f',CURRVAL('config.marc21_physical_characteristic_subfield_map_id_seq'),'35 mm.');
INSERT INTO config.marc21_physical_characteristic_value_map (value,ptype_subfield,label) VALUES ('g',CURRVAL('config.marc21_physical_characteristic_subfield_map_id_seq'),'70mm.');
INSERT INTO config.marc21_physical_characteristic_value_map (value,ptype_subfield,label) VALUES ('h',CURRVAL('config.marc21_physical_characteristic_subfield_map_id_seq'),'105 mm.');
INSERT INTO config.marc21_physical_characteristic_value_map (value,ptype_subfield,label) VALUES ('l',CURRVAL('config.marc21_physical_characteristic_subfield_map_id_seq'),'3 x 5 in. (8 x 13 cm.)');
INSERT INTO config.marc21_physical_characteristic_value_map (value,ptype_subfield,label) VALUES ('m',CURRVAL('config.marc21_physical_characteristic_subfield_map_id_seq'),'4 x 6 in. (11 x 15 cm.)');
INSERT INTO config.marc21_physical_characteristic_value_map (value,ptype_subfield,label) VALUES ('o',CURRVAL('config.marc21_physical_characteristic_subfield_map_id_seq'),'6 x 9 in. (16 x 23 cm.)');
INSERT INTO config.marc21_physical_characteristic_value_map (value,ptype_subfield,label) VALUES ('p',CURRVAL('config.marc21_physical_characteristic_subfield_map_id_seq'),'3 1/4 x 7 3/8 in. (9 x 19 cm.)');
INSERT INTO config.marc21_physical_characteristic_value_map (value,ptype_subfield,label) VALUES ('u',CURRVAL('config.marc21_physical_characteristic_subfield_map_id_seq'),'Unknown');
INSERT INTO config.marc21_physical_characteristic_value_map (value,ptype_subfield,label) VALUES ('z',CURRVAL('config.marc21_physical_characteristic_subfield_map_id_seq'),'Other');
INSERT INTO config.marc21_physical_characteristic_subfield_map (ptype_key,subfield,start_pos,length,label) VALUES ('h','f','5','4','Reduction ratio range/Reduction ratio');
INSERT INTO config.marc21_physical_characteristic_value_map (value,ptype_subfield,label) VALUES ('a',CURRVAL('config.marc21_physical_characteristic_subfield_map_id_seq'),'Low (1-16x)');
INSERT INTO config.marc21_physical_characteristic_value_map (value,ptype_subfield,label) VALUES ('b',CURRVAL('config.marc21_physical_characteristic_subfield_map_id_seq'),'Normal (16-30x)');
INSERT INTO config.marc21_physical_characteristic_value_map (value,ptype_subfield,label) VALUES ('c',CURRVAL('config.marc21_physical_characteristic_subfield_map_id_seq'),'High (31-60x)');
INSERT INTO config.marc21_physical_characteristic_value_map (value,ptype_subfield,label) VALUES ('d',CURRVAL('config.marc21_physical_characteristic_subfield_map_id_seq'),'Very high (61-90x)');
INSERT INTO config.marc21_physical_characteristic_value_map (value,ptype_subfield,label) VALUES ('e',CURRVAL('config.marc21_physical_characteristic_subfield_map_id_seq'),'Ultra (90x-)');
INSERT INTO config.marc21_physical_characteristic_value_map (value,ptype_subfield,label) VALUES ('u',CURRVAL('config.marc21_physical_characteristic_subfield_map_id_seq'),'Unknown');
INSERT INTO config.marc21_physical_characteristic_value_map (value,ptype_subfield,label) VALUES ('v',CURRVAL('config.marc21_physical_characteristic_subfield_map_id_seq'),'Reduction ratio varies');
INSERT INTO config.marc21_physical_characteristic_subfield_map (ptype_key,subfield,start_pos,length,label) VALUES ('h','g','9','1','Color');
INSERT INTO config.marc21_physical_characteristic_value_map (value,ptype_subfield,label) VALUES ('b',CURRVAL('config.marc21_physical_characteristic_subfield_map_id_seq'),'Black-and-white');
INSERT INTO config.marc21_physical_characteristic_value_map (value,ptype_subfield,label) VALUES ('c',CURRVAL('config.marc21_physical_characteristic_subfield_map_id_seq'),'Multicolored');
INSERT INTO config.marc21_physical_characteristic_value_map (value,ptype_subfield,label) VALUES ('m',CURRVAL('config.marc21_physical_characteristic_subfield_map_id_seq'),'Mixed');
INSERT INTO config.marc21_physical_characteristic_value_map (value,ptype_subfield,label) VALUES ('u',CURRVAL('config.marc21_physical_characteristic_subfield_map_id_seq'),'Unknown');
INSERT INTO config.marc21_physical_characteristic_value_map (value,ptype_subfield,label) VALUES ('z',CURRVAL('config.marc21_physical_characteristic_subfield_map_id_seq'),'Other');
INSERT INTO config.marc21_physical_characteristic_subfield_map (ptype_key,subfield,start_pos,length,label) VALUES ('h','h','10','1','Emulsion on film');
INSERT INTO config.marc21_physical_characteristic_value_map (value,ptype_subfield,label) VALUES ('a',CURRVAL('config.marc21_physical_characteristic_subfield_map_id_seq'),'Silver halide');
INSERT INTO config.marc21_physical_characteristic_value_map (value,ptype_subfield,label) VALUES ('b',CURRVAL('config.marc21_physical_characteristic_subfield_map_id_seq'),'Diazo');
INSERT INTO config.marc21_physical_characteristic_value_map (value,ptype_subfield,label) VALUES ('c',CURRVAL('config.marc21_physical_characteristic_subfield_map_id_seq'),'Vesicular');
INSERT INTO config.marc21_physical_characteristic_value_map (value,ptype_subfield,label) VALUES ('m',CURRVAL('config.marc21_physical_characteristic_subfield_map_id_seq'),'Mixed');
INSERT INTO config.marc21_physical_characteristic_value_map (value,ptype_subfield,label) VALUES ('n',CURRVAL('config.marc21_physical_characteristic_subfield_map_id_seq'),'Not applicable');
INSERT INTO config.marc21_physical_characteristic_value_map (value,ptype_subfield,label) VALUES ('u',CURRVAL('config.marc21_physical_characteristic_subfield_map_id_seq'),'Unknown');
INSERT INTO config.marc21_physical_characteristic_value_map (value,ptype_subfield,label) VALUES ('z',CURRVAL('config.marc21_physical_characteristic_subfield_map_id_seq'),'Other');
INSERT INTO config.marc21_physical_characteristic_subfield_map (ptype_key,subfield,start_pos,length,label) VALUES ('h','i','11','1','Quality assurance target(s)');
INSERT INTO config.marc21_physical_characteristic_value_map (value,ptype_subfield,label) VALUES ('a',CURRVAL('config.marc21_physical_characteristic_subfield_map_id_seq'),'1st gen. master');
INSERT INTO config.marc21_physical_characteristic_value_map (value,ptype_subfield,label) VALUES ('b',CURRVAL('config.marc21_physical_characteristic_subfield_map_id_seq'),'Printing master');
INSERT INTO config.marc21_physical_characteristic_value_map (value,ptype_subfield,label) VALUES ('c',CURRVAL('config.marc21_physical_characteristic_subfield_map_id_seq'),'Service copy');
INSERT INTO config.marc21_physical_characteristic_value_map (value,ptype_subfield,label) VALUES ('m',CURRVAL('config.marc21_physical_characteristic_subfield_map_id_seq'),'Mixed generation');
INSERT INTO config.marc21_physical_characteristic_value_map (value,ptype_subfield,label) VALUES ('u',CURRVAL('config.marc21_physical_characteristic_subfield_map_id_seq'),'Unknown');
INSERT INTO config.marc21_physical_characteristic_subfield_map (ptype_key,subfield,start_pos,length,label) VALUES ('h','j','12','1','Base of film');
INSERT INTO config.marc21_physical_characteristic_value_map (value,ptype_subfield,label) VALUES ('a',CURRVAL('config.marc21_physical_characteristic_subfield_map_id_seq'),'Safety base, undetermined');
INSERT INTO config.marc21_physical_characteristic_value_map (value,ptype_subfield,label) VALUES ('c',CURRVAL('config.marc21_physical_characteristic_subfield_map_id_seq'),'Safety base, acetate undetermined');
INSERT INTO config.marc21_physical_characteristic_value_map (value,ptype_subfield,label) VALUES ('d',CURRVAL('config.marc21_physical_characteristic_subfield_map_id_seq'),'Safety base, diacetate');
INSERT INTO config.marc21_physical_characteristic_value_map (value,ptype_subfield,label) VALUES ('l',CURRVAL('config.marc21_physical_characteristic_subfield_map_id_seq'),'Nitrate base');
INSERT INTO config.marc21_physical_characteristic_value_map (value,ptype_subfield,label) VALUES ('m',CURRVAL('config.marc21_physical_characteristic_subfield_map_id_seq'),'Mixed base');
INSERT INTO config.marc21_physical_characteristic_value_map (value,ptype_subfield,label) VALUES ('n',CURRVAL('config.marc21_physical_characteristic_subfield_map_id_seq'),'Not applicable');
INSERT INTO config.marc21_physical_characteristic_value_map (value,ptype_subfield,label) VALUES ('p',CURRVAL('config.marc21_physical_characteristic_subfield_map_id_seq'),'Safety base, polyester');
INSERT INTO config.marc21_physical_characteristic_value_map (value,ptype_subfield,label) VALUES ('r',CURRVAL('config.marc21_physical_characteristic_subfield_map_id_seq'),'Safety base, mixed');
INSERT INTO config.marc21_physical_characteristic_value_map (value,ptype_subfield,label) VALUES ('t',CURRVAL('config.marc21_physical_characteristic_subfield_map_id_seq'),'Safety base, triacetate');
INSERT INTO config.marc21_physical_characteristic_value_map (value,ptype_subfield,label) VALUES ('u',CURRVAL('config.marc21_physical_characteristic_subfield_map_id_seq'),'Unknown');
INSERT INTO config.marc21_physical_characteristic_value_map (value,ptype_subfield,label) VALUES ('z',CURRVAL('config.marc21_physical_characteristic_subfield_map_id_seq'),'Other');

-- Non-projected Graphic
INSERT INTO config.marc21_physical_characteristic_type_map (ptype_key, label) VALUES ('k','Non-projected Graphic');
INSERT INTO config.marc21_physical_characteristic_subfield_map (ptype_key,subfield,start_pos,length,label) VALUES ('k','b','1','1','SMD');
INSERT INTO config.marc21_physical_characteristic_value_map (value,ptype_subfield,label) VALUES ('c',CURRVAL('config.marc21_physical_characteristic_subfield_map_id_seq'),'Collage');
INSERT INTO config.marc21_physical_characteristic_value_map (value,ptype_subfield,label) VALUES ('d',CURRVAL('config.marc21_physical_characteristic_subfield_map_id_seq'),'Drawing');
INSERT INTO config.marc21_physical_characteristic_value_map (value,ptype_subfield,label) VALUES ('e',CURRVAL('config.marc21_physical_characteristic_subfield_map_id_seq'),'Painting');
INSERT INTO config.marc21_physical_characteristic_value_map (value,ptype_subfield,label) VALUES ('f',CURRVAL('config.marc21_physical_characteristic_subfield_map_id_seq'),'Photo-mechanical print');
INSERT INTO config.marc21_physical_characteristic_value_map (value,ptype_subfield,label) VALUES ('g',CURRVAL('config.marc21_physical_characteristic_subfield_map_id_seq'),'Photonegative');
INSERT INTO config.marc21_physical_characteristic_value_map (value,ptype_subfield,label) VALUES ('h',CURRVAL('config.marc21_physical_characteristic_subfield_map_id_seq'),'Photoprint');
INSERT INTO config.marc21_physical_characteristic_value_map (value,ptype_subfield,label) VALUES ('i',CURRVAL('config.marc21_physical_characteristic_subfield_map_id_seq'),'Picture');
INSERT INTO config.marc21_physical_characteristic_value_map (value,ptype_subfield,label) VALUES ('j',CURRVAL('config.marc21_physical_characteristic_subfield_map_id_seq'),'Print');
INSERT INTO config.marc21_physical_characteristic_value_map (value,ptype_subfield,label) VALUES ('l',CURRVAL('config.marc21_physical_characteristic_subfield_map_id_seq'),'Technical drawing');
INSERT INTO config.marc21_physical_characteristic_value_map (value,ptype_subfield,label) VALUES ('n',CURRVAL('config.marc21_physical_characteristic_subfield_map_id_seq'),'Chart');
INSERT INTO config.marc21_physical_characteristic_value_map (value,ptype_subfield,label) VALUES ('o',CURRVAL('config.marc21_physical_characteristic_subfield_map_id_seq'),'Flash/activity card');
INSERT INTO config.marc21_physical_characteristic_value_map (value,ptype_subfield,label) VALUES ('u',CURRVAL('config.marc21_physical_characteristic_subfield_map_id_seq'),'Unspecified');
INSERT INTO config.marc21_physical_characteristic_value_map (value,ptype_subfield,label) VALUES ('z',CURRVAL('config.marc21_physical_characteristic_subfield_map_id_seq'),'Other');
INSERT INTO config.marc21_physical_characteristic_subfield_map (ptype_key,subfield,start_pos,length,label) VALUES ('k','d','3','1','Color');
INSERT INTO config.marc21_physical_characteristic_value_map (value,ptype_subfield,label) VALUES ('a',CURRVAL('config.marc21_physical_characteristic_subfield_map_id_seq'),'One color');
INSERT INTO config.marc21_physical_characteristic_value_map (value,ptype_subfield,label) VALUES ('b',CURRVAL('config.marc21_physical_characteristic_subfield_map_id_seq'),'Black-and-white');
INSERT INTO config.marc21_physical_characteristic_value_map (value,ptype_subfield,label) VALUES ('c',CURRVAL('config.marc21_physical_characteristic_subfield_map_id_seq'),'Multicolored');
INSERT INTO config.marc21_physical_characteristic_value_map (value,ptype_subfield,label) VALUES ('h',CURRVAL('config.marc21_physical_characteristic_subfield_map_id_seq'),'Hand-colored');
INSERT INTO config.marc21_physical_characteristic_value_map (value,ptype_subfield,label) VALUES ('m',CURRVAL('config.marc21_physical_characteristic_subfield_map_id_seq'),'Mixed');
INSERT INTO config.marc21_physical_characteristic_value_map (value,ptype_subfield,label) VALUES ('u',CURRVAL('config.marc21_physical_characteristic_subfield_map_id_seq'),'Unknown');
INSERT INTO config.marc21_physical_characteristic_value_map (value,ptype_subfield,label) VALUES ('z',CURRVAL('config.marc21_physical_characteristic_subfield_map_id_seq'),'Other');
INSERT INTO config.marc21_physical_characteristic_subfield_map (ptype_key,subfield,start_pos,length,label) VALUES ('k','e','4','1','Primary support material');
INSERT INTO config.marc21_physical_characteristic_value_map (value,ptype_subfield,label) VALUES ('a',CURRVAL('config.marc21_physical_characteristic_subfield_map_id_seq'),'Canvas');
INSERT INTO config.marc21_physical_characteristic_value_map (value,ptype_subfield,label) VALUES ('b',CURRVAL('config.marc21_physical_characteristic_subfield_map_id_seq'),'Bristol board');
INSERT INTO config.marc21_physical_characteristic_value_map (value,ptype_subfield,label) VALUES ('c',CURRVAL('config.marc21_physical_characteristic_subfield_map_id_seq'),'Cardboard/illustration board');
INSERT INTO config.marc21_physical_characteristic_value_map (value,ptype_subfield,label) VALUES ('d',CURRVAL('config.marc21_physical_characteristic_subfield_map_id_seq'),'Glass');
INSERT INTO config.marc21_physical_characteristic_value_map (value,ptype_subfield,label) VALUES ('e',CURRVAL('config.marc21_physical_characteristic_subfield_map_id_seq'),'Synthetics');
INSERT INTO config.marc21_physical_characteristic_value_map (value,ptype_subfield,label) VALUES ('f',CURRVAL('config.marc21_physical_characteristic_subfield_map_id_seq'),'Skins');
INSERT INTO config.marc21_physical_characteristic_value_map (value,ptype_subfield,label) VALUES ('g',CURRVAL('config.marc21_physical_characteristic_subfield_map_id_seq'),'Textile');
INSERT INTO config.marc21_physical_characteristic_value_map (value,ptype_subfield,label) VALUES ('h',CURRVAL('config.marc21_physical_characteristic_subfield_map_id_seq'),'Metal');
INSERT INTO config.marc21_physical_characteristic_value_map (value,ptype_subfield,label) VALUES ('m',CURRVAL('config.marc21_physical_characteristic_subfield_map_id_seq'),'Mixed collection');
INSERT INTO config.marc21_physical_characteristic_value_map (value,ptype_subfield,label) VALUES ('o',CURRVAL('config.marc21_physical_characteristic_subfield_map_id_seq'),'Paper');
INSERT INTO config.marc21_physical_characteristic_value_map (value,ptype_subfield,label) VALUES ('p',CURRVAL('config.marc21_physical_characteristic_subfield_map_id_seq'),'Plaster');
INSERT INTO config.marc21_physical_characteristic_value_map (value,ptype_subfield,label) VALUES ('q',CURRVAL('config.marc21_physical_characteristic_subfield_map_id_seq'),'Hardboard');
INSERT INTO config.marc21_physical_characteristic_value_map (value,ptype_subfield,label) VALUES ('r',CURRVAL('config.marc21_physical_characteristic_subfield_map_id_seq'),'Porcelain');
INSERT INTO config.marc21_physical_characteristic_value_map (value,ptype_subfield,label) VALUES ('s',CURRVAL('config.marc21_physical_characteristic_subfield_map_id_seq'),'Stone');
INSERT INTO config.marc21_physical_characteristic_value_map (value,ptype_subfield,label) VALUES ('t',CURRVAL('config.marc21_physical_characteristic_subfield_map_id_seq'),'Wood');
INSERT INTO config.marc21_physical_characteristic_value_map (value,ptype_subfield,label) VALUES ('u',CURRVAL('config.marc21_physical_characteristic_subfield_map_id_seq'),'Unknown');
INSERT INTO config.marc21_physical_characteristic_value_map (value,ptype_subfield,label) VALUES ('z',CURRVAL('config.marc21_physical_characteristic_subfield_map_id_seq'),'Other');
INSERT INTO config.marc21_physical_characteristic_subfield_map (ptype_key,subfield,start_pos,length,label) VALUES ('k','f','5','1','Secondary support material');
INSERT INTO config.marc21_physical_characteristic_value_map (value,ptype_subfield,label) VALUES ('a',CURRVAL('config.marc21_physical_characteristic_subfield_map_id_seq'),'Canvas');
INSERT INTO config.marc21_physical_characteristic_value_map (value,ptype_subfield,label) VALUES ('b',CURRVAL('config.marc21_physical_characteristic_subfield_map_id_seq'),'Bristol board');
INSERT INTO config.marc21_physical_characteristic_value_map (value,ptype_subfield,label) VALUES ('c',CURRVAL('config.marc21_physical_characteristic_subfield_map_id_seq'),'Cardboard/illustration board');
INSERT INTO config.marc21_physical_characteristic_value_map (value,ptype_subfield,label) VALUES ('d',CURRVAL('config.marc21_physical_characteristic_subfield_map_id_seq'),'Glass');
INSERT INTO config.marc21_physical_characteristic_value_map (value,ptype_subfield,label) VALUES ('e',CURRVAL('config.marc21_physical_characteristic_subfield_map_id_seq'),'Synthetics');
INSERT INTO config.marc21_physical_characteristic_value_map (value,ptype_subfield,label) VALUES ('f',CURRVAL('config.marc21_physical_characteristic_subfield_map_id_seq'),'Skins');
INSERT INTO config.marc21_physical_characteristic_value_map (value,ptype_subfield,label) VALUES ('g',CURRVAL('config.marc21_physical_characteristic_subfield_map_id_seq'),'Textile');
INSERT INTO config.marc21_physical_characteristic_value_map (value,ptype_subfield,label) VALUES ('h',CURRVAL('config.marc21_physical_characteristic_subfield_map_id_seq'),'Metal');
INSERT INTO config.marc21_physical_characteristic_value_map (value,ptype_subfield,label) VALUES ('m',CURRVAL('config.marc21_physical_characteristic_subfield_map_id_seq'),'Mixed collection');
INSERT INTO config.marc21_physical_characteristic_value_map (value,ptype_subfield,label) VALUES ('o',CURRVAL('config.marc21_physical_characteristic_subfield_map_id_seq'),'Paper');
INSERT INTO config.marc21_physical_characteristic_value_map (value,ptype_subfield,label) VALUES ('p',CURRVAL('config.marc21_physical_characteristic_subfield_map_id_seq'),'Plaster');
INSERT INTO config.marc21_physical_characteristic_value_map (value,ptype_subfield,label) VALUES ('q',CURRVAL('config.marc21_physical_characteristic_subfield_map_id_seq'),'Hardboard');
INSERT INTO config.marc21_physical_characteristic_value_map (value,ptype_subfield,label) VALUES ('r',CURRVAL('config.marc21_physical_characteristic_subfield_map_id_seq'),'Porcelain');
INSERT INTO config.marc21_physical_characteristic_value_map (value,ptype_subfield,label) VALUES ('s',CURRVAL('config.marc21_physical_characteristic_subfield_map_id_seq'),'Stone');
INSERT INTO config.marc21_physical_characteristic_value_map (value,ptype_subfield,label) VALUES ('t',CURRVAL('config.marc21_physical_characteristic_subfield_map_id_seq'),'Wood');
INSERT INTO config.marc21_physical_characteristic_value_map (value,ptype_subfield,label) VALUES ('u',CURRVAL('config.marc21_physical_characteristic_subfield_map_id_seq'),'Unknown');
INSERT INTO config.marc21_physical_characteristic_value_map (value,ptype_subfield,label) VALUES ('z',CURRVAL('config.marc21_physical_characteristic_subfield_map_id_seq'),'Other');

-- Motion Picture
INSERT INTO config.marc21_physical_characteristic_type_map (ptype_key, label) VALUES ('m','Motion Picture');
INSERT INTO config.marc21_physical_characteristic_subfield_map (ptype_key,subfield,start_pos,length,label) VALUES ('m','b','1','1','SMD');
INSERT INTO config.marc21_physical_characteristic_value_map (value,ptype_subfield,label) VALUES ('a',CURRVAL('config.marc21_physical_characteristic_subfield_map_id_seq'),'Film cartridge');
INSERT INTO config.marc21_physical_characteristic_value_map (value,ptype_subfield,label) VALUES ('f',CURRVAL('config.marc21_physical_characteristic_subfield_map_id_seq'),'Film cassette');
INSERT INTO config.marc21_physical_characteristic_value_map (value,ptype_subfield,label) VALUES ('r',CURRVAL('config.marc21_physical_characteristic_subfield_map_id_seq'),'Film reel');
INSERT INTO config.marc21_physical_characteristic_value_map (value,ptype_subfield,label) VALUES ('u',CURRVAL('config.marc21_physical_characteristic_subfield_map_id_seq'),'Unspecified');
INSERT INTO config.marc21_physical_characteristic_value_map (value,ptype_subfield,label) VALUES ('z',CURRVAL('config.marc21_physical_characteristic_subfield_map_id_seq'),'Other');
INSERT INTO config.marc21_physical_characteristic_subfield_map (ptype_key,subfield,start_pos,length,label) VALUES ('m','d','3','1','Color');
INSERT INTO config.marc21_physical_characteristic_value_map (value,ptype_subfield,label) VALUES ('b',CURRVAL('config.marc21_physical_characteristic_subfield_map_id_seq'),'Black-and-white');
INSERT INTO config.marc21_physical_characteristic_value_map (value,ptype_subfield,label) VALUES ('c',CURRVAL('config.marc21_physical_characteristic_subfield_map_id_seq'),'Multicolored');
INSERT INTO config.marc21_physical_characteristic_value_map (value,ptype_subfield,label) VALUES ('h',CURRVAL('config.marc21_physical_characteristic_subfield_map_id_seq'),'Hand-colored');
INSERT INTO config.marc21_physical_characteristic_value_map (value,ptype_subfield,label) VALUES ('m',CURRVAL('config.marc21_physical_characteristic_subfield_map_id_seq'),'Mixed');
INSERT INTO config.marc21_physical_characteristic_value_map (value,ptype_subfield,label) VALUES ('u',CURRVAL('config.marc21_physical_characteristic_subfield_map_id_seq'),'Unknown');
INSERT INTO config.marc21_physical_characteristic_value_map (value,ptype_subfield,label) VALUES ('z',CURRVAL('config.marc21_physical_characteristic_subfield_map_id_seq'),'Other');
INSERT INTO config.marc21_physical_characteristic_subfield_map (ptype_key,subfield,start_pos,length,label) VALUES ('m','e','4','1','Motion picture presentation format');
INSERT INTO config.marc21_physical_characteristic_value_map (value,ptype_subfield,label) VALUES ('a',CURRVAL('config.marc21_physical_characteristic_subfield_map_id_seq'),'Standard sound aperture, reduced frame');
INSERT INTO config.marc21_physical_characteristic_value_map (value,ptype_subfield,label) VALUES ('b',CURRVAL('config.marc21_physical_characteristic_subfield_map_id_seq'),'Nonanamorphic (wide-screen)');
INSERT INTO config.marc21_physical_characteristic_value_map (value,ptype_subfield,label) VALUES ('c',CURRVAL('config.marc21_physical_characteristic_subfield_map_id_seq'),'3D');
INSERT INTO config.marc21_physical_characteristic_value_map (value,ptype_subfield,label) VALUES ('d',CURRVAL('config.marc21_physical_characteristic_subfield_map_id_seq'),'Anamorphic (wide-screen)');
INSERT INTO config.marc21_physical_characteristic_value_map (value,ptype_subfield,label) VALUES ('e',CURRVAL('config.marc21_physical_characteristic_subfield_map_id_seq'),'Other-wide screen format');
INSERT INTO config.marc21_physical_characteristic_value_map (value,ptype_subfield,label) VALUES ('f',CURRVAL('config.marc21_physical_characteristic_subfield_map_id_seq'),'Standard. silent aperture, full frame');
INSERT INTO config.marc21_physical_characteristic_value_map (value,ptype_subfield,label) VALUES ('u',CURRVAL('config.marc21_physical_characteristic_subfield_map_id_seq'),'Unknown');
INSERT INTO config.marc21_physical_characteristic_value_map (value,ptype_subfield,label) VALUES ('z',CURRVAL('config.marc21_physical_characteristic_subfield_map_id_seq'),'Other');
INSERT INTO config.marc21_physical_characteristic_subfield_map (ptype_key,subfield,start_pos,length,label) VALUES ('m','f','5','1','Sound on medium or separate');
INSERT INTO config.marc21_physical_characteristic_value_map (value,ptype_subfield,label) VALUES ('a',CURRVAL('config.marc21_physical_characteristic_subfield_map_id_seq'),'Sound on medium');
INSERT INTO config.marc21_physical_characteristic_value_map (value,ptype_subfield,label) VALUES ('b',CURRVAL('config.marc21_physical_characteristic_subfield_map_id_seq'),'Sound separate from medium');
INSERT INTO config.marc21_physical_characteristic_value_map (value,ptype_subfield,label) VALUES ('u',CURRVAL('config.marc21_physical_characteristic_subfield_map_id_seq'),'Unknown');
INSERT INTO config.marc21_physical_characteristic_subfield_map (ptype_key,subfield,start_pos,length,label) VALUES ('m','g','6','1','Medium for sound');
INSERT INTO config.marc21_physical_characteristic_value_map (value,ptype_subfield,label) VALUES ('a',CURRVAL('config.marc21_physical_characteristic_subfield_map_id_seq'),'Optical sound track on motion picture film');
INSERT INTO config.marc21_physical_characteristic_value_map (value,ptype_subfield,label) VALUES ('b',CURRVAL('config.marc21_physical_characteristic_subfield_map_id_seq'),'Magnetic sound track on motion picture film');
INSERT INTO config.marc21_physical_characteristic_value_map (value,ptype_subfield,label) VALUES ('c',CURRVAL('config.marc21_physical_characteristic_subfield_map_id_seq'),'Magnetic audio tape in cartridge');
INSERT INTO config.marc21_physical_characteristic_value_map (value,ptype_subfield,label) VALUES ('d',CURRVAL('config.marc21_physical_characteristic_subfield_map_id_seq'),'Sound disc');
INSERT INTO config.marc21_physical_characteristic_value_map (value,ptype_subfield,label) VALUES ('e',CURRVAL('config.marc21_physical_characteristic_subfield_map_id_seq'),'Magnetic audio tape on reel');
INSERT INTO config.marc21_physical_characteristic_value_map (value,ptype_subfield,label) VALUES ('f',CURRVAL('config.marc21_physical_characteristic_subfield_map_id_seq'),'Magnetic audio tape in cassette');
INSERT INTO config.marc21_physical_characteristic_value_map (value,ptype_subfield,label) VALUES ('g',CURRVAL('config.marc21_physical_characteristic_subfield_map_id_seq'),'Optical and magnetic sound track on film');
INSERT INTO config.marc21_physical_characteristic_value_map (value,ptype_subfield,label) VALUES ('h',CURRVAL('config.marc21_physical_characteristic_subfield_map_id_seq'),'Videotape');
INSERT INTO config.marc21_physical_characteristic_value_map (value,ptype_subfield,label) VALUES ('i',CURRVAL('config.marc21_physical_characteristic_subfield_map_id_seq'),'Videodisc');
INSERT INTO config.marc21_physical_characteristic_value_map (value,ptype_subfield,label) VALUES ('u',CURRVAL('config.marc21_physical_characteristic_subfield_map_id_seq'),'Unknown');
INSERT INTO config.marc21_physical_characteristic_value_map (value,ptype_subfield,label) VALUES ('z',CURRVAL('config.marc21_physical_characteristic_subfield_map_id_seq'),'Other');
INSERT INTO config.marc21_physical_characteristic_subfield_map (ptype_key,subfield,start_pos,length,label) VALUES ('m','h','7','1','Dimensions');
INSERT INTO config.marc21_physical_characteristic_value_map (value,ptype_subfield,label) VALUES ('a',CURRVAL('config.marc21_physical_characteristic_subfield_map_id_seq'),'Standard 8 mm.');
INSERT INTO config.marc21_physical_characteristic_value_map (value,ptype_subfield,label) VALUES ('b',CURRVAL('config.marc21_physical_characteristic_subfield_map_id_seq'),'Super 8 mm./single 8 mm.');
INSERT INTO config.marc21_physical_characteristic_value_map (value,ptype_subfield,label) VALUES ('c',CURRVAL('config.marc21_physical_characteristic_subfield_map_id_seq'),'9.5 mm.');
INSERT INTO config.marc21_physical_characteristic_value_map (value,ptype_subfield,label) VALUES ('d',CURRVAL('config.marc21_physical_characteristic_subfield_map_id_seq'),'16 mm.');
INSERT INTO config.marc21_physical_characteristic_value_map (value,ptype_subfield,label) VALUES ('e',CURRVAL('config.marc21_physical_characteristic_subfield_map_id_seq'),'28 mm.');
INSERT INTO config.marc21_physical_characteristic_value_map (value,ptype_subfield,label) VALUES ('f',CURRVAL('config.marc21_physical_characteristic_subfield_map_id_seq'),'35 mm.');
INSERT INTO config.marc21_physical_characteristic_value_map (value,ptype_subfield,label) VALUES ('g',CURRVAL('config.marc21_physical_characteristic_subfield_map_id_seq'),'70 mm.');
INSERT INTO config.marc21_physical_characteristic_value_map (value,ptype_subfield,label) VALUES ('u',CURRVAL('config.marc21_physical_characteristic_subfield_map_id_seq'),'Unknown');
INSERT INTO config.marc21_physical_characteristic_value_map (value,ptype_subfield,label) VALUES ('z',CURRVAL('config.marc21_physical_characteristic_subfield_map_id_seq'),'Other');
INSERT INTO config.marc21_physical_characteristic_subfield_map (ptype_key,subfield,start_pos,length,label) VALUES ('m','i','8','1','Configuration of playback channels');
INSERT INTO config.marc21_physical_characteristic_value_map (value,ptype_subfield,label) VALUES ('k',CURRVAL('config.marc21_physical_characteristic_subfield_map_id_seq'),'Mixed');
INSERT INTO config.marc21_physical_characteristic_value_map (value,ptype_subfield,label) VALUES ('m',CURRVAL('config.marc21_physical_characteristic_subfield_map_id_seq'),'Monaural');
INSERT INTO config.marc21_physical_characteristic_value_map (value,ptype_subfield,label) VALUES ('n',CURRVAL('config.marc21_physical_characteristic_subfield_map_id_seq'),'Not applicable');
INSERT INTO config.marc21_physical_characteristic_value_map (value,ptype_subfield,label) VALUES ('q',CURRVAL('config.marc21_physical_characteristic_subfield_map_id_seq'),'Multichannel, surround or quadraphonic');
INSERT INTO config.marc21_physical_characteristic_value_map (value,ptype_subfield,label) VALUES ('s',CURRVAL('config.marc21_physical_characteristic_subfield_map_id_seq'),'Stereophonic');
INSERT INTO config.marc21_physical_characteristic_value_map (value,ptype_subfield,label) VALUES ('u',CURRVAL('config.marc21_physical_characteristic_subfield_map_id_seq'),'Unknown');
INSERT INTO config.marc21_physical_characteristic_value_map (value,ptype_subfield,label) VALUES ('z',CURRVAL('config.marc21_physical_characteristic_subfield_map_id_seq'),'Other');
INSERT INTO config.marc21_physical_characteristic_subfield_map (ptype_key,subfield,start_pos,length,label) VALUES ('m','j','9','1','Production elements');
INSERT INTO config.marc21_physical_characteristic_value_map (value,ptype_subfield,label) VALUES ('a',CURRVAL('config.marc21_physical_characteristic_subfield_map_id_seq'),'Work print');
INSERT INTO config.marc21_physical_characteristic_value_map (value,ptype_subfield,label) VALUES ('b',CURRVAL('config.marc21_physical_characteristic_subfield_map_id_seq'),'Trims');
INSERT INTO config.marc21_physical_characteristic_value_map (value,ptype_subfield,label) VALUES ('c',CURRVAL('config.marc21_physical_characteristic_subfield_map_id_seq'),'Outtakes');
INSERT INTO config.marc21_physical_characteristic_value_map (value,ptype_subfield,label) VALUES ('d',CURRVAL('config.marc21_physical_characteristic_subfield_map_id_seq'),'Rushes');
INSERT INTO config.marc21_physical_characteristic_value_map (value,ptype_subfield,label) VALUES ('e',CURRVAL('config.marc21_physical_characteristic_subfield_map_id_seq'),'Mixing tracks');
INSERT INTO config.marc21_physical_characteristic_value_map (value,ptype_subfield,label) VALUES ('f',CURRVAL('config.marc21_physical_characteristic_subfield_map_id_seq'),'Title bands/inter-title rolls');
INSERT INTO config.marc21_physical_characteristic_value_map (value,ptype_subfield,label) VALUES ('g',CURRVAL('config.marc21_physical_characteristic_subfield_map_id_seq'),'Production rolls');
INSERT INTO config.marc21_physical_characteristic_value_map (value,ptype_subfield,label) VALUES ('n',CURRVAL('config.marc21_physical_characteristic_subfield_map_id_seq'),'Not applicable');
INSERT INTO config.marc21_physical_characteristic_value_map (value,ptype_subfield,label) VALUES ('z',CURRVAL('config.marc21_physical_characteristic_subfield_map_id_seq'),'Other');

-- Remote-sensing Image
INSERT INTO config.marc21_physical_characteristic_type_map (ptype_key, label) VALUES ('r','Remote-sensing Image');
INSERT INTO config.marc21_physical_characteristic_subfield_map (ptype_key,subfield,start_pos,length,label) VALUES ('r','b','1','1','SMD');
INSERT INTO config.marc21_physical_characteristic_value_map (value,ptype_subfield,label) VALUES ('u',CURRVAL('config.marc21_physical_characteristic_subfield_map_id_seq'),'Unspecified');
INSERT INTO config.marc21_physical_characteristic_subfield_map (ptype_key,subfield,start_pos,length,label) VALUES ('r','d','3','1','Altitude of sensor');
INSERT INTO config.marc21_physical_characteristic_value_map (value,ptype_subfield,label) VALUES ('a',CURRVAL('config.marc21_physical_characteristic_subfield_map_id_seq'),'Surface');
INSERT INTO config.marc21_physical_characteristic_value_map (value,ptype_subfield,label) VALUES ('b',CURRVAL('config.marc21_physical_characteristic_subfield_map_id_seq'),'Airborne');
INSERT INTO config.marc21_physical_characteristic_value_map (value,ptype_subfield,label) VALUES ('c',CURRVAL('config.marc21_physical_characteristic_subfield_map_id_seq'),'Spaceborne');
INSERT INTO config.marc21_physical_characteristic_value_map (value,ptype_subfield,label) VALUES ('n',CURRVAL('config.marc21_physical_characteristic_subfield_map_id_seq'),'Not applicable');
INSERT INTO config.marc21_physical_characteristic_value_map (value,ptype_subfield,label) VALUES ('u',CURRVAL('config.marc21_physical_characteristic_subfield_map_id_seq'),'Unknown');
INSERT INTO config.marc21_physical_characteristic_value_map (value,ptype_subfield,label) VALUES ('z',CURRVAL('config.marc21_physical_characteristic_subfield_map_id_seq'),'Other');
INSERT INTO config.marc21_physical_characteristic_subfield_map (ptype_key,subfield,start_pos,length,label) VALUES ('r','e','4','1','Attitude of sensor');
INSERT INTO config.marc21_physical_characteristic_value_map (value,ptype_subfield,label) VALUES ('a',CURRVAL('config.marc21_physical_characteristic_subfield_map_id_seq'),'Low oblique');
INSERT INTO config.marc21_physical_characteristic_value_map (value,ptype_subfield,label) VALUES ('b',CURRVAL('config.marc21_physical_characteristic_subfield_map_id_seq'),'High oblique');
INSERT INTO config.marc21_physical_characteristic_value_map (value,ptype_subfield,label) VALUES ('c',CURRVAL('config.marc21_physical_characteristic_subfield_map_id_seq'),'Vertical');
INSERT INTO config.marc21_physical_characteristic_value_map (value,ptype_subfield,label) VALUES ('n',CURRVAL('config.marc21_physical_characteristic_subfield_map_id_seq'),'Not applicable');
INSERT INTO config.marc21_physical_characteristic_value_map (value,ptype_subfield,label) VALUES ('u',CURRVAL('config.marc21_physical_characteristic_subfield_map_id_seq'),'Unknown');
INSERT INTO config.marc21_physical_characteristic_subfield_map (ptype_key,subfield,start_pos,length,label) VALUES ('r','f','5','1','Cloud cover');
INSERT INTO config.marc21_physical_characteristic_value_map (value,ptype_subfield,label) VALUES ('0',CURRVAL('config.marc21_physical_characteristic_subfield_map_id_seq'),'0-09%');
INSERT INTO config.marc21_physical_characteristic_value_map (value,ptype_subfield,label) VALUES ('1',CURRVAL('config.marc21_physical_characteristic_subfield_map_id_seq'),'10-19%');
INSERT INTO config.marc21_physical_characteristic_value_map (value,ptype_subfield,label) VALUES ('2',CURRVAL('config.marc21_physical_characteristic_subfield_map_id_seq'),'20-29%');
INSERT INTO config.marc21_physical_characteristic_value_map (value,ptype_subfield,label) VALUES ('3',CURRVAL('config.marc21_physical_characteristic_subfield_map_id_seq'),'30-39%');
INSERT INTO config.marc21_physical_characteristic_value_map (value,ptype_subfield,label) VALUES ('4',CURRVAL('config.marc21_physical_characteristic_subfield_map_id_seq'),'40-49%');
INSERT INTO config.marc21_physical_characteristic_value_map (value,ptype_subfield,label) VALUES ('5',CURRVAL('config.marc21_physical_characteristic_subfield_map_id_seq'),'50-59%');
INSERT INTO config.marc21_physical_characteristic_value_map (value,ptype_subfield,label) VALUES ('6',CURRVAL('config.marc21_physical_characteristic_subfield_map_id_seq'),'60-69%');
INSERT INTO config.marc21_physical_characteristic_value_map (value,ptype_subfield,label) VALUES ('7',CURRVAL('config.marc21_physical_characteristic_subfield_map_id_seq'),'70-79%');
INSERT INTO config.marc21_physical_characteristic_value_map (value,ptype_subfield,label) VALUES ('8',CURRVAL('config.marc21_physical_characteristic_subfield_map_id_seq'),'80-89%');
INSERT INTO config.marc21_physical_characteristic_value_map (value,ptype_subfield,label) VALUES ('9',CURRVAL('config.marc21_physical_characteristic_subfield_map_id_seq'),'90-100%');
INSERT INTO config.marc21_physical_characteristic_value_map (value,ptype_subfield,label) VALUES ('n',CURRVAL('config.marc21_physical_characteristic_subfield_map_id_seq'),'Not applicable');
INSERT INTO config.marc21_physical_characteristic_value_map (value,ptype_subfield,label) VALUES ('u',CURRVAL('config.marc21_physical_characteristic_subfield_map_id_seq'),'Unknown');
INSERT INTO config.marc21_physical_characteristic_subfield_map (ptype_key,subfield,start_pos,length,label) VALUES ('r','g','6','1','Platform construction type');
INSERT INTO config.marc21_physical_characteristic_value_map (value,ptype_subfield,label) VALUES ('a',CURRVAL('config.marc21_physical_characteristic_subfield_map_id_seq'),'Balloon');
INSERT INTO config.marc21_physical_characteristic_value_map (value,ptype_subfield,label) VALUES ('b',CURRVAL('config.marc21_physical_characteristic_subfield_map_id_seq'),'Aircraft-low altitude');
INSERT INTO config.marc21_physical_characteristic_value_map (value,ptype_subfield,label) VALUES ('c',CURRVAL('config.marc21_physical_characteristic_subfield_map_id_seq'),'Aircraft-medium altitude');
INSERT INTO config.marc21_physical_characteristic_value_map (value,ptype_subfield,label) VALUES ('d',CURRVAL('config.marc21_physical_characteristic_subfield_map_id_seq'),'Aircraft-high altitude');
INSERT INTO config.marc21_physical_characteristic_value_map (value,ptype_subfield,label) VALUES ('e',CURRVAL('config.marc21_physical_characteristic_subfield_map_id_seq'),'Manned spacecraft');
INSERT INTO config.marc21_physical_characteristic_value_map (value,ptype_subfield,label) VALUES ('f',CURRVAL('config.marc21_physical_characteristic_subfield_map_id_seq'),'Unmanned spacecraft');
INSERT INTO config.marc21_physical_characteristic_value_map (value,ptype_subfield,label) VALUES ('g',CURRVAL('config.marc21_physical_characteristic_subfield_map_id_seq'),'Land-based remote-sensing device');
INSERT INTO config.marc21_physical_characteristic_value_map (value,ptype_subfield,label) VALUES ('h',CURRVAL('config.marc21_physical_characteristic_subfield_map_id_seq'),'Water surface-based remote-sensing device');
INSERT INTO config.marc21_physical_characteristic_value_map (value,ptype_subfield,label) VALUES ('i',CURRVAL('config.marc21_physical_characteristic_subfield_map_id_seq'),'Submersible remote-sensing device');
INSERT INTO config.marc21_physical_characteristic_value_map (value,ptype_subfield,label) VALUES ('n',CURRVAL('config.marc21_physical_characteristic_subfield_map_id_seq'),'Not applicable');
INSERT INTO config.marc21_physical_characteristic_value_map (value,ptype_subfield,label) VALUES ('u',CURRVAL('config.marc21_physical_characteristic_subfield_map_id_seq'),'Unknown');
INSERT INTO config.marc21_physical_characteristic_value_map (value,ptype_subfield,label) VALUES ('z',CURRVAL('config.marc21_physical_characteristic_subfield_map_id_seq'),'Other');
INSERT INTO config.marc21_physical_characteristic_subfield_map (ptype_key,subfield,start_pos,length,label) VALUES ('r','h','7','1','Platform use category');
INSERT INTO config.marc21_physical_characteristic_value_map (value,ptype_subfield,label) VALUES ('a',CURRVAL('config.marc21_physical_characteristic_subfield_map_id_seq'),'Meteorological');
INSERT INTO config.marc21_physical_characteristic_value_map (value,ptype_subfield,label) VALUES ('b',CURRVAL('config.marc21_physical_characteristic_subfield_map_id_seq'),'Surface observing');
INSERT INTO config.marc21_physical_characteristic_value_map (value,ptype_subfield,label) VALUES ('c',CURRVAL('config.marc21_physical_characteristic_subfield_map_id_seq'),'Space observing');
INSERT INTO config.marc21_physical_characteristic_value_map (value,ptype_subfield,label) VALUES ('m',CURRVAL('config.marc21_physical_characteristic_subfield_map_id_seq'),'Mixed uses');
INSERT INTO config.marc21_physical_characteristic_value_map (value,ptype_subfield,label) VALUES ('n',CURRVAL('config.marc21_physical_characteristic_subfield_map_id_seq'),'Not applicable');
INSERT INTO config.marc21_physical_characteristic_value_map (value,ptype_subfield,label) VALUES ('u',CURRVAL('config.marc21_physical_characteristic_subfield_map_id_seq'),'Unknown');
INSERT INTO config.marc21_physical_characteristic_value_map (value,ptype_subfield,label) VALUES ('z',CURRVAL('config.marc21_physical_characteristic_subfield_map_id_seq'),'Other');
INSERT INTO config.marc21_physical_characteristic_subfield_map (ptype_key,subfield,start_pos,length,label) VALUES ('r','i','8','1','Sensor type');
INSERT INTO config.marc21_physical_characteristic_value_map (value,ptype_subfield,label) VALUES ('a',CURRVAL('config.marc21_physical_characteristic_subfield_map_id_seq'),'Active');
INSERT INTO config.marc21_physical_characteristic_value_map (value,ptype_subfield,label) VALUES ('b',CURRVAL('config.marc21_physical_characteristic_subfield_map_id_seq'),'Passive');
INSERT INTO config.marc21_physical_characteristic_value_map (value,ptype_subfield,label) VALUES ('u',CURRVAL('config.marc21_physical_characteristic_subfield_map_id_seq'),'Unknown');
INSERT INTO config.marc21_physical_characteristic_value_map (value,ptype_subfield,label) VALUES ('z',CURRVAL('config.marc21_physical_characteristic_subfield_map_id_seq'),'Other');
INSERT INTO config.marc21_physical_characteristic_subfield_map (ptype_key,subfield,start_pos,length,label) VALUES ('r','j','9','2','Data type');
INSERT INTO config.marc21_physical_characteristic_value_map (value,ptype_subfield,label) VALUES ('aa',CURRVAL('config.marc21_physical_characteristic_subfield_map_id_seq'),'Visible light');
INSERT INTO config.marc21_physical_characteristic_value_map (value,ptype_subfield,label) VALUES ('da',CURRVAL('config.marc21_physical_characteristic_subfield_map_id_seq'),'Near infrared');
INSERT INTO config.marc21_physical_characteristic_value_map (value,ptype_subfield,label) VALUES ('db',CURRVAL('config.marc21_physical_characteristic_subfield_map_id_seq'),'Middle infrared');
INSERT INTO config.marc21_physical_characteristic_value_map (value,ptype_subfield,label) VALUES ('dc',CURRVAL('config.marc21_physical_characteristic_subfield_map_id_seq'),'Far infrared');
INSERT INTO config.marc21_physical_characteristic_value_map (value,ptype_subfield,label) VALUES ('dd',CURRVAL('config.marc21_physical_characteristic_subfield_map_id_seq'),'Thermal infrared');
INSERT INTO config.marc21_physical_characteristic_value_map (value,ptype_subfield,label) VALUES ('de',CURRVAL('config.marc21_physical_characteristic_subfield_map_id_seq'),'Shortwave infrared (SWIR)');
INSERT INTO config.marc21_physical_characteristic_value_map (value,ptype_subfield,label) VALUES ('df',CURRVAL('config.marc21_physical_characteristic_subfield_map_id_seq'),'Reflective infrared');
INSERT INTO config.marc21_physical_characteristic_value_map (value,ptype_subfield,label) VALUES ('dv',CURRVAL('config.marc21_physical_characteristic_subfield_map_id_seq'),'Combinations');
INSERT INTO config.marc21_physical_characteristic_value_map (value,ptype_subfield,label) VALUES ('dz',CURRVAL('config.marc21_physical_characteristic_subfield_map_id_seq'),'Other infrared data');
INSERT INTO config.marc21_physical_characteristic_value_map (value,ptype_subfield,label) VALUES ('ga',CURRVAL('config.marc21_physical_characteristic_subfield_map_id_seq'),'Sidelooking airborne radar (SLAR)');
INSERT INTO config.marc21_physical_characteristic_value_map (value,ptype_subfield,label) VALUES ('gb',CURRVAL('config.marc21_physical_characteristic_subfield_map_id_seq'),'Synthetic aperture radar (SAR-single frequency)');
INSERT INTO config.marc21_physical_characteristic_value_map (value,ptype_subfield,label) VALUES ('gc',CURRVAL('config.marc21_physical_characteristic_subfield_map_id_seq'),'SAR-multi-frequency (multichannel)');
INSERT INTO config.marc21_physical_characteristic_value_map (value,ptype_subfield,label) VALUES ('gd',CURRVAL('config.marc21_physical_characteristic_subfield_map_id_seq'),'SAR-like polarization');
INSERT INTO config.marc21_physical_characteristic_value_map (value,ptype_subfield,label) VALUES ('ge',CURRVAL('config.marc21_physical_characteristic_subfield_map_id_seq'),'SAR-cross polarization');
INSERT INTO config.marc21_physical_characteristic_value_map (value,ptype_subfield,label) VALUES ('gf',CURRVAL('config.marc21_physical_characteristic_subfield_map_id_seq'),'Infometric SAR');
INSERT INTO config.marc21_physical_characteristic_value_map (value,ptype_subfield,label) VALUES ('gg',CURRVAL('config.marc21_physical_characteristic_subfield_map_id_seq'),'Polarmetric SAR');
INSERT INTO config.marc21_physical_characteristic_value_map (value,ptype_subfield,label) VALUES ('gu',CURRVAL('config.marc21_physical_characteristic_subfield_map_id_seq'),'Passive microwave mapping');
INSERT INTO config.marc21_physical_characteristic_value_map (value,ptype_subfield,label) VALUES ('gz',CURRVAL('config.marc21_physical_characteristic_subfield_map_id_seq'),'Other microwave data');
INSERT INTO config.marc21_physical_characteristic_value_map (value,ptype_subfield,label) VALUES ('ja',CURRVAL('config.marc21_physical_characteristic_subfield_map_id_seq'),'Far ultraviolet');
INSERT INTO config.marc21_physical_characteristic_value_map (value,ptype_subfield,label) VALUES ('jb',CURRVAL('config.marc21_physical_characteristic_subfield_map_id_seq'),'Middle ultraviolet');
INSERT INTO config.marc21_physical_characteristic_value_map (value,ptype_subfield,label) VALUES ('jc',CURRVAL('config.marc21_physical_characteristic_subfield_map_id_seq'),'Near ultraviolet');
INSERT INTO config.marc21_physical_characteristic_value_map (value,ptype_subfield,label) VALUES ('jv',CURRVAL('config.marc21_physical_characteristic_subfield_map_id_seq'),'Ultraviolet combinations');
INSERT INTO config.marc21_physical_characteristic_value_map (value,ptype_subfield,label) VALUES ('jz',CURRVAL('config.marc21_physical_characteristic_subfield_map_id_seq'),'Other ultraviolet data');
INSERT INTO config.marc21_physical_characteristic_value_map (value,ptype_subfield,label) VALUES ('ma',CURRVAL('config.marc21_physical_characteristic_subfield_map_id_seq'),'Multi-spectral, multidata');
INSERT INTO config.marc21_physical_characteristic_value_map (value,ptype_subfield,label) VALUES ('mb',CURRVAL('config.marc21_physical_characteristic_subfield_map_id_seq'),'Multi-temporal');
INSERT INTO config.marc21_physical_characteristic_value_map (value,ptype_subfield,label) VALUES ('mm',CURRVAL('config.marc21_physical_characteristic_subfield_map_id_seq'),'Combination of various data types');
INSERT INTO config.marc21_physical_characteristic_value_map (value,ptype_subfield,label) VALUES ('nn',CURRVAL('config.marc21_physical_characteristic_subfield_map_id_seq'),'Not applicable');
INSERT INTO config.marc21_physical_characteristic_value_map (value,ptype_subfield,label) VALUES ('pa',CURRVAL('config.marc21_physical_characteristic_subfield_map_id_seq'),'Sonar-water depth');
INSERT INTO config.marc21_physical_characteristic_value_map (value,ptype_subfield,label) VALUES ('pb',CURRVAL('config.marc21_physical_characteristic_subfield_map_id_seq'),'Sonar-bottom topography images, sidescan');
INSERT INTO config.marc21_physical_characteristic_value_map (value,ptype_subfield,label) VALUES ('pc',CURRVAL('config.marc21_physical_characteristic_subfield_map_id_seq'),'Sonar-bottom topography, near-surface');
INSERT INTO config.marc21_physical_characteristic_value_map (value,ptype_subfield,label) VALUES ('pd',CURRVAL('config.marc21_physical_characteristic_subfield_map_id_seq'),'Sonar-bottom topography, near-bottom');
INSERT INTO config.marc21_physical_characteristic_value_map (value,ptype_subfield,label) VALUES ('pe',CURRVAL('config.marc21_physical_characteristic_subfield_map_id_seq'),'Seismic surveys');
INSERT INTO config.marc21_physical_characteristic_value_map (value,ptype_subfield,label) VALUES ('pz',CURRVAL('config.marc21_physical_characteristic_subfield_map_id_seq'),'Other acoustical data');
INSERT INTO config.marc21_physical_characteristic_value_map (value,ptype_subfield,label) VALUES ('ra',CURRVAL('config.marc21_physical_characteristic_subfield_map_id_seq'),'Gravity anomales (general)');
INSERT INTO config.marc21_physical_characteristic_value_map (value,ptype_subfield,label) VALUES ('rb',CURRVAL('config.marc21_physical_characteristic_subfield_map_id_seq'),'Free-air');
INSERT INTO config.marc21_physical_characteristic_value_map (value,ptype_subfield,label) VALUES ('rc',CURRVAL('config.marc21_physical_characteristic_subfield_map_id_seq'),'Bouger');
INSERT INTO config.marc21_physical_characteristic_value_map (value,ptype_subfield,label) VALUES ('rd',CURRVAL('config.marc21_physical_characteristic_subfield_map_id_seq'),'Isostatic');
INSERT INTO config.marc21_physical_characteristic_value_map (value,ptype_subfield,label) VALUES ('sa',CURRVAL('config.marc21_physical_characteristic_subfield_map_id_seq'),'Magnetic field');
INSERT INTO config.marc21_physical_characteristic_value_map (value,ptype_subfield,label) VALUES ('ta',CURRVAL('config.marc21_physical_characteristic_subfield_map_id_seq'),'Radiometric surveys');
INSERT INTO config.marc21_physical_characteristic_value_map (value,ptype_subfield,label) VALUES ('uu',CURRVAL('config.marc21_physical_characteristic_subfield_map_id_seq'),'Unknown');
INSERT INTO config.marc21_physical_characteristic_value_map (value,ptype_subfield,label) VALUES ('zz',CURRVAL('config.marc21_physical_characteristic_subfield_map_id_seq'),'Other');

-- Sound Recording
INSERT INTO config.marc21_physical_characteristic_type_map (ptype_key, label) VALUES ('s','Sound Recording');
INSERT INTO config.marc21_physical_characteristic_subfield_map (ptype_key,subfield,start_pos,length,label) VALUES ('s','b','1','1','SMD');
INSERT INTO config.marc21_physical_characteristic_value_map (value,ptype_subfield,label) VALUES ('d',CURRVAL('config.marc21_physical_characteristic_subfield_map_id_seq'),'Sound disc');
INSERT INTO config.marc21_physical_characteristic_value_map (value,ptype_subfield,label) VALUES ('e',CURRVAL('config.marc21_physical_characteristic_subfield_map_id_seq'),'Cylinder');
INSERT INTO config.marc21_physical_characteristic_value_map (value,ptype_subfield,label) VALUES ('g',CURRVAL('config.marc21_physical_characteristic_subfield_map_id_seq'),'Sound cartridge');
INSERT INTO config.marc21_physical_characteristic_value_map (value,ptype_subfield,label) VALUES ('i',CURRVAL('config.marc21_physical_characteristic_subfield_map_id_seq'),'Sound-track film');
INSERT INTO config.marc21_physical_characteristic_value_map (value,ptype_subfield,label) VALUES ('q',CURRVAL('config.marc21_physical_characteristic_subfield_map_id_seq'),'Roll');
INSERT INTO config.marc21_physical_characteristic_value_map (value,ptype_subfield,label) VALUES ('s',CURRVAL('config.marc21_physical_characteristic_subfield_map_id_seq'),'Sound cassette');
INSERT INTO config.marc21_physical_characteristic_value_map (value,ptype_subfield,label) VALUES ('t',CURRVAL('config.marc21_physical_characteristic_subfield_map_id_seq'),'Sound-tape reel');
INSERT INTO config.marc21_physical_characteristic_value_map (value,ptype_subfield,label) VALUES ('u',CURRVAL('config.marc21_physical_characteristic_subfield_map_id_seq'),'Unspecified');
INSERT INTO config.marc21_physical_characteristic_value_map (value,ptype_subfield,label) VALUES ('w',CURRVAL('config.marc21_physical_characteristic_subfield_map_id_seq'),'Wire recording');
INSERT INTO config.marc21_physical_characteristic_value_map (value,ptype_subfield,label) VALUES ('z',CURRVAL('config.marc21_physical_characteristic_subfield_map_id_seq'),'Other');
INSERT INTO config.marc21_physical_characteristic_subfield_map (ptype_key,subfield,start_pos,length,label) VALUES ('s','d','3','1','Speed');
INSERT INTO config.marc21_physical_characteristic_value_map (value,ptype_subfield,label) VALUES ('a',CURRVAL('config.marc21_physical_characteristic_subfield_map_id_seq'),'16 rpm');
INSERT INTO config.marc21_physical_characteristic_value_map (value,ptype_subfield,label) VALUES ('b',CURRVAL('config.marc21_physical_characteristic_subfield_map_id_seq'),'33 1/3 rpm');
INSERT INTO config.marc21_physical_characteristic_value_map (value,ptype_subfield,label) VALUES ('c',CURRVAL('config.marc21_physical_characteristic_subfield_map_id_seq'),'45 rpm');
INSERT INTO config.marc21_physical_characteristic_value_map (value,ptype_subfield,label) VALUES ('d',CURRVAL('config.marc21_physical_characteristic_subfield_map_id_seq'),'78 rpm');
INSERT INTO config.marc21_physical_characteristic_value_map (value,ptype_subfield,label) VALUES ('e',CURRVAL('config.marc21_physical_characteristic_subfield_map_id_seq'),'8 rpm');
INSERT INTO config.marc21_physical_characteristic_value_map (value,ptype_subfield,label) VALUES ('f',CURRVAL('config.marc21_physical_characteristic_subfield_map_id_seq'),'1.4 mps');
INSERT INTO config.marc21_physical_characteristic_value_map (value,ptype_subfield,label) VALUES ('h',CURRVAL('config.marc21_physical_characteristic_subfield_map_id_seq'),'120 rpm');
INSERT INTO config.marc21_physical_characteristic_value_map (value,ptype_subfield,label) VALUES ('i',CURRVAL('config.marc21_physical_characteristic_subfield_map_id_seq'),'160 rpm');
INSERT INTO config.marc21_physical_characteristic_value_map (value,ptype_subfield,label) VALUES ('k',CURRVAL('config.marc21_physical_characteristic_subfield_map_id_seq'),'15/16 ips');
INSERT INTO config.marc21_physical_characteristic_value_map (value,ptype_subfield,label) VALUES ('l',CURRVAL('config.marc21_physical_characteristic_subfield_map_id_seq'),'1 7/8 ips');
INSERT INTO config.marc21_physical_characteristic_value_map (value,ptype_subfield,label) VALUES ('m',CURRVAL('config.marc21_physical_characteristic_subfield_map_id_seq'),'3 3/4 ips');
INSERT INTO config.marc21_physical_characteristic_value_map (value,ptype_subfield,label) VALUES ('o',CURRVAL('config.marc21_physical_characteristic_subfield_map_id_seq'),'7 1/2 ips');
INSERT INTO config.marc21_physical_characteristic_value_map (value,ptype_subfield,label) VALUES ('p',CURRVAL('config.marc21_physical_characteristic_subfield_map_id_seq'),'15 ips');
INSERT INTO config.marc21_physical_characteristic_value_map (value,ptype_subfield,label) VALUES ('r',CURRVAL('config.marc21_physical_characteristic_subfield_map_id_seq'),'30 ips');
INSERT INTO config.marc21_physical_characteristic_value_map (value,ptype_subfield,label) VALUES ('u',CURRVAL('config.marc21_physical_characteristic_subfield_map_id_seq'),'Unknown');
INSERT INTO config.marc21_physical_characteristic_value_map (value,ptype_subfield,label) VALUES ('z',CURRVAL('config.marc21_physical_characteristic_subfield_map_id_seq'),'Other');
INSERT INTO config.marc21_physical_characteristic_subfield_map (ptype_key,subfield,start_pos,length,label) VALUES ('s','e','4','1','Configuration of playback channels');
INSERT INTO config.marc21_physical_characteristic_value_map (value,ptype_subfield,label) VALUES ('m',CURRVAL('config.marc21_physical_characteristic_subfield_map_id_seq'),'Monaural');
INSERT INTO config.marc21_physical_characteristic_value_map (value,ptype_subfield,label) VALUES ('q',CURRVAL('config.marc21_physical_characteristic_subfield_map_id_seq'),'Quadraphonic');
INSERT INTO config.marc21_physical_characteristic_value_map (value,ptype_subfield,label) VALUES ('s',CURRVAL('config.marc21_physical_characteristic_subfield_map_id_seq'),'Stereophonic');
INSERT INTO config.marc21_physical_characteristic_value_map (value,ptype_subfield,label) VALUES ('u',CURRVAL('config.marc21_physical_characteristic_subfield_map_id_seq'),'Unknown');
INSERT INTO config.marc21_physical_characteristic_value_map (value,ptype_subfield,label) VALUES ('z',CURRVAL('config.marc21_physical_characteristic_subfield_map_id_seq'),'Other');
INSERT INTO config.marc21_physical_characteristic_subfield_map (ptype_key,subfield,start_pos,length,label) VALUES ('s','f','5','1','Groove width or pitch');
INSERT INTO config.marc21_physical_characteristic_value_map (value,ptype_subfield,label) VALUES ('m',CURRVAL('config.marc21_physical_characteristic_subfield_map_id_seq'),'Microgroove/fine');
INSERT INTO config.marc21_physical_characteristic_value_map (value,ptype_subfield,label) VALUES ('n',CURRVAL('config.marc21_physical_characteristic_subfield_map_id_seq'),'Not applicable');
INSERT INTO config.marc21_physical_characteristic_value_map (value,ptype_subfield,label) VALUES ('s',CURRVAL('config.marc21_physical_characteristic_subfield_map_id_seq'),'Coarse/standard');
INSERT INTO config.marc21_physical_characteristic_value_map (value,ptype_subfield,label) VALUES ('u',CURRVAL('config.marc21_physical_characteristic_subfield_map_id_seq'),'Unknown');
INSERT INTO config.marc21_physical_characteristic_value_map (value,ptype_subfield,label) VALUES ('z',CURRVAL('config.marc21_physical_characteristic_subfield_map_id_seq'),'Other');
INSERT INTO config.marc21_physical_characteristic_subfield_map (ptype_key,subfield,start_pos,length,label) VALUES ('s','g','6','1','Dimensions');
INSERT INTO config.marc21_physical_characteristic_value_map (value,ptype_subfield,label) VALUES ('a',CURRVAL('config.marc21_physical_characteristic_subfield_map_id_seq'),'3 in.');
INSERT INTO config.marc21_physical_characteristic_value_map (value,ptype_subfield,label) VALUES ('b',CURRVAL('config.marc21_physical_characteristic_subfield_map_id_seq'),'5 in.');
INSERT INTO config.marc21_physical_characteristic_value_map (value,ptype_subfield,label) VALUES ('c',CURRVAL('config.marc21_physical_characteristic_subfield_map_id_seq'),'7 in.');
INSERT INTO config.marc21_physical_characteristic_value_map (value,ptype_subfield,label) VALUES ('d',CURRVAL('config.marc21_physical_characteristic_subfield_map_id_seq'),'10 in.');
INSERT INTO config.marc21_physical_characteristic_value_map (value,ptype_subfield,label) VALUES ('e',CURRVAL('config.marc21_physical_characteristic_subfield_map_id_seq'),'12 in.');
INSERT INTO config.marc21_physical_characteristic_value_map (value,ptype_subfield,label) VALUES ('f',CURRVAL('config.marc21_physical_characteristic_subfield_map_id_seq'),'16 in.');
INSERT INTO config.marc21_physical_characteristic_value_map (value,ptype_subfield,label) VALUES ('g',CURRVAL('config.marc21_physical_characteristic_subfield_map_id_seq'),'4 3/4 in. (12 cm.)');
INSERT INTO config.marc21_physical_characteristic_value_map (value,ptype_subfield,label) VALUES ('j',CURRVAL('config.marc21_physical_characteristic_subfield_map_id_seq'),'3 7/8 x 2 1/2 in.');
INSERT INTO config.marc21_physical_characteristic_value_map (value,ptype_subfield,label) VALUES ('n',CURRVAL('config.marc21_physical_characteristic_subfield_map_id_seq'),'Not applicable');
INSERT INTO config.marc21_physical_characteristic_value_map (value,ptype_subfield,label) VALUES ('o',CURRVAL('config.marc21_physical_characteristic_subfield_map_id_seq'),'5 1/4 x 3 7/8 in.');
INSERT INTO config.marc21_physical_characteristic_value_map (value,ptype_subfield,label) VALUES ('s',CURRVAL('config.marc21_physical_characteristic_subfield_map_id_seq'),'2 3/4 x 4 in.');
INSERT INTO config.marc21_physical_characteristic_value_map (value,ptype_subfield,label) VALUES ('u',CURRVAL('config.marc21_physical_characteristic_subfield_map_id_seq'),'Unknown');
INSERT INTO config.marc21_physical_characteristic_value_map (value,ptype_subfield,label) VALUES ('z',CURRVAL('config.marc21_physical_characteristic_subfield_map_id_seq'),'Other');
INSERT INTO config.marc21_physical_characteristic_subfield_map (ptype_key,subfield,start_pos,length,label) VALUES ('s','h','7','1','Tape width');
INSERT INTO config.marc21_physical_characteristic_value_map (value,ptype_subfield,label) VALUES ('l',CURRVAL('config.marc21_physical_characteristic_subfield_map_id_seq'),'1/8 in.');
INSERT INTO config.marc21_physical_characteristic_value_map (value,ptype_subfield,label) VALUES ('m',CURRVAL('config.marc21_physical_characteristic_subfield_map_id_seq'),'1/4in.');
INSERT INTO config.marc21_physical_characteristic_value_map (value,ptype_subfield,label) VALUES ('n',CURRVAL('config.marc21_physical_characteristic_subfield_map_id_seq'),'Not applicable');
INSERT INTO config.marc21_physical_characteristic_value_map (value,ptype_subfield,label) VALUES ('o',CURRVAL('config.marc21_physical_characteristic_subfield_map_id_seq'),'1/2 in.');
INSERT INTO config.marc21_physical_characteristic_value_map (value,ptype_subfield,label) VALUES ('p',CURRVAL('config.marc21_physical_characteristic_subfield_map_id_seq'),'1 in.');
INSERT INTO config.marc21_physical_characteristic_value_map (value,ptype_subfield,label) VALUES ('u',CURRVAL('config.marc21_physical_characteristic_subfield_map_id_seq'),'Unknown');
INSERT INTO config.marc21_physical_characteristic_value_map (value,ptype_subfield,label) VALUES ('z',CURRVAL('config.marc21_physical_characteristic_subfield_map_id_seq'),'Other');
INSERT INTO config.marc21_physical_characteristic_subfield_map (ptype_key,subfield,start_pos,length,label) VALUES ('s','i','8','1','Tape configuration ');
INSERT INTO config.marc21_physical_characteristic_value_map (value,ptype_subfield,label) VALUES ('a',CURRVAL('config.marc21_physical_characteristic_subfield_map_id_seq'),'Full (1) track');
INSERT INTO config.marc21_physical_characteristic_value_map (value,ptype_subfield,label) VALUES ('b',CURRVAL('config.marc21_physical_characteristic_subfield_map_id_seq'),'Half (2) track');
INSERT INTO config.marc21_physical_characteristic_value_map (value,ptype_subfield,label) VALUES ('c',CURRVAL('config.marc21_physical_characteristic_subfield_map_id_seq'),'Quarter (4) track');
INSERT INTO config.marc21_physical_characteristic_value_map (value,ptype_subfield,label) VALUES ('d',CURRVAL('config.marc21_physical_characteristic_subfield_map_id_seq'),'8 track');
INSERT INTO config.marc21_physical_characteristic_value_map (value,ptype_subfield,label) VALUES ('e',CURRVAL('config.marc21_physical_characteristic_subfield_map_id_seq'),'12 track');
INSERT INTO config.marc21_physical_characteristic_value_map (value,ptype_subfield,label) VALUES ('f',CURRVAL('config.marc21_physical_characteristic_subfield_map_id_seq'),'16 track');
INSERT INTO config.marc21_physical_characteristic_value_map (value,ptype_subfield,label) VALUES ('n',CURRVAL('config.marc21_physical_characteristic_subfield_map_id_seq'),'Not applicable');
INSERT INTO config.marc21_physical_characteristic_value_map (value,ptype_subfield,label) VALUES ('u',CURRVAL('config.marc21_physical_characteristic_subfield_map_id_seq'),'Unknown');
INSERT INTO config.marc21_physical_characteristic_value_map (value,ptype_subfield,label) VALUES ('z',CURRVAL('config.marc21_physical_characteristic_subfield_map_id_seq'),'Other');
INSERT INTO config.marc21_physical_characteristic_subfield_map (ptype_key,subfield,start_pos,length,label) VALUES ('s','m','12','1','Special playback');
INSERT INTO config.marc21_physical_characteristic_value_map (value,ptype_subfield,label) VALUES ('a',CURRVAL('config.marc21_physical_characteristic_subfield_map_id_seq'),'NAB standard');
INSERT INTO config.marc21_physical_characteristic_value_map (value,ptype_subfield,label) VALUES ('b',CURRVAL('config.marc21_physical_characteristic_subfield_map_id_seq'),'CCIR standard');
INSERT INTO config.marc21_physical_characteristic_value_map (value,ptype_subfield,label) VALUES ('c',CURRVAL('config.marc21_physical_characteristic_subfield_map_id_seq'),'Dolby-B encoded, standard Dolby');
INSERT INTO config.marc21_physical_characteristic_value_map (value,ptype_subfield,label) VALUES ('d',CURRVAL('config.marc21_physical_characteristic_subfield_map_id_seq'),'dbx encoded');
INSERT INTO config.marc21_physical_characteristic_value_map (value,ptype_subfield,label) VALUES ('e',CURRVAL('config.marc21_physical_characteristic_subfield_map_id_seq'),'Digital recording');
INSERT INTO config.marc21_physical_characteristic_value_map (value,ptype_subfield,label) VALUES ('f',CURRVAL('config.marc21_physical_characteristic_subfield_map_id_seq'),'Dolby-A encoded');
INSERT INTO config.marc21_physical_characteristic_value_map (value,ptype_subfield,label) VALUES ('g',CURRVAL('config.marc21_physical_characteristic_subfield_map_id_seq'),'Dolby-C encoded');
INSERT INTO config.marc21_physical_characteristic_value_map (value,ptype_subfield,label) VALUES ('h',CURRVAL('config.marc21_physical_characteristic_subfield_map_id_seq'),'CX encoded');
INSERT INTO config.marc21_physical_characteristic_value_map (value,ptype_subfield,label) VALUES ('n',CURRVAL('config.marc21_physical_characteristic_subfield_map_id_seq'),'Not applicable');
INSERT INTO config.marc21_physical_characteristic_value_map (value,ptype_subfield,label) VALUES ('u',CURRVAL('config.marc21_physical_characteristic_subfield_map_id_seq'),'Unknown');
INSERT INTO config.marc21_physical_characteristic_value_map (value,ptype_subfield,label) VALUES ('z',CURRVAL('config.marc21_physical_characteristic_subfield_map_id_seq'),'Other');
INSERT INTO config.marc21_physical_characteristic_subfield_map (ptype_key,subfield,start_pos,length,label) VALUES ('s','n','13','1','Capture and storage');
INSERT INTO config.marc21_physical_characteristic_value_map (value,ptype_subfield,label) VALUES ('a',CURRVAL('config.marc21_physical_characteristic_subfield_map_id_seq'),'Acoustical capture, direct storage');
INSERT INTO config.marc21_physical_characteristic_value_map (value,ptype_subfield,label) VALUES ('b',CURRVAL('config.marc21_physical_characteristic_subfield_map_id_seq'),'Direct storage, not acoustical');
INSERT INTO config.marc21_physical_characteristic_value_map (value,ptype_subfield,label) VALUES ('d',CURRVAL('config.marc21_physical_characteristic_subfield_map_id_seq'),'Digital storage');
INSERT INTO config.marc21_physical_characteristic_value_map (value,ptype_subfield,label) VALUES ('e',CURRVAL('config.marc21_physical_characteristic_subfield_map_id_seq'),'Analog electrical storage');
INSERT INTO config.marc21_physical_characteristic_value_map (value,ptype_subfield,label) VALUES ('u',CURRVAL('config.marc21_physical_characteristic_subfield_map_id_seq'),'Unknown');
INSERT INTO config.marc21_physical_characteristic_value_map (value,ptype_subfield,label) VALUES ('z',CURRVAL('config.marc21_physical_characteristic_subfield_map_id_seq'),'Other');

-- Videorecording
INSERT INTO config.marc21_physical_characteristic_type_map (ptype_key, label) VALUES ('v','Videorecording');
INSERT INTO config.marc21_physical_characteristic_subfield_map (ptype_key,subfield,start_pos,length,label) VALUES ('v','b','1','1','SMD');
INSERT INTO config.marc21_physical_characteristic_value_map (value,ptype_subfield,label) VALUES ('c',CURRVAL('config.marc21_physical_characteristic_subfield_map_id_seq'),'Videocartridge');
INSERT INTO config.marc21_physical_characteristic_value_map (value,ptype_subfield,label) VALUES ('d',CURRVAL('config.marc21_physical_characteristic_subfield_map_id_seq'),'Videodisc');
INSERT INTO config.marc21_physical_characteristic_value_map (value,ptype_subfield,label) VALUES ('f',CURRVAL('config.marc21_physical_characteristic_subfield_map_id_seq'),'Videocassette');
INSERT INTO config.marc21_physical_characteristic_value_map (value,ptype_subfield,label) VALUES ('r',CURRVAL('config.marc21_physical_characteristic_subfield_map_id_seq'),'Videoreel');
INSERT INTO config.marc21_physical_characteristic_value_map (value,ptype_subfield,label) VALUES ('u',CURRVAL('config.marc21_physical_characteristic_subfield_map_id_seq'),'Unspecified');
INSERT INTO config.marc21_physical_characteristic_value_map (value,ptype_subfield,label) VALUES ('z',CURRVAL('config.marc21_physical_characteristic_subfield_map_id_seq'),'Other');
INSERT INTO config.marc21_physical_characteristic_subfield_map (ptype_key,subfield,start_pos,length,label) VALUES ('v','d','3','1','Color');
INSERT INTO config.marc21_physical_characteristic_value_map (value,ptype_subfield,label) VALUES ('b',CURRVAL('config.marc21_physical_characteristic_subfield_map_id_seq'),'Black-and-white');
INSERT INTO config.marc21_physical_characteristic_value_map (value,ptype_subfield,label) VALUES ('c',CURRVAL('config.marc21_physical_characteristic_subfield_map_id_seq'),'Multicolored');
INSERT INTO config.marc21_physical_characteristic_value_map (value,ptype_subfield,label) VALUES ('m',CURRVAL('config.marc21_physical_characteristic_subfield_map_id_seq'),'Mixed');
INSERT INTO config.marc21_physical_characteristic_value_map (value,ptype_subfield,label) VALUES ('n',CURRVAL('config.marc21_physical_characteristic_subfield_map_id_seq'),'Not applicable');
INSERT INTO config.marc21_physical_characteristic_value_map (value,ptype_subfield,label) VALUES ('u',CURRVAL('config.marc21_physical_characteristic_subfield_map_id_seq'),'Unknown');
INSERT INTO config.marc21_physical_characteristic_value_map (value,ptype_subfield,label) VALUES ('z',CURRVAL('config.marc21_physical_characteristic_subfield_map_id_seq'),'Other');
INSERT INTO config.marc21_physical_characteristic_subfield_map (ptype_key,subfield,start_pos,length,label) VALUES ('v','e','4','1','Videorecording format');
INSERT INTO config.marc21_physical_characteristic_value_map (value,ptype_subfield,label) VALUES ('a',CURRVAL('config.marc21_physical_characteristic_subfield_map_id_seq'),'Beta');
INSERT INTO config.marc21_physical_characteristic_value_map (value,ptype_subfield,label) VALUES ('b',CURRVAL('config.marc21_physical_characteristic_subfield_map_id_seq'),'VHS');
INSERT INTO config.marc21_physical_characteristic_value_map (value,ptype_subfield,label) VALUES ('c',CURRVAL('config.marc21_physical_characteristic_subfield_map_id_seq'),'U-matic');
INSERT INTO config.marc21_physical_characteristic_value_map (value,ptype_subfield,label) VALUES ('d',CURRVAL('config.marc21_physical_characteristic_subfield_map_id_seq'),'EIAJ');
INSERT INTO config.marc21_physical_characteristic_value_map (value,ptype_subfield,label) VALUES ('e',CURRVAL('config.marc21_physical_characteristic_subfield_map_id_seq'),'Type C');
INSERT INTO config.marc21_physical_characteristic_value_map (value,ptype_subfield,label) VALUES ('f',CURRVAL('config.marc21_physical_characteristic_subfield_map_id_seq'),'Quadruplex');
INSERT INTO config.marc21_physical_characteristic_value_map (value,ptype_subfield,label) VALUES ('g',CURRVAL('config.marc21_physical_characteristic_subfield_map_id_seq'),'Laserdisc');
INSERT INTO config.marc21_physical_characteristic_value_map (value,ptype_subfield,label) VALUES ('h',CURRVAL('config.marc21_physical_characteristic_subfield_map_id_seq'),'CED');
INSERT INTO config.marc21_physical_characteristic_value_map (value,ptype_subfield,label) VALUES ('i',CURRVAL('config.marc21_physical_characteristic_subfield_map_id_seq'),'Betacam');
INSERT INTO config.marc21_physical_characteristic_value_map (value,ptype_subfield,label) VALUES ('j',CURRVAL('config.marc21_physical_characteristic_subfield_map_id_seq'),'Betacam SP');
INSERT INTO config.marc21_physical_characteristic_value_map (value,ptype_subfield,label) VALUES ('k',CURRVAL('config.marc21_physical_characteristic_subfield_map_id_seq'),'Super-VHS');
INSERT INTO config.marc21_physical_characteristic_value_map (value,ptype_subfield,label) VALUES ('m',CURRVAL('config.marc21_physical_characteristic_subfield_map_id_seq'),'M-II');
INSERT INTO config.marc21_physical_characteristic_value_map (value,ptype_subfield,label) VALUES ('o',CURRVAL('config.marc21_physical_characteristic_subfield_map_id_seq'),'D-2');
INSERT INTO config.marc21_physical_characteristic_value_map (value,ptype_subfield,label) VALUES ('p',CURRVAL('config.marc21_physical_characteristic_subfield_map_id_seq'),'8 mm.');
INSERT INTO config.marc21_physical_characteristic_value_map (value,ptype_subfield,label) VALUES ('q',CURRVAL('config.marc21_physical_characteristic_subfield_map_id_seq'),'Hi-8 mm.');
INSERT INTO config.marc21_physical_characteristic_value_map (value,ptype_subfield,label) VALUES ('u',CURRVAL('config.marc21_physical_characteristic_subfield_map_id_seq'),'Unknown');
INSERT INTO config.marc21_physical_characteristic_value_map (value,ptype_subfield,label) VALUES ('v',CURRVAL('config.marc21_physical_characteristic_subfield_map_id_seq'),'DVD');
INSERT INTO config.marc21_physical_characteristic_value_map (value,ptype_subfield,label) VALUES ('z',CURRVAL('config.marc21_physical_characteristic_subfield_map_id_seq'),'Other');
INSERT INTO config.marc21_physical_characteristic_subfield_map (ptype_key,subfield,start_pos,length,label) VALUES ('v','f','5','1','Sound on medium or separate');
INSERT INTO config.marc21_physical_characteristic_value_map (value,ptype_subfield,label) VALUES ('a',CURRVAL('config.marc21_physical_characteristic_subfield_map_id_seq'),'Sound on medium');
INSERT INTO config.marc21_physical_characteristic_value_map (value,ptype_subfield,label) VALUES ('b',CURRVAL('config.marc21_physical_characteristic_subfield_map_id_seq'),'Sound separate from medium');
INSERT INTO config.marc21_physical_characteristic_value_map (value,ptype_subfield,label) VALUES ('u',CURRVAL('config.marc21_physical_characteristic_subfield_map_id_seq'),'Unknown');
INSERT INTO config.marc21_physical_characteristic_subfield_map (ptype_key,subfield,start_pos,length,label) VALUES ('v','g','6','1','Medium for sound');
INSERT INTO config.marc21_physical_characteristic_value_map (value,ptype_subfield,label) VALUES ('a',CURRVAL('config.marc21_physical_characteristic_subfield_map_id_seq'),'Optical sound track on motion picture film');
INSERT INTO config.marc21_physical_characteristic_value_map (value,ptype_subfield,label) VALUES ('b',CURRVAL('config.marc21_physical_characteristic_subfield_map_id_seq'),'Magnetic sound track on motion picture film');
INSERT INTO config.marc21_physical_characteristic_value_map (value,ptype_subfield,label) VALUES ('c',CURRVAL('config.marc21_physical_characteristic_subfield_map_id_seq'),'Magnetic audio tape in cartridge');
INSERT INTO config.marc21_physical_characteristic_value_map (value,ptype_subfield,label) VALUES ('d',CURRVAL('config.marc21_physical_characteristic_subfield_map_id_seq'),'Sound disc');
INSERT INTO config.marc21_physical_characteristic_value_map (value,ptype_subfield,label) VALUES ('e',CURRVAL('config.marc21_physical_characteristic_subfield_map_id_seq'),'Magnetic audio tape on reel');
INSERT INTO config.marc21_physical_characteristic_value_map (value,ptype_subfield,label) VALUES ('f',CURRVAL('config.marc21_physical_characteristic_subfield_map_id_seq'),'Magnetic audio tape in cassette');
INSERT INTO config.marc21_physical_characteristic_value_map (value,ptype_subfield,label) VALUES ('g',CURRVAL('config.marc21_physical_characteristic_subfield_map_id_seq'),'Optical and magnetic sound track on motion picture film');
INSERT INTO config.marc21_physical_characteristic_value_map (value,ptype_subfield,label) VALUES ('h',CURRVAL('config.marc21_physical_characteristic_subfield_map_id_seq'),'Videotape');
INSERT INTO config.marc21_physical_characteristic_value_map (value,ptype_subfield,label) VALUES ('i',CURRVAL('config.marc21_physical_characteristic_subfield_map_id_seq'),'Videodisc');
INSERT INTO config.marc21_physical_characteristic_value_map (value,ptype_subfield,label) VALUES ('u',CURRVAL('config.marc21_physical_characteristic_subfield_map_id_seq'),'Unknown');
INSERT INTO config.marc21_physical_characteristic_value_map (value,ptype_subfield,label) VALUES ('z',CURRVAL('config.marc21_physical_characteristic_subfield_map_id_seq'),'Other');
INSERT INTO config.marc21_physical_characteristic_subfield_map (ptype_key,subfield,start_pos,length,label) VALUES ('v','h','7','1','Dimensions');
INSERT INTO config.marc21_physical_characteristic_value_map (value,ptype_subfield,label) VALUES ('a',CURRVAL('config.marc21_physical_characteristic_subfield_map_id_seq'),'8 mm.');
INSERT INTO config.marc21_physical_characteristic_value_map (value,ptype_subfield,label) VALUES ('m',CURRVAL('config.marc21_physical_characteristic_subfield_map_id_seq'),'1/4 in.');
INSERT INTO config.marc21_physical_characteristic_value_map (value,ptype_subfield,label) VALUES ('o',CURRVAL('config.marc21_physical_characteristic_subfield_map_id_seq'),'1/2 in.');
INSERT INTO config.marc21_physical_characteristic_value_map (value,ptype_subfield,label) VALUES ('p',CURRVAL('config.marc21_physical_characteristic_subfield_map_id_seq'),'1 in.');
INSERT INTO config.marc21_physical_characteristic_value_map (value,ptype_subfield,label) VALUES ('q',CURRVAL('config.marc21_physical_characteristic_subfield_map_id_seq'),'2 in.');
INSERT INTO config.marc21_physical_characteristic_value_map (value,ptype_subfield,label) VALUES ('r',CURRVAL('config.marc21_physical_characteristic_subfield_map_id_seq'),'3/4 in.');
INSERT INTO config.marc21_physical_characteristic_value_map (value,ptype_subfield,label) VALUES ('u',CURRVAL('config.marc21_physical_characteristic_subfield_map_id_seq'),'Unknown');
INSERT INTO config.marc21_physical_characteristic_value_map (value,ptype_subfield,label) VALUES ('z',CURRVAL('config.marc21_physical_characteristic_subfield_map_id_seq'),'Other');
INSERT INTO config.marc21_physical_characteristic_subfield_map (ptype_key,subfield,start_pos,length,label) VALUES ('v','i','8','1','Configuration of playback channel');
INSERT INTO config.marc21_physical_characteristic_value_map (value,ptype_subfield,label) VALUES ('k',CURRVAL('config.marc21_physical_characteristic_subfield_map_id_seq'),'Mixed');
INSERT INTO config.marc21_physical_characteristic_value_map (value,ptype_subfield,label) VALUES ('m',CURRVAL('config.marc21_physical_characteristic_subfield_map_id_seq'),'Monaural');
INSERT INTO config.marc21_physical_characteristic_value_map (value,ptype_subfield,label) VALUES ('n',CURRVAL('config.marc21_physical_characteristic_subfield_map_id_seq'),'Not applicable');
INSERT INTO config.marc21_physical_characteristic_value_map (value,ptype_subfield,label) VALUES ('q',CURRVAL('config.marc21_physical_characteristic_subfield_map_id_seq'),'Multichannel, surround or quadraphonic');
INSERT INTO config.marc21_physical_characteristic_value_map (value,ptype_subfield,label) VALUES ('s',CURRVAL('config.marc21_physical_characteristic_subfield_map_id_seq'),'Stereophonic');
INSERT INTO config.marc21_physical_characteristic_value_map (value,ptype_subfield,label) VALUES ('u',CURRVAL('config.marc21_physical_characteristic_subfield_map_id_seq'),'Unknown');
INSERT INTO config.marc21_physical_characteristic_value_map (value,ptype_subfield,label) VALUES ('z',CURRVAL('config.marc21_physical_characteristic_subfield_map_id_seq'),'Other');

-- Fixed Field position data -- 0-based!
INSERT INTO config.marc21_ff_pos_map (fixed_field, tag, rec_type,start_pos, length, default_val) VALUES ('Alph', '006', 'SER', 16, 1, ' ');
INSERT INTO config.marc21_ff_pos_map (fixed_field, tag, rec_type,start_pos, length, default_val) VALUES ('Alph', '008', 'SER', 33, 1, ' ');
INSERT INTO config.marc21_ff_pos_map (fixed_field, tag, rec_type,start_pos, length, default_val) VALUES ('Audn', '006', 'BKS', 5, 1, ' ');
INSERT INTO config.marc21_ff_pos_map (fixed_field, tag, rec_type,start_pos, length, default_val) VALUES ('Audn', '006', 'COM', 5, 1, ' ');
INSERT INTO config.marc21_ff_pos_map (fixed_field, tag, rec_type,start_pos, length, default_val) VALUES ('Audn', '006', 'REC', 5, 1, ' ');
INSERT INTO config.marc21_ff_pos_map (fixed_field, tag, rec_type,start_pos, length, default_val) VALUES ('Audn', '006', 'SCO', 5, 1, ' ');
INSERT INTO config.marc21_ff_pos_map (fixed_field, tag, rec_type,start_pos, length, default_val) VALUES ('Audn', '006', 'SER', 5, 1, ' ');
INSERT INTO config.marc21_ff_pos_map (fixed_field, tag, rec_type,start_pos, length, default_val) VALUES ('Audn', '006', 'VIS', 5, 1, ' ');
INSERT INTO config.marc21_ff_pos_map (fixed_field, tag, rec_type,start_pos, length, default_val) VALUES ('Audn', '008', 'BKS', 22, 1, ' ');
INSERT INTO config.marc21_ff_pos_map (fixed_field, tag, rec_type,start_pos, length, default_val) VALUES ('Audn', '008', 'COM', 22, 1, ' ');
INSERT INTO config.marc21_ff_pos_map (fixed_field, tag, rec_type,start_pos, length, default_val) VALUES ('Audn', '008', 'REC', 22, 1, ' ');
INSERT INTO config.marc21_ff_pos_map (fixed_field, tag, rec_type,start_pos, length, default_val) VALUES ('Audn', '008', 'SCO', 22, 1, ' ');
INSERT INTO config.marc21_ff_pos_map (fixed_field, tag, rec_type,start_pos, length, default_val) VALUES ('Audn', '008', 'SER', 22, 1, ' ');
INSERT INTO config.marc21_ff_pos_map (fixed_field, tag, rec_type,start_pos, length, default_val) VALUES ('Audn', '008', 'VIS', 22, 1, ' ');
INSERT INTO config.marc21_ff_pos_map (fixed_field, tag, rec_type,start_pos, length, default_val) VALUES ('BLvl', 'ldr', 'BKS', 7, 1, 'm');
INSERT INTO config.marc21_ff_pos_map (fixed_field, tag, rec_type,start_pos, length, default_val) VALUES ('BLvl', 'ldr', 'COM', 7, 1, 'm');
INSERT INTO config.marc21_ff_pos_map (fixed_field, tag, rec_type,start_pos, length, default_val) VALUES ('BLvl', 'ldr', 'MAP', 7, 1, 'm');
INSERT INTO config.marc21_ff_pos_map (fixed_field, tag, rec_type,start_pos, length, default_val) VALUES ('BLvl', 'ldr', 'MIX', 7, 1, 'c');
INSERT INTO config.marc21_ff_pos_map (fixed_field, tag, rec_type,start_pos, length, default_val) VALUES ('BLvl', 'ldr', 'REC', 7, 1, 'm');
INSERT INTO config.marc21_ff_pos_map (fixed_field, tag, rec_type,start_pos, length, default_val) VALUES ('BLvl', 'ldr', 'SCO', 7, 1, 'm');
INSERT INTO config.marc21_ff_pos_map (fixed_field, tag, rec_type,start_pos, length, default_val) VALUES ('BLvl', 'ldr', 'SER', 7, 1, 's');
INSERT INTO config.marc21_ff_pos_map (fixed_field, tag, rec_type,start_pos, length, default_val) VALUES ('BLvl', 'ldr', 'VIS', 7, 1, 'm');
INSERT INTO config.marc21_ff_pos_map (fixed_field, tag, rec_type,start_pos, length, default_val) VALUES ('Biog', '006', 'BKS', 17, 1, ' ');
INSERT INTO config.marc21_ff_pos_map (fixed_field, tag, rec_type,start_pos, length, default_val) VALUES ('Biog', '008', 'BKS', 34, 1, ' ');
INSERT INTO config.marc21_ff_pos_map (fixed_field, tag, rec_type,start_pos, length, default_val) VALUES ('Conf', '006', 'BKS', 7, 4, ' ');
INSERT INTO config.marc21_ff_pos_map (fixed_field, tag, rec_type,start_pos, length, default_val) VALUES ('Conf', '006', 'SER', 8, 3, ' ');
INSERT INTO config.marc21_ff_pos_map (fixed_field, tag, rec_type,start_pos, length, default_val) VALUES ('Conf', '008', 'BKS', 24, 4, ' ');
INSERT INTO config.marc21_ff_pos_map (fixed_field, tag, rec_type,start_pos, length, default_val) VALUES ('Conf', '008', 'SER', 25, 3, ' ');
INSERT INTO config.marc21_ff_pos_map (fixed_field, tag, rec_type,start_pos, length, default_val) VALUES ('Ctrl', 'ldr', 'BKS', 8, 1, ' ');
INSERT INTO config.marc21_ff_pos_map (fixed_field, tag, rec_type,start_pos, length, default_val) VALUES ('Ctrl', 'ldr', 'COM', 8, 1, ' ');
INSERT INTO config.marc21_ff_pos_map (fixed_field, tag, rec_type,start_pos, length, default_val) VALUES ('Ctrl', 'ldr', 'MAP', 8, 1, ' ');
INSERT INTO config.marc21_ff_pos_map (fixed_field, tag, rec_type,start_pos, length, default_val) VALUES ('Ctrl', 'ldr', 'MIX', 8, 1, ' ');
INSERT INTO config.marc21_ff_pos_map (fixed_field, tag, rec_type,start_pos, length, default_val) VALUES ('Ctrl', 'ldr', 'REC', 8, 1, ' ');
INSERT INTO config.marc21_ff_pos_map (fixed_field, tag, rec_type,start_pos, length, default_val) VALUES ('Ctrl', 'ldr', 'SCO', 8, 1, ' ');
INSERT INTO config.marc21_ff_pos_map (fixed_field, tag, rec_type,start_pos, length, default_val) VALUES ('Ctrl', 'ldr', 'SER', 8, 1, ' ');
INSERT INTO config.marc21_ff_pos_map (fixed_field, tag, rec_type,start_pos, length, default_val) VALUES ('Ctrl', 'ldr', 'VIS', 8, 1, ' ');
INSERT INTO config.marc21_ff_pos_map (fixed_field, tag, rec_type,start_pos, length, default_val) VALUES ('Ctry', '008', 'BKS', 15, 3, ' ');
INSERT INTO config.marc21_ff_pos_map (fixed_field, tag, rec_type,start_pos, length, default_val) VALUES ('Ctry', '008', 'COM', 15, 3, ' ');
INSERT INTO config.marc21_ff_pos_map (fixed_field, tag, rec_type,start_pos, length, default_val) VALUES ('Ctry', '008', 'MAP', 15, 3, ' ');
INSERT INTO config.marc21_ff_pos_map (fixed_field, tag, rec_type,start_pos, length, default_val) VALUES ('Ctry', '008', 'MIX', 15, 3, ' ');
INSERT INTO config.marc21_ff_pos_map (fixed_field, tag, rec_type,start_pos, length, default_val) VALUES ('Ctry', '008', 'REC', 15, 3, ' ');
INSERT INTO config.marc21_ff_pos_map (fixed_field, tag, rec_type,start_pos, length, default_val) VALUES ('Ctry', '008', 'SCO', 15, 3, ' ');
INSERT INTO config.marc21_ff_pos_map (fixed_field, tag, rec_type,start_pos, length, default_val) VALUES ('Ctry', '008', 'SER', 15, 3, ' ');
INSERT INTO config.marc21_ff_pos_map (fixed_field, tag, rec_type,start_pos, length, default_val) VALUES ('Ctry', '008', 'VIS', 15, 3, ' ');
INSERT INTO config.marc21_ff_pos_map (fixed_field, tag, rec_type,start_pos, length, default_val) VALUES ('Date1', '008', 'BKS', 7, 4, ' ');
INSERT INTO config.marc21_ff_pos_map (fixed_field, tag, rec_type,start_pos, length, default_val) VALUES ('Date1', '008', 'COM', 7, 4, ' ');
INSERT INTO config.marc21_ff_pos_map (fixed_field, tag, rec_type,start_pos, length, default_val) VALUES ('Date1', '008', 'MAP', 7, 4, ' ');
INSERT INTO config.marc21_ff_pos_map (fixed_field, tag, rec_type,start_pos, length, default_val) VALUES ('Date1', '008', 'MIX', 7, 4, ' ');
INSERT INTO config.marc21_ff_pos_map (fixed_field, tag, rec_type,start_pos, length, default_val) VALUES ('Date1', '008', 'REC', 7, 4, ' ');
INSERT INTO config.marc21_ff_pos_map (fixed_field, tag, rec_type,start_pos, length, default_val) VALUES ('Date1', '008', 'SCO', 7, 4, ' ');
INSERT INTO config.marc21_ff_pos_map (fixed_field, tag, rec_type,start_pos, length, default_val) VALUES ('Date1', '008', 'SER', 7, 4, ' ');
INSERT INTO config.marc21_ff_pos_map (fixed_field, tag, rec_type,start_pos, length, default_val) VALUES ('Date1', '008', 'VIS', 7, 4, ' ');
INSERT INTO config.marc21_ff_pos_map (fixed_field, tag, rec_type,start_pos, length, default_val) VALUES ('Date2', '008', 'BKS', 11, 4, ' ');
INSERT INTO config.marc21_ff_pos_map (fixed_field, tag, rec_type,start_pos, length, default_val) VALUES ('Date2', '008', 'COM', 11, 4, ' ');
INSERT INTO config.marc21_ff_pos_map (fixed_field, tag, rec_type,start_pos, length, default_val) VALUES ('Date2', '008', 'MAP', 11, 4, ' ');
INSERT INTO config.marc21_ff_pos_map (fixed_field, tag, rec_type,start_pos, length, default_val) VALUES ('Date2', '008', 'MIX', 11, 4, ' ');
INSERT INTO config.marc21_ff_pos_map (fixed_field, tag, rec_type,start_pos, length, default_val) VALUES ('Date2', '008', 'REC', 11, 4, ' ');
INSERT INTO config.marc21_ff_pos_map (fixed_field, tag, rec_type,start_pos, length, default_val) VALUES ('Date2', '008', 'SCO', 11, 4, ' ');
INSERT INTO config.marc21_ff_pos_map (fixed_field, tag, rec_type,start_pos, length, default_val) VALUES ('Date2', '008', 'SER', 11, 4, '9');
INSERT INTO config.marc21_ff_pos_map (fixed_field, tag, rec_type,start_pos, length, default_val) VALUES ('Date2', '008', 'VIS', 11, 4, ' ');
INSERT INTO config.marc21_ff_pos_map (fixed_field, tag, rec_type,start_pos, length, default_val) VALUES ('Desc', 'ldr', 'BKS', 18, 1, ' ');
INSERT INTO config.marc21_ff_pos_map (fixed_field, tag, rec_type,start_pos, length, default_val) VALUES ('Desc', 'ldr', 'COM', 18, 1, ' ');
INSERT INTO config.marc21_ff_pos_map (fixed_field, tag, rec_type,start_pos, length, default_val) VALUES ('Desc', 'ldr', 'MAP', 18, 1, ' ');
INSERT INTO config.marc21_ff_pos_map (fixed_field, tag, rec_type,start_pos, length, default_val) VALUES ('Desc', 'ldr', 'MIX', 18, 1, ' ');
INSERT INTO config.marc21_ff_pos_map (fixed_field, tag, rec_type,start_pos, length, default_val) VALUES ('Desc', 'ldr', 'REC', 18, 1, ' ');
INSERT INTO config.marc21_ff_pos_map (fixed_field, tag, rec_type,start_pos, length, default_val) VALUES ('Desc', 'ldr', 'SCO', 18, 1, ' ');
INSERT INTO config.marc21_ff_pos_map (fixed_field, tag, rec_type,start_pos, length, default_val) VALUES ('Desc', 'ldr', 'SER', 18, 1, ' ');
INSERT INTO config.marc21_ff_pos_map (fixed_field, tag, rec_type,start_pos, length, default_val) VALUES ('Desc', 'ldr', 'VIS', 18, 1, ' ');
INSERT INTO config.marc21_ff_pos_map (fixed_field, tag, rec_type,start_pos, length, default_val) VALUES ('DtSt', '008', 'BKS', 6, 1, ' ');
INSERT INTO config.marc21_ff_pos_map (fixed_field, tag, rec_type,start_pos, length, default_val) VALUES ('DtSt', '008', 'COM', 6, 1, ' ');
INSERT INTO config.marc21_ff_pos_map (fixed_field, tag, rec_type,start_pos, length, default_val) VALUES ('DtSt', '008', 'MAP', 6, 1, ' ');
INSERT INTO config.marc21_ff_pos_map (fixed_field, tag, rec_type,start_pos, length, default_val) VALUES ('DtSt', '008', 'MIX', 6, 1, ' ');
INSERT INTO config.marc21_ff_pos_map (fixed_field, tag, rec_type,start_pos, length, default_val) VALUES ('DtSt', '008', 'REC', 6, 1, ' ');
INSERT INTO config.marc21_ff_pos_map (fixed_field, tag, rec_type,start_pos, length, default_val) VALUES ('DtSt', '008', 'SCO', 6, 1, ' ');
INSERT INTO config.marc21_ff_pos_map (fixed_field, tag, rec_type,start_pos, length, default_val) VALUES ('DtSt', '008', 'SER', 6, 1, 'c');
INSERT INTO config.marc21_ff_pos_map (fixed_field, tag, rec_type,start_pos, length, default_val) VALUES ('DtSt', '008', 'VIS', 6, 1, ' ');
INSERT INTO config.marc21_ff_pos_map (fixed_field, tag, rec_type,start_pos, length, default_val) VALUES ('ELvl', 'ldr', 'BKS', 17, 1, ' ');
INSERT INTO config.marc21_ff_pos_map (fixed_field, tag, rec_type,start_pos, length, default_val) VALUES ('ELvl', 'ldr', 'COM', 17, 1, ' ');
INSERT INTO config.marc21_ff_pos_map (fixed_field, tag, rec_type,start_pos, length, default_val) VALUES ('ELvl', 'ldr', 'MAP', 17, 1, ' ');
INSERT INTO config.marc21_ff_pos_map (fixed_field, tag, rec_type,start_pos, length, default_val) VALUES ('ELvl', 'ldr', 'MIX', 17, 1, ' ');
INSERT INTO config.marc21_ff_pos_map (fixed_field, tag, rec_type,start_pos, length, default_val) VALUES ('ELvl', 'ldr', 'REC', 17, 1, ' ');
INSERT INTO config.marc21_ff_pos_map (fixed_field, tag, rec_type,start_pos, length, default_val) VALUES ('ELvl', 'ldr', 'SCO', 17, 1, ' ');
INSERT INTO config.marc21_ff_pos_map (fixed_field, tag, rec_type,start_pos, length, default_val) VALUES ('ELvl', 'ldr', 'SER', 17, 1, ' ');
INSERT INTO config.marc21_ff_pos_map (fixed_field, tag, rec_type,start_pos, length, default_val) VALUES ('ELvl', 'ldr', 'VIS', 17, 1, ' ');
INSERT INTO config.marc21_ff_pos_map (fixed_field, tag, rec_type,start_pos, length, default_val) VALUES ('Fest', '006', 'BKS', 13, 1, '0');
INSERT INTO config.marc21_ff_pos_map (fixed_field, tag, rec_type,start_pos, length, default_val) VALUES ('Fest', '008', 'BKS', 30, 1, '0');
INSERT INTO config.marc21_ff_pos_map (fixed_field, tag, rec_type,start_pos, length, default_val) VALUES ('Form', '006', 'BKS', 6, 1, ' ');
INSERT INTO config.marc21_ff_pos_map (fixed_field, tag, rec_type,start_pos, length, default_val) VALUES ('Form', '006', 'MAP', 12, 1, ' ');
INSERT INTO config.marc21_ff_pos_map (fixed_field, tag, rec_type,start_pos, length, default_val) VALUES ('Form', '006', 'MIX', 6, 1, ' ');
INSERT INTO config.marc21_ff_pos_map (fixed_field, tag, rec_type,start_pos, length, default_val) VALUES ('Form', '006', 'REC', 6, 1, ' ');
INSERT INTO config.marc21_ff_pos_map (fixed_field, tag, rec_type,start_pos, length, default_val) VALUES ('Form', '006', 'SCO', 6, 1, ' ');
INSERT INTO config.marc21_ff_pos_map (fixed_field, tag, rec_type,start_pos, length, default_val) VALUES ('Form', '006', 'SER', 6, 1, ' ');
INSERT INTO config.marc21_ff_pos_map (fixed_field, tag, rec_type,start_pos, length, default_val) VALUES ('Form', '006', 'VIS', 12, 1, ' ');
INSERT INTO config.marc21_ff_pos_map (fixed_field, tag, rec_type,start_pos, length, default_val) VALUES ('Form', '008', 'BKS', 23, 1, ' ');
INSERT INTO config.marc21_ff_pos_map (fixed_field, tag, rec_type,start_pos, length, default_val) VALUES ('Form', '008', 'MAP', 29, 1, ' ');
INSERT INTO config.marc21_ff_pos_map (fixed_field, tag, rec_type,start_pos, length, default_val) VALUES ('Form', '008', 'MIX', 23, 1, ' ');
INSERT INTO config.marc21_ff_pos_map (fixed_field, tag, rec_type,start_pos, length, default_val) VALUES ('Form', '008', 'REC', 23, 1, ' ');
INSERT INTO config.marc21_ff_pos_map (fixed_field, tag, rec_type,start_pos, length, default_val) VALUES ('Form', '008', 'SCO', 23, 1, ' ');
INSERT INTO config.marc21_ff_pos_map (fixed_field, tag, rec_type,start_pos, length, default_val) VALUES ('Form', '008', 'SER', 23, 1, ' ');
INSERT INTO config.marc21_ff_pos_map (fixed_field, tag, rec_type,start_pos, length, default_val) VALUES ('Form', '008', 'VIS', 29, 1, ' ');
INSERT INTO config.marc21_ff_pos_map (fixed_field, tag, rec_type,start_pos, length, default_val) VALUES ('GPub', '006', 'BKS', 11, 1, ' ');
INSERT INTO config.marc21_ff_pos_map (fixed_field, tag, rec_type,start_pos, length, default_val) VALUES ('GPub', '006', 'COM', 11, 1, ' ');
INSERT INTO config.marc21_ff_pos_map (fixed_field, tag, rec_type,start_pos, length, default_val) VALUES ('GPub', '006', 'MAP', 11, 1, ' ');
INSERT INTO config.marc21_ff_pos_map (fixed_field, tag, rec_type,start_pos, length, default_val) VALUES ('GPub', '006', 'SER', 11, 1, ' ');
INSERT INTO config.marc21_ff_pos_map (fixed_field, tag, rec_type,start_pos, length, default_val) VALUES ('GPub', '006', 'VIS', 11, 1, ' ');
INSERT INTO config.marc21_ff_pos_map (fixed_field, tag, rec_type,start_pos, length, default_val) VALUES ('GPub', '008', 'BKS', 28, 1, ' ');
INSERT INTO config.marc21_ff_pos_map (fixed_field, tag, rec_type,start_pos, length, default_val) VALUES ('GPub', '008', 'COM', 28, 1, ' ');
INSERT INTO config.marc21_ff_pos_map (fixed_field, tag, rec_type,start_pos, length, default_val) VALUES ('GPub', '008', 'MAP', 28, 1, ' ');
INSERT INTO config.marc21_ff_pos_map (fixed_field, tag, rec_type,start_pos, length, default_val) VALUES ('GPub', '008', 'SER', 28, 1, ' ');
INSERT INTO config.marc21_ff_pos_map (fixed_field, tag, rec_type,start_pos, length, default_val) VALUES ('GPub', '008', 'VIS', 28, 1, ' ');
INSERT INTO config.marc21_ff_pos_map (fixed_field, tag, rec_type,start_pos, length, default_val) VALUES ('Ills', '006', 'BKS', 1, 4, ' ');
INSERT INTO config.marc21_ff_pos_map (fixed_field, tag, rec_type,start_pos, length, default_val) VALUES ('Ills', '008', 'BKS', 18, 4, ' ');
INSERT INTO config.marc21_ff_pos_map (fixed_field, tag, rec_type,start_pos, length, default_val) VALUES ('Indx', '006', 'BKS', 14, 1, '0');
INSERT INTO config.marc21_ff_pos_map (fixed_field, tag, rec_type,start_pos, length, default_val) VALUES ('Indx', '006', 'MAP', 14, 1, '0');
INSERT INTO config.marc21_ff_pos_map (fixed_field, tag, rec_type,start_pos, length, default_val) VALUES ('Indx', '008', 'BKS', 31, 1, '0');
INSERT INTO config.marc21_ff_pos_map (fixed_field, tag, rec_type,start_pos, length, default_val) VALUES ('Indx', '008', 'MAP', 31, 1, '0');
INSERT INTO config.marc21_ff_pos_map (fixed_field, tag, rec_type,start_pos, length, default_val) VALUES ('Lang', '008', 'BKS', 35, 3, ' ');
INSERT INTO config.marc21_ff_pos_map (fixed_field, tag, rec_type,start_pos, length, default_val) VALUES ('Lang', '008', 'COM', 35, 3, ' ');
INSERT INTO config.marc21_ff_pos_map (fixed_field, tag, rec_type,start_pos, length, default_val) VALUES ('Lang', '008', 'MAP', 35, 3, ' ');
INSERT INTO config.marc21_ff_pos_map (fixed_field, tag, rec_type,start_pos, length, default_val) VALUES ('Lang', '008', 'MIX', 35, 3, ' ');
INSERT INTO config.marc21_ff_pos_map (fixed_field, tag, rec_type,start_pos, length, default_val) VALUES ('Lang', '008', 'REC', 35, 3, ' ');
INSERT INTO config.marc21_ff_pos_map (fixed_field, tag, rec_type,start_pos, length, default_val) VALUES ('Lang', '008', 'SCO', 35, 3, ' ');
INSERT INTO config.marc21_ff_pos_map (fixed_field, tag, rec_type,start_pos, length, default_val) VALUES ('Lang', '008', 'SER', 35, 3, ' ');
INSERT INTO config.marc21_ff_pos_map (fixed_field, tag, rec_type,start_pos, length, default_val) VALUES ('Lang', '008', 'VIS', 35, 3, ' ');
INSERT INTO config.marc21_ff_pos_map (fixed_field, tag, rec_type,start_pos, length, default_val) VALUES ('LitF', '006', 'BKS', 16, 1, '0');
INSERT INTO config.marc21_ff_pos_map (fixed_field, tag, rec_type,start_pos, length, default_val) VALUES ('LitF', '008', 'BKS', 33, 1, '0');
INSERT INTO config.marc21_ff_pos_map (fixed_field, tag, rec_type,start_pos, length, default_val) VALUES ('MRec', '008', 'BKS', 38, 1, ' ');
INSERT INTO config.marc21_ff_pos_map (fixed_field, tag, rec_type,start_pos, length, default_val) VALUES ('MRec', '008', 'COM', 38, 1, ' ');
INSERT INTO config.marc21_ff_pos_map (fixed_field, tag, rec_type,start_pos, length, default_val) VALUES ('MRec', '008', 'MAP', 38, 1, ' ');
INSERT INTO config.marc21_ff_pos_map (fixed_field, tag, rec_type,start_pos, length, default_val) VALUES ('MRec', '008', 'MIX', 38, 1, ' ');
INSERT INTO config.marc21_ff_pos_map (fixed_field, tag, rec_type,start_pos, length, default_val) VALUES ('MRec', '008', 'REC', 38, 1, ' ');
INSERT INTO config.marc21_ff_pos_map (fixed_field, tag, rec_type,start_pos, length, default_val) VALUES ('MRec', '008', 'SCO', 38, 1, ' ');
INSERT INTO config.marc21_ff_pos_map (fixed_field, tag, rec_type,start_pos, length, default_val) VALUES ('MRec', '008', 'SER', 38, 1, ' ');
INSERT INTO config.marc21_ff_pos_map (fixed_field, tag, rec_type,start_pos, length, default_val) VALUES ('MRec', '008', 'VIS', 38, 1, ' ');
INSERT INTO config.marc21_ff_pos_map (fixed_field, tag, rec_type,start_pos, length, default_val) VALUES ('S/L', '006', 'SER', 17, 1, '0');
INSERT INTO config.marc21_ff_pos_map (fixed_field, tag, rec_type,start_pos, length, default_val) VALUES ('S/L', '008', 'SER', 34, 1, '0');
INSERT INTO config.marc21_ff_pos_map (fixed_field, tag, rec_type,start_pos, length, default_val) VALUES ('TMat', '006', 'VIS', 16, 1, ' ');
INSERT INTO config.marc21_ff_pos_map (fixed_field, tag, rec_type,start_pos, length, default_val) VALUES ('TMat', '008', 'VIS', 33, 1, ' ');
INSERT INTO config.marc21_ff_pos_map (fixed_field, tag, rec_type,start_pos, length, default_val) VALUES ('Type', 'ldr', 'BKS', 6, 1, 'a');
INSERT INTO config.marc21_ff_pos_map (fixed_field, tag, rec_type,start_pos, length, default_val) VALUES ('Type', 'ldr', 'COM', 6, 1, 'm');
INSERT INTO config.marc21_ff_pos_map (fixed_field, tag, rec_type,start_pos, length, default_val) VALUES ('Type', 'ldr', 'MAP', 6, 1, 'e');
INSERT INTO config.marc21_ff_pos_map (fixed_field, tag, rec_type,start_pos, length, default_val) VALUES ('Type', 'ldr', 'MIX', 6, 1, 'p');
INSERT INTO config.marc21_ff_pos_map (fixed_field, tag, rec_type,start_pos, length, default_val) VALUES ('Type', 'ldr', 'REC', 6, 1, 'i');
INSERT INTO config.marc21_ff_pos_map (fixed_field, tag, rec_type,start_pos, length, default_val) VALUES ('Type', 'ldr', 'SCO', 6, 1, 'c');
INSERT INTO config.marc21_ff_pos_map (fixed_field, tag, rec_type,start_pos, length, default_val) VALUES ('Type', 'ldr', 'SER', 6, 1, 'a');
INSERT INTO config.marc21_ff_pos_map (fixed_field, tag, rec_type,start_pos, length, default_val) VALUES ('Type', 'ldr', 'VIS', 6, 1, 'g');

-- Trigger Event Definitions -------------------------------------------------

-- Sample Overdue Notice --

INSERT INTO action_trigger.event_definition (id, active, owner, name, hook, validator, reactor, delay, delay_field, group_field, max_delay, template) 
    VALUES (1, 'f', 1, '7 Day Overdue Email Notification', 'checkout.due', 'CircIsOverdue', 'SendEmail', '7 days', 'due_date', 'usr', '8 days', 
$$
[%- USE date -%]
[%- user = target.0.usr -%]
To: [%- params.recipient_email || user.email %]
From: [%- params.sender_email || default_sender %]
Subject: Overdue Notification

Dear [% user.family_name %], [% user.first_given_name %]
Our records indicate the following items are overdue.

[% FOR circ IN target %]
    Title: [% circ.target_copy.call_number.record.simple_record.title %] 
    Barcode: [% circ.target_copy.barcode %] 
    Due: [% date.format(helpers.format_date(circ.due_date), '%Y-%m-%d') %]
    Item Cost: [% helpers.get_copy_price(circ.target_copy) %]
    Total Owed For Transaction: [% circ.billable_transaction.summary.total_owed %]
    Library: [% circ.circ_lib.name %]
[% END %]

$$);

INSERT INTO action_trigger.environment (event_def, path) VALUES 
    (1, 'target_copy.call_number.record.simple_record'),
    (1, 'usr'),
    (1, 'billable_transaction.summary'),
    (1, 'circ_lib.billing_address');

-- Sample Mark Long-Overdue Item Lost --

INSERT INTO action_trigger.event_definition (id, active, owner, name, hook, validator, reactor, delay, delay_field) 
    VALUES (2, 'f', 1, '90 Day Overdue Mark Lost', 'checkout.due', 'CircIsOverdue', 'MarkItemLost', '90 days', 'due_date');

-- Sample Auto Mark Lost Notice --

INSERT INTO action_trigger.event_definition (id, active, owner, name, hook, validator, reactor, group_field, template) 
    VALUES (3, 'f', 1, '90 Day Overdue Mark Lost Notice', 'lost.auto', 'NOOP_True', 'SendEmail', 'usr',
$$
[%- USE date -%]
[%- user = target.0.usr -%]
To: [%- params.recipient_email || user.email %]
From: [%- params.sender_email || default_sender %]
Subject: Overdue Items Marked Lost

Dear [% user.family_name %], [% user.first_given_name %]
The following items are 90 days overdue and have been marked LOST.

[% FOR circ IN target %]
    Title: [% circ.target_copy.call_number.record.simple_record.title %] 
    Barcode: [% circ.target_copy.barcode %] 
    Due: [% date.format(helpers.format_date(circ.due_date), '%Y-%m-%d') %]
    Item Cost: [% helpers.get_copy_price(circ.target_copy) %]
    Total Owed For Transaction: [% circ.billable_transaction.summary.total_owed %]
    Library: [% circ.circ_lib.name %]
[% END %]

$$);


INSERT INTO action_trigger.environment (event_def, path) VALUES 
    (3, 'target_copy.call_number.record.simple_record'),
    (3, 'usr'),
    (3, 'billable_transaction.summary'),
    (3, 'circ_lib.billing_address');

-- Sample Purchase Order HTML Template --

INSERT INTO action_trigger.event_definition (id, active, owner, name, hook, validator, reactor, template) 
    VALUES (4, 't', 1, 'PO HTML', 'format.po.html', 'NOOP_True', 'ProcessTemplate', 
$$
[%- USE date -%]
[%-
    # find a lineitem attribute by name and optional type
    BLOCK get_li_attr;
        FOR attr IN li.attributes;
            IF attr.attr_name == attr_name;
                IF !attr_type OR attr_type == attr.attr_type;
                    attr.attr_value;
                    LAST;
                END;
            END;
        END;
    END
-%]

<h2>Purchase Order [% target.id %]</h2>
<br/>
date <b>[% date.format(date.now, '%Y%m%d') %]</b>
<br/>

<style>
    table td { padding:5px; border:1px solid #aaa;}
    table { width:95%; border-collapse:collapse; }
    #vendor-notes { padding:5px; border:1px solid #aaa; }
</style>
<table id='vendor-table'>
  <tr>
    <td valign='top'>Vendor</td>
    <td>
      <div>[% target.provider.name %]</div>
      <div>[% target.provider.addresses.0.street1 %]</div>
      <div>[% target.provider.addresses.0.street2 %]</div>
      <div>[% target.provider.addresses.0.city %]</div>
      <div>[% target.provider.addresses.0.state %]</div>
      <div>[% target.provider.addresses.0.country %]</div>
      <div>[% target.provider.addresses.0.post_code %]</div>
    </td>
    <td valign='top'>Ship to / Bill to</td>
    <td>
      <div>[% target.ordering_agency.name %]</div>
      <div>[% target.ordering_agency.billing_address.street1 %]</div>
      <div>[% target.ordering_agency.billing_address.street2 %]</div>
      <div>[% target.ordering_agency.billing_address.city %]</div>
      <div>[% target.ordering_agency.billing_address.state %]</div>
      <div>[% target.ordering_agency.billing_address.country %]</div>
      <div>[% target.ordering_agency.billing_address.post_code %]</div>
    </td>
  </tr>
</table>

<br/><br/>
<fieldset id='vendor-notes'>
    <legend>Notes to the Vendor</legend>
    <ul>
    [% FOR note IN target.notes %]
        [% IF note.vendor_public == 't' %]
            <li>[% note.value %]</li>
        [% END %]
    [% END %]
    </ul>
</fieldset>
<br/><br/>

<table>
  <thead>
    <tr>
      <th>PO#</th>
      <th>ISBN or Item #</th>
      <th>Title</th>
      <th>Quantity</th>
      <th>Unit Price</th>
      <th>Line Total</th>
      <th>Notes</th>
    </tr>
  </thead>
  <tbody>

  [% subtotal = 0 %]
  [% FOR li IN target.lineitems %]

  <tr>
    [% count = li.lineitem_details.size %]
    [% price = li.estimated_unit_price %]
    [% litotal = (price * count) %]
    [% subtotal = subtotal + litotal %]
    [% isbn = PROCESS get_li_attr attr_name = 'isbn' %]
    [% ident = PROCESS get_li_attr attr_name = 'identifier' %]

    <td>[% target.id %]</td>
    <td>[% isbn || ident %]</td>
    <td>[% PROCESS get_li_attr attr_name = 'title' %]</td>
    <td>[% count %]</td>
    <td>[% price %]</td>
    <td>[% litotal %]</td>
    <td>
        <ul>
        [% FOR note IN li.lineitem_notes %]
            [% IF note.vendor_public == 't' %]
                <li>[% note.value %]</li>
            [% END %]
        [% END %]
        </ul>
    </td>
  </tr>
  [% END %]
  <tr>
    <td/><td/><td/><td/>
    <td>Subtotal</td>
    <td>[% subtotal %]</td>
  </tr>
  </tbody>
</table>

<br/>

Total Line Item Count: [% target.lineitems.size %]
$$);

INSERT INTO action_trigger.environment (event_def, path) VALUES 
    (4, 'lineitems.lineitem_details.fund'),
    (4, 'lineitems.lineitem_details.location'),
    (4, 'lineitems.lineitem_details.owning_lib'),
    (4, 'ordering_agency.mailing_address'),
    (4, 'ordering_agency.billing_address'),
    (4, 'provider.addresses'),
    (4, 'lineitems.attributes'),
    (4, 'lineitems.lineitem_notes'),
    (4, 'notes');


INSERT INTO action_trigger.event_definition (id, active, owner, name, hook, validator, reactor, delay, delay_field, group_field, template)
    VALUES (5, 'f', 1, 'Hold Ready for Pickup Email Notification', 'hold.available', 'HoldIsAvailable', 'SendEmail', '30 minutes', 'shelf_time', 'usr',
$$
[%- USE date -%]
[%- user = target.0.usr -%]
To: [%- params.recipient_email || user.email %]
From: [%- params.sender_email || default_sender %]
Subject: Hold Available Notification

Dear [% user.family_name %], [% user.first_given_name %]
The item(s) you requested are available for pickup from the Library.

[% FOR hold IN target %]
    Title: [% hold.current_copy.call_number.record.simple_record.title %]
    Author: [% hold.current_copy.call_number.record.simple_record.author %]
    Call Number: [% hold.current_copy.call_number.label %]
    Barcode: [% hold.current_copy.barcode %]
    Library: [% hold.pickup_lib.name %]
[% END %]

$$);


INSERT INTO action_trigger.hook (
        key,
        core_type,
        description,
        passive
    ) VALUES (
        'hold_request.shelf_expires_soon',
        'ahr',
        'A hold on the shelf will expire there soon.',
        TRUE
    );

INSERT INTO action_trigger.environment (event_def, path) VALUES
    (5, 'current_copy.call_number.record.simple_record'),
    (5, 'usr'),
    (5, 'pickup_lib.billing_address');


INSERT INTO action_trigger.event_definition (
        id,
        active,
        owner,
        name,
        hook,
        validator,
        reactor,
        delay,
        delay_field,
        group_field,
        template
    ) VALUES (
        7,
        FALSE,
        1,
        'Hold Expires from Shelf Soon',
        'hold_request.shelf_expires_soon',
        'HoldIsAvailable',
        'SendEmail',
        '- 1 DAY',
        'shelf_expire_time',
        'usr',
$$
[%- USE date -%]
[%- user = target.0.usr -%]
To: [%- params.recipient_email || user.email %]
From: [%- params.sender_email || default_sender %]
Subject: Hold Available Notification

Dear [% user.family_name %], [% user.first_given_name %]
You requested holds on the following item(s), which are available for
pickup, but these holds will soon expire.

[% FOR hold IN target %]
    [%- data = helpers.get_copy_bib_basics(hold.current_copy.id) -%]
    Title: [% data.title %]
    Author: [% data.author %]
    Library: [% hold.pickup_lib.name %]
[% END %]
$$
);


INSERT INTO action_trigger.environment (
        event_def,
        path
    ) VALUES
    ( 7, 'current_copy'),
    ( 7, 'pickup_lib.billing_address'),
    ( 7, 'usr');

-- long wait hold request notifications

INSERT INTO action_trigger.hook (
        key,
        core_type,
        description,
        passive
    ) VALUES (
        'hold_request.long_wait',
        'ahr',
        'A patron has been waiting on a hold to be fulfilled for a long time.',
        TRUE
    );

INSERT INTO action_trigger.event_definition (
        id,
        active,
        owner,
        name,
        hook,
        validator,
        reactor,
        delay,
        delay_field,
        group_field,
        template
    ) VALUES (
        9,
        FALSE,
        1,
        'Hold waiting for pickup for long time',
        'hold_request.long_wait',
        'NOOP_True',
        'SendEmail',
        '6 MONTHS',
        'request_time',
        'usr',
$$
[%- USE date -%]
[%- user = target.0.usr -%]
To: [%- params.recipient_email || user.email %]
From: [%- params.sender_email || default_sender %]
Subject: Long Wait Hold Notification

Dear [% user.family_name %], [% user.first_given_name %]

You requested hold(s) on the following item(s), but unfortunately
we have not been able to fulfill your request after a considerable
length of time.  If you would still like to receive these items,
no action is required.

[% FOR hold IN target %]
    Title: [% hold.bib_rec.bib_record.simple_record.title %]
    Author: [% hold.bib_rec.bib_record.simple_record.author %]
[% END %]
$$
);

INSERT INTO action_trigger.environment (event_def, path)
    VALUES
        (9, 'pickup_lib'),
        (9, 'usr'),
        (9, 'bib_rec.bib_record.simple_record');

-- trigger data related to acq user requests

INSERT INTO action_trigger.hook (key,core_type,description,passive) VALUES (
        'aur.ordered',
        'aur', 
        oils_i18n_gettext(
            'aur.ordered',
            'A patron acquisition request has been marked On-Order.',
            'ath',
            'description'
        ), 
        TRUE
    ), (
        'aur.received', 
        'aur', 
        oils_i18n_gettext(
            'aur.received', 
            'A patron acquisition request has been marked Received.',
            'ath',
            'description'
        ),
        TRUE
    ), (
        'aur.cancelled',
        'aur',
        oils_i18n_gettext(
            'aur.cancelled',
            'A patron acquisition request has been marked Cancelled.',
            'ath',
            'description'
        ),
        TRUE
    ), (
        'aur.created',
        'aur',
        oils_i18n_gettext(
            'aur.created',
            'A patron has made an acquisitions request.',
            'ath',
            'description'
        ),
        TRUE
    ), (
        'aur.rejected',
        'aur',
        oils_i18n_gettext(
            'aur.rejected',
            'A patron acquisition request has been rejected.',
            'ath',
            'description'
        ),
        TRUE
    )
;

INSERT INTO action_trigger.validator (module,description) VALUES (
        'Acq::UserRequestOrdered',
        oils_i18n_gettext(
            'Acq::UserRequestOrdered',
            'Tests to see if the corresponding Line Item has a state of "on-order".',
            'atval',
            'description'
        )
    ), (
        'Acq::UserRequestReceived',
        oils_i18n_gettext(
            'Acq::UserRequestReceived',
            'Tests to see if the corresponding Line Item has a state of "received".',
            'atval',
            'description'
        )
    ), (
        'Acq::UserRequestCancelled',
        oils_i18n_gettext(
            'Acq::UserRequestCancelled',
            'Tests to see if the corresponding Line Item has a state of "cancelled".',
            'atval',
            'description'
        )
    )
;

INSERT INTO action_trigger.event_definition (
        id,
        active,
        owner,
        name,
        hook,
        validator,
        reactor,
        template
    ) VALUES (
        15,
        FALSE,
        1,
        'Email Notice: Patron Acquisition Request marked On-Order.',
        'aur.ordered',
        'Acq::UserRequestOrdered',
        'SendEmail',
$$
[%- USE date -%]
[%- SET li = target.lineitem; -%]
[%- SET user = target.usr -%]
[%- SET title = helpers.get_li_attr("title", "", li.attributes) -%]
[%- SET author = helpers.get_li_attr("author", "", li.attributes) -%]
[%- SET edition = helpers.get_li_attr("edition", "", li.attributes) -%]
[%- SET isbn = helpers.get_li_attr("isbn", "", li.attributes) -%]
[%- SET publisher = helpers.get_li_attr("publisher", "", li.attributes) -%]
[%- SET pubdate = helpers.get_li_attr("pubdate", "", li.attributes) -%]

To: [%- params.recipient_email || user.email %]
From: [%- params.sender_email || default_sender %]
Subject: Acquisition Request Notification

Dear [% user.family_name %], [% user.first_given_name %]
Our records indicate the following acquisition request has been placed on order.

Title: [% title %]
[% IF author %]Author: [% author %][% END %]
[% IF edition %]Edition: [% edition %][% END %]
[% IF isbn %]ISBN: [% isbn %][% END %]
[% IF publisher %]Publisher: [% publisher %][% END %]
[% IF pubdate %]Publication Date: [% pubdate %][% END %]
Lineitem ID: [% li.id %]
$$
    ), (
        16,
        FALSE,
        1,
        'Email Notice: Patron Acquisition Request marked Received.',
        'aur.received',
        'Acq::UserRequestReceived',
        'SendEmail',
$$
[%- USE date -%]
[%- SET li = target.lineitem; -%]
[%- SET user = target.usr -%]
[%- SET title = helpers.get_li_attr("title", "", li.attributes) %]
[%- SET author = helpers.get_li_attr("author", "", li.attributes) %]
[%- SET edition = helpers.get_li_attr("edition", "", li.attributes) %]
[%- SET isbn = helpers.get_li_attr("isbn", "", li.attributes) %]
[%- SET publisher = helpers.get_li_attr("publisher", "", li.attributes) -%]
[%- SET pubdate = helpers.get_li_attr("pubdate", "", li.attributes) -%]

To: [%- params.recipient_email || user.email %]
From: [%- params.sender_email || default_sender %]
Subject: Acquisition Request Notification

Dear [% user.family_name %], [% user.first_given_name %]
Our records indicate the materials for the following acquisition request have been received.

Title: [% title %]
[% IF author %]Author: [% author %][% END %]
[% IF edition %]Edition: [% edition %][% END %]
[% IF isbn %]ISBN: [% isbn %][% END %]
[% IF publisher %]Publisher: [% publisher %][% END %]
[% IF pubdate %]Publication Date: [% pubdate %][% END %]
Lineitem ID: [% li.id %]
$$
    ), (
        17,
        FALSE,
        1,
        'Email Notice: Patron Acquisition Request marked Cancelled.',
        'aur.cancelled',
        'Acq::UserRequestCancelled',
        'SendEmail',
$$
[%- USE date -%]
[%- SET li = target.lineitem; -%]
[%- SET user = target.usr -%]
[%- SET title = helpers.get_li_attr("title", "", li.attributes) %]
[%- SET author = helpers.get_li_attr("author", "", li.attributes) %]
[%- SET edition = helpers.get_li_attr("edition", "", li.attributes) %]
[%- SET isbn = helpers.get_li_attr("isbn", "", li.attributes) %]
[%- SET publisher = helpers.get_li_attr("publisher", "", li.attributes) -%]
[%- SET pubdate = helpers.get_li_attr("pubdate", "", li.attributes) -%]

To: [%- params.recipient_email || user.email %]
From: [%- params.sender_email || default_sender %]
Subject: Acquisition Request Notification

Dear [% user.family_name %], [% user.first_given_name %]
Our records indicate the following acquisition request has been cancelled.

Title: [% title %]
[% IF author %]Author: [% author %][% END %]
[% IF edition %]Edition: [% edition %][% END %]
[% IF isbn %]ISBN: [% isbn %][% END %]
[% IF publisher %]Publisher: [% publisher %][% END %]
[% IF pubdate %]Publication Date: [% pubdate %][% END %]
Lineitem ID: [% li.id %]
$$
    ), (
        18,
        FALSE,
        1,
        'Email Notice: Acquisition Request created.',
        'aur.created',
        'NOOP_True',
        'SendEmail',
$$
[%- USE date -%]
[%- SET user = target.usr -%]
[%- SET title = target.title -%]
[%- SET author = target.author -%]
[%- SET isxn = target.isxn -%]
[%- SET publisher = target.publisher -%]
[%- SET pubdate = target.pubdate -%]

To: [%- params.recipient_email || user.email %]
From: [%- params.sender_email || default_sender %]
Subject: Acquisition Request Notification

Dear [% user.family_name %], [% user.first_given_name %]
Our records indicate that you have made the following acquisition request:

Title: [% title %]
[% IF author %]Author: [% author %][% END %]
[% IF edition %]Edition: [% edition %][% END %]
[% IF isbn %]ISXN: [% isxn %][% END %]
[% IF publisher %]Publisher: [% publisher %][% END %]
[% IF pubdate %]Publication Date: [% pubdate %][% END %]
$$
    ), (
        19,
        FALSE,
        1,
        'Email Notice: Acquisition Request Rejected.',
        'aur.rejected',
        'NOOP_True',
        'SendEmail',
$$
[%- USE date -%]
[%- SET user = target.usr -%]
[%- SET title = target.title -%]
[%- SET author = target.author -%]
[%- SET isxn = target.isxn -%]
[%- SET publisher = target.publisher -%]
[%- SET pubdate = target.pubdate -%]
[%- SET cancel_reason = target.cancel_reason.description -%]

To: [%- params.recipient_email || user.email %]
From: [%- params.sender_email || default_sender %]
Subject: Acquisition Request Notification

Dear [% user.family_name %], [% user.first_given_name %]
Our records indicate the following acquisition request has been rejected for this reason: [% cancel_reason %]

Title: [% title %]
[% IF author %]Author: [% author %][% END %]
[% IF edition %]Edition: [% edition %][% END %]
[% IF isbn %]ISBN: [% isbn %][% END %]
[% IF publisher %]Publisher: [% publisher %][% END %]
[% IF pubdate %]Publication Date: [% pubdate %][% END %]
$$
    )
;

INSERT INTO action_trigger.environment (
        event_def,
        path
    ) VALUES 
        ( 15, 'lineitem' ),
        ( 15, 'lineitem.attributes' ),
        ( 15, 'usr' ),

        ( 16, 'lineitem' ),
        ( 16, 'lineitem.attributes' ),
        ( 16, 'usr' ),

        ( 17, 'lineitem' ),
        ( 17, 'lineitem.attributes' ),
        ( 17, 'usr' ),

        ( 18, 'usr' ),
        ( 19, 'usr' ),
        ( 19, 'cancel_reason' )
    ;

INSERT INTO action_trigger.hook (key,core_type,description) VALUES ('password.reset_request','aupr','Patron has requested a self-serve password reset');
INSERT INTO action_trigger.event_definition (id, active, owner, name, hook, validator, reactor, delay, template) 
    VALUES (20, 'f', 1, 'Password reset request notification', 'password.reset_request', 'NOOP_True', 'SendEmail', '00:00:01',
$$
[%- USE date -%]
[%- user = target.usr -%]
To: [%- params.recipient_email || user.email %]
From: [%- params.sender_email || user.home_ou.email || default_sender %]
Subject: [% user.home_ou.name %]: library account password reset request
  
You have received this message because you, or somebody else, requested a reset
of your library system password. If you did not request a reset of your library
system password, just ignore this message and your current password will
continue to work.

If you did request a reset of your library system password, please perform
the following steps to continue the process of resetting your password:

1. Open the following link in a web browser: https://[% params.hostname %]/opac/password/[% params.locale || 'en-US' %]/[% target.uuid %]
The browser displays a password reset form.

2. Enter your new password in the password reset form in the browser. You must
enter the password twice to ensure that you do not make a mistake. If the
passwords match, you will then be able to log in to your library system account
with the new password.

$$);
INSERT INTO action_trigger.environment ( event_def, path) VALUES
    ( 20, 'usr' );
INSERT INTO action_trigger.environment ( event_def, path) VALUES
    ( 20, 'usr.home_ou' );


